{"id":138,"date":"2019-02-28T14:36:47","date_gmt":"2019-02-28T14:36:47","guid":{"rendered":"http:\/\/cuacuon.khowebseotop.vn\/?post_type=product&#038;p=138"},"modified":"2019-03-01T04:33:03","modified_gmt":"2019-03-01T04:33:03","slug":"cua-cuon-thep-chong-chay-af100","status":"publish","type":"product","link":"https:\/\/webmaibinh.com\/w\/cuacuon2011\/san-pham\/cua-cuon-thep-chong-chay-af100\/","title":{"rendered":"C\u1eeda cu\u1ed1n th\u00e9p Ch\u1ed1ng ch\u00e1y AF100"},"content":{"rendered":"<div class=\"row row-collapse row-full-width\"  id=\"row-1625455154\">\n\n\t<div id=\"col-174213744\" class=\"col medium-6 large-6\"  >\n\t\t<div class=\"col-inner\"  >\n\t\t\t\n\t\t\t\n<h3>\u0110\u1ea1t ti\u00eau chu\u1ea9n ch\u1ed1ng ch\u00e1y qu\u1ed1c t\u1ebf<\/h3>\n<p>\u0110\u01b0\u1ee3c ki\u1ec3m \u0111\u1ecbnh v\u00e0 c\u1ea5p ch\u1ee9ng nh\u1eadn ch\u1ed1ng ch\u00e1y theo ti\u00eau chu\u1ea9n BS EN 16341:2000 V\u01b0\u01a1ng qu\u1ed1c Anh v\u00e0 ti\u00eau chu\u1ea9n TCXDVN 386:2007 do C\u1ee5c Ph\u00f2ng ch\u00e1y, ch\u1eefa ch\u00e1y \u2013 B\u1ed9 C\u00f4ng an c\u1ea5p. C\u1eeda c\u00f3 kh\u1ea3 n\u0103ng t\u1ef1 \u0111\u1ed9ng \u0111\u00f3ng trong tr\u01b0\u1eddng h\u1ee3p h\u1ecfa ho\u1ea1n v\u00e0 t\u1ef1 \u0111\u1ed9ng ng\u0103n ch\u1eb7n s\u1ef1 lan truy\u1ec1n c\u1ee7a ng\u1ecdn l\u1eeda (kh\u00f3i) t\u1eeb khu v\u1ef1c n\u00e0y sang khu v\u1ef1c kh\u00e1c t\u1eeb 2 \u0111\u1ebfn 4 gi\u1edd gi\u00fap gi\u1ea3m nh\u1eb9 v\u00e0 h\u1ea1n ch\u1ebf c\u00e1c thi\u1ec7t h\u1ea1i v\u1ec1 v\u1eadt ch\u1ea5t v\u00e0 b\u1ea3o v\u1ec7 an to\u00e0n t\u00ednh m\u1ea1ng c\u1ee7a con ng\u01b0\u1eddi khi g\u1eb7p h\u1ecfa ho\u1ea1n.<\/p>\n\t\t<\/div>\n\t\t\t<\/div>\n\n\t\n\n\t<div id=\"col-896353259\" class=\"col medium-6 large-6\"  >\n\t\t<div class=\"col-inner\"  >\n\t\t\t\n\t\t\t\n\t<div class=\"img has-hover x md-x lg-x y md-y lg-y\" id=\"image_2045016142\">\n\t\t\t\t\t\t\t\t<div class=\"img-inner dark\" >\n\t\t\t<img width=\"520\" height=\"290\" src=\"https:\/\/webmaibinh.com\/w\/cuacuon2011\/wp-content\/uploads\/2019\/03\/chong-chay-1_1475124273.jpg\" class=\"attachment-large size-large\" alt=\"\" loading=\"lazy\" srcset=\"https:\/\/webmaibinh.com\/w\/cuacuon2011\/wp-content\/uploads\/2019\/03\/chong-chay-1_1475124273.jpg 520w, https:\/\/webmaibinh.com\/w\/cuacuon2011\/wp-content\/uploads\/2019\/03\/chong-chay-1_1475124273-510x284.jpg 510w\" sizes=\"(max-width: 520px) 100vw, 520px\" \/>\t\t\t\t\t\t\n\t\t\t\t\t<\/div>\n\t\t\t\t\t\t\t\t\n<style>\n#image_2045016142 {\n  width: 100%;\n}\n<\/style>\n\t<\/div>\n\t\n\t\t<\/div>\n\t\t\t<\/div>\n\n\t\n<\/div>\n<div class=\"row row-collapse row-full-width\"  id=\"row-1120971708\">\n\n\t<div id=\"col-766309986\" class=\"col medium-6 large-6\"  >\n\t\t<div class=\"col-inner\"  >\n\t\t\t\n\t\t\t\n\t<div class=\"img has-hover x md-x lg-x y md-y lg-y\" id=\"image_185204195\">\n\t\t\t\t\t\t\t\t<div class=\"img-inner dark\" >\n\t\t\t<img width=\"520\" height=\"290\" src=\"https:\/\/webmaibinh.com\/w\/cuacuon2011\/wp-content\/uploads\/2019\/03\/chong-chay-1_1475124273.jpg\" class=\"attachment-large size-large\" alt=\"\" loading=\"lazy\" srcset=\"https:\/\/webmaibinh.com\/w\/cuacuon2011\/wp-content\/uploads\/2019\/03\/chong-chay-1_1475124273.jpg 520w, https:\/\/webmaibinh.com\/w\/cuacuon2011\/wp-content\/uploads\/2019\/03\/chong-chay-1_1475124273-510x284.jpg 510w\" sizes=\"(max-width: 520px) 100vw, 520px\" \/>\t\t\t\t\t\t\n\t\t\t\t\t<\/div>\n\t\t\t\t\t\t\t\t\n<style>\n#image_185204195 {\n  width: 100%;\n}\n<\/style>\n\t<\/div>\n\t\n\t\t<\/div>\n\t\t\t<\/div>\n\n\t\n\n\t<div id=\"col-781997013\" class=\"col medium-6 large-6\"  >\n\t\t<div class=\"col-inner\"  >\n\t\t\t\n\t\t\t\n<h3>\u0110\u1ea1t ti\u00eau chu\u1ea9n ch\u1ed1ng ch\u00e1y qu\u1ed1c t\u1ebf<\/h3>\n<p>\u0110\u01b0\u1ee3c ki\u1ec3m \u0111\u1ecbnh v\u00e0 c\u1ea5p ch\u1ee9ng nh\u1eadn ch\u1ed1ng ch\u00e1y theo ti\u00eau chu\u1ea9n BS EN 16341:2000 V\u01b0\u01a1ng qu\u1ed1c Anh v\u00e0 ti\u00eau chu\u1ea9n TCXDVN 386:2007 do C\u1ee5c Ph\u00f2ng ch\u00e1y, ch\u1eefa ch\u00e1y \u2013 B\u1ed9 C\u00f4ng an c\u1ea5p. C\u1eeda c\u00f3 kh\u1ea3 n\u0103ng t\u1ef1 \u0111\u1ed9ng \u0111\u00f3ng trong tr\u01b0\u1eddng h\u1ee3p h\u1ecfa ho\u1ea1n v\u00e0 t\u1ef1 \u0111\u1ed9ng ng\u0103n ch\u1eb7n s\u1ef1 lan truy\u1ec1n c\u1ee7a ng\u1ecdn l\u1eeda (kh\u00f3i) t\u1eeb khu v\u1ef1c n\u00e0y sang khu v\u1ef1c kh\u00e1c t\u1eeb 2 \u0111\u1ebfn 4 gi\u1edd gi\u00fap gi\u1ea3m nh\u1eb9 v\u00e0 h\u1ea1n ch\u1ebf c\u00e1c thi\u1ec7t h\u1ea1i v\u1ec1 v\u1eadt ch\u1ea5t v\u00e0 b\u1ea3o v\u1ec7 an to\u00e0n t\u00ednh m\u1ea1ng c\u1ee7a con ng\u01b0\u1eddi khi g\u1eb7p h\u1ecfa ho\u1ea1n.<\/p>\n\t\t<\/div>\n\t\t\t<\/div>\n\n\t\n<\/div>\n","protected":false},"excerpt":{"rendered":"<h2>V\u00c1CH NG\u0102N L\u1eecA \u0110\u00c1NG TIN C\u1eacY<\/h2>\n<div class=\"summary-detail clearfix\">\n<div>\n<p><strong>C\u1eeda cu\u1ed1n ch\u1ed1ng ch\u00e1y AF100\u00a0<\/strong>l\u00e0 gi\u1ea3i ph\u00e1p t\u1ed1i \u01b0u cho c\u00f4ng tr\u00ecnh khi c\u00f3 s\u1ef1 c\u1ed1 h\u1ecfa ho\u1ea1n. Khi x\u1ea3y ra h\u1ecfa ho\u1ea1n c\u1eeda cu\u1ed1n ch\u1ed1ng ch\u00e1y AF100 s\u1ebd t\u1ef1 \u0111\u1ed9ng \u0111\u00f3ng xu\u1ed1ng ng\u0103n v\u00e0 khoanh v\u00f9ng ch\u00e1y, t\u1ea1o th\u00e0nh h\u00e0nh lang tho\u00e1t hi\u1ec3m cho con ng\u01b0\u1eddi v\u00e0 h\u00e0ng h\u00f3a. AF100 \u0111\u01b0\u1ee3c s\u1ea3n xu\u1ea5t theo ti\u00eau chu\u1ea9n BS EN 16341:2000 V\u01b0\u01a1ng qu\u1ed1c Anh v\u00e0 \u0111\u01b0\u1ee3c c\u1ee5c PCCC \u2013 B\u1ed9 C\u00f4ng An Vi\u1ec7t Nam c\u1ea5p ch\u1ee9ng nh\u1eadn \u0111\u1ea1t ti\u00eau chu\u1ea9n TCXDVN 386:2007.<\/p>\n<\/div>\n<\/div>\n","protected":false},"featured_media":139,"comment_status":"open","ping_status":"closed","template":"","meta":[],"_links":{"self":[{"href":"https:\/\/webmaibinh.com\/w\/cuacuon2011\/wp-json\/wp\/v2\/product\/138"}],"collection":[{"href":"https:\/\/webmaibinh.com\/w\/cuacuon2011\/wp-json\/wp\/v2\/product"}],"about":[{"href":"https:\/\/webmaibinh.com\/w\/cuacuon2011\/wp-json\/wp\/v2\/types\/product"}],"replies":[{"embeddable":true,"href":"https:\/\/webmaibinh.com\/w\/cuacuon2011\/wp-json\/wp\/v2\/comments?post=138"}],"wp:featuredmedia":[{"embeddable":true,"href":"https:\/\/webmaibinh.com\/w\/cuacuon2011\/wp-json\/wp\/v2\/media\/139"}],"wp:attachment":[{"href":"https:\/\/webmaibinh.com\/w\/cuacuon2011\/wp-json\/wp\/v2\/media?parent=138"}],"curies":[{"name":"wp","href":"https:\/\/api.w.org\/{rel}","templated":true}]}}