{"id":245,"date":"2019-03-01T08:07:59","date_gmt":"2019-03-01T08:07:59","guid":{"rendered":"http:\/\/cuacuon.khowebseotop.vn\/?page_id=245"},"modified":"2019-03-01T08:09:39","modified_gmt":"2019-03-01T08:09:39","slug":"bao-hanh","status":"publish","type":"page","link":"https:\/\/webmaibinh.com\/w\/cuacuon2011\/bao-hanh\/","title":{"rendered":"B\u1ea3o h\u00e0nh"},"content":{"rendered":"\t<section class=\"section\" id=\"section_1652312528\">\n\t\t<div class=\"bg section-bg fill bg-fill  bg-loaded\" >\n\n\t\t\t\n\t\t\t\n\t\t\t\n\n\t\t<\/div>\n\n\t\t<div class=\"section-content relative\">\n\t\t\t\n<div class=\"row\" style=\"max-width:1350px\" id=\"row-1722481445\">\n\n\t<div id=\"col-1496220949\" class=\"col small-12 large-12\"  >\n\t\t<div class=\"col-inner\"  >\n\t\t\t\n\t\t\t\n  <div id=\"page-header-1726111052\" class=\"page-header-wrapper\">\n  <div class=\"page-title dark featured-title\">\n\n        <div class=\"page-title-bg\">\n      <div class=\"title-bg fill bg-fill\"\n        data-parallax-container=\".page-title\"\n        data-parallax-background\n        data-parallax=\"-\">\n      <\/div>\n      <div class=\"title-overlay fill\"><\/div>\n    <\/div>\n    \n    <div class=\"page-title-inner container align-center flex-row medium-flex-wrap\" >\n              <div class=\"title-wrapper flex-col text-left medium-text-center\">\n          <h1 class=\"entry-title mb-0\">\n            B\u1ea3o h\u00e0nh          <\/h1>\n        <\/div>\n                    <div class=\"title-content flex-col flex-right text-right medium-text-center\">\n              <\/div>\n    <\/div>\n\n     \n<style>\n#page-header-1726111052 .page-title-inner {\n  min-height: 300px;\n}\n#page-header-1726111052 .title-bg {\n  background-image: url(https:\/\/webmaibinh.com\/w\/cuacuon2011\/wp-content\/uploads\/2019\/03\/image-warranty.png);\n}\n<\/style>\n  <\/div>\n    <\/div>\n  \n\t\t<\/div>\n\t\t\t<\/div>\n\n\t\n<\/div>\n<div class=\"row row-bao-hanh\"  id=\"row-1549130807\">\n\n\t<div id=\"col-1203627841\" class=\"col small-12 large-12\"  >\n\t\t<div class=\"col-inner\"  >\n\t\t\t\n\t\t\t\n<h2><strong>QUY \u0110\u1ecaNH CHUNG V\u1ec0 B\u1ea2O H\u00c0NH<\/strong><\/h2>\n<p>&#8211; Austdoor th\u1ef1c hi\u1ec7n ph\u01b0\u01a1ng th\u1ee9c b\u1ea3o h\u00e0nh \u0111i\u1ec7n t\u1eed, th\u00f4ng tin v\u1ec1 ch\u00ednh s\u00e1ch v\u00e0 th\u1eddi gian b\u1ea3o h\u00e0nh \u0111\u01b0\u1ee3c ni\u00eam y\u1ebft ch\u00ednh th\u1ee9c tr\u00ean website c\u1ee7a T\u1eadp \u0111o\u00e0n Austdoor.<\/p>\n<p>&#8211; C\u00f4ng ty ch\u1ec9 b\u1ea3o h\u00e0nh cho c\u1eeda \u0111\u1ed3ng b\u1ed9 (c\u1eeda \u0111\u1ed3ng b\u1ed9 bao g\u1ed3m: Th\u00e2n c\u1eeda, Tr\u1ee5c, Ray, B\u1ed9 t\u1eddi v\u00e0 c\u00e1c ph\u1ee5 ki\u1ec7n c\u1ee7a ch\u00ednh h\u00e3ng \u0111\u01b0\u1ee3c cung c\u1ea5p b\u1edfi Austdoor), m\u1ecdi h\u01b0 h\u1ecfng c\u1ee7a c\u1eeda ho\u1eb7c ph\u1ee5 ki\u1ec7n li\u00ean quan \u0111\u1ebfn vi\u1ec7c l\u1eafp \u0111\u1eb7t v\u1edbi c\u00e1c ph\u1ee5 ki\u1ec7n kh\u00f4ng ch\u00ednh h\u00e3ng s\u1ebd kh\u00f4ng \u0111\u01b0\u1ee3c b\u1ea3o h\u00e0nh.<\/p>\n<p>&#8211; To\u00e0n b\u1ed9 th\u00e2n c\u1eeda, h\u1ed9p \u0111i\u1ec1u khi\u1ec3n, b\u1ed9 t\u1eddi (m\u00f4 t\u01a1), b\u1ed9 l\u01b0u \u0111i\u1ec7n (UPS), kh\u00f3a, ph\u00edm b\u1ea5m \u00e2m t\u01b0\u1eddng&#8230; c\u1ee7a Austdoor \u0111\u1ec1u c\u00f3 d\u00e1n tem ho\u1eb7c in logo Austdoor \u0111\u1ed3ng th\u1eddi \u0111\u01b0\u1ee3c d\u00e1n th\u00eam tem b\u1ea3o h\u00e0nh c\u1ee7a Austdoor.<\/p>\n<p>&#8211; Tr\u01b0\u1eddng h\u1ee3p c\u00f3 h\u1ecfng h\u00f3c, s\u1ef1 c\u1ed1 xin li\u00ean h\u1ec7 v\u1edbi \u0110\u1ea1i l\u00fd b\u00e1n h\u00e0ng c\u1ee7a Austdoor ho\u1eb7c Trung t\u00e2m D\u1ecbch v\u1ee5 v\u00e0 Ch\u0103m s\u00f3c kh\u00e1ch h\u00e0ng qua s\u1ed1 t\u1ed5ng \u0111\u00e0i:<\/p>\n<p>\u00a0<\/p>\n\t\t<\/div>\n\t\t\t<\/div>\n\n\t\n<\/div>\n\t\t<\/div>\n\n\t\t\n<style>\n#section_1652312528 {\n  padding-top: 0px;\n  padding-bottom: 0px;\n}\n<\/style>\n\t<\/section>\n\t\n","protected":false},"excerpt":{"rendered":"","protected":false},"author":1,"featured_media":0,"parent":0,"menu_order":0,"comment_status":"closed","ping_status":"closed","template":"page-blank.php","meta":[],"_links":{"self":[{"href":"https:\/\/webmaibinh.com\/w\/cuacuon2011\/wp-json\/wp\/v2\/pages\/245"}],"collection":[{"href":"https:\/\/webmaibinh.com\/w\/cuacuon2011\/wp-json\/wp\/v2\/pages"}],"about":[{"href":"https:\/\/webmaibinh.com\/w\/cuacuon2011\/wp-json\/wp\/v2\/types\/page"}],"author":[{"embeddable":true,"href":"https:\/\/webmaibinh.com\/w\/cuacuon2011\/wp-json\/wp\/v2\/users\/1"}],"replies":[{"embeddable":true,"href":"https:\/\/webmaibinh.com\/w\/cuacuon2011\/wp-json\/wp\/v2\/comments?post=245"}],"version-history":[{"count":2,"href":"https:\/\/webmaibinh.com\/w\/cuacuon2011\/wp-json\/wp\/v2\/pages\/245\/revisions"}],"predecessor-version":[{"id":248,"href":"https:\/\/webmaibinh.com\/w\/cuacuon2011\/wp-json\/wp\/v2\/pages\/245\/revisions\/248"}],"wp:attachment":[{"href":"https:\/\/webmaibinh.com\/w\/cuacuon2011\/wp-json\/wp\/v2\/media?parent=245"}],"curies":[{"name":"wp","href":"https:\/\/api.w.org\/{rel}","templated":true}]}}