{"id":462,"date":"2019-07-19T02:27:29","date_gmt":"2019-07-19T02:27:29","guid":{"rendered":"https:\/\/farmvietnam.khowebseotop.vn\/?post_type=product&#038;p=462"},"modified":"2019-07-19T02:47:39","modified_gmt":"2019-07-19T02:47:39","slug":"dinh-duong-huu-co-vi-sinh-sao-xanh","status":"publish","type":"product","link":"https:\/\/webmaibinh.com\/w\/congty62011\/san-pham\/dinh-duong-huu-co-vi-sinh-sao-xanh\/","title":{"rendered":"Dinh d\u01b0\u1ee1ng h\u1eefu c\u01a1 vi sinh &#8211; Sao Xanh"},"content":{"rendered":"<p>B\u1ed9 s\u1ea3n ph\u1ea9m dinh d\u01b0\u1ee1ng h\u1eefu c\u01a1 vi sinh.<\/p>\n<p>D\u00f9ng b\u00f3n l\u00f3t ho\u1eb7c s\u1ea3n xu\u1ea5t n\u00f4ng s\u1ea3n theo h\u01b0\u1edbng h\u1eefu c\u01a1<\/p>\n","protected":false},"excerpt":{"rendered":"<p>B\u1ed9 s\u1ea3n ph\u1ea9m dinh d\u01b0\u1ee1ng h\u1eefu c\u01a1 vi sinh.<\/p>\n<p>D\u00f9ng b\u00f3n l\u00f3t ho\u1eb7c s\u1ea3n xu\u1ea5t n\u00f4ng s\u1ea3n theo h\u01b0\u1edbng h\u1eefu c\u01a1<\/p>\n","protected":false},"featured_media":463,"comment_status":"open","ping_status":"closed","template":"","meta":[],"_links":{"self":[{"href":"https:\/\/webmaibinh.com\/w\/congty62011\/wp-json\/wp\/v2\/product\/462"}],"collection":[{"href":"https:\/\/webmaibinh.com\/w\/congty62011\/wp-json\/wp\/v2\/product"}],"about":[{"href":"https:\/\/webmaibinh.com\/w\/congty62011\/wp-json\/wp\/v2\/types\/product"}],"replies":[{"embeddable":true,"href":"https:\/\/webmaibinh.com\/w\/congty62011\/wp-json\/wp\/v2\/comments?post=462"}],"wp:featuredmedia":[{"embeddable":true,"href":"https:\/\/webmaibinh.com\/w\/congty62011\/wp-json\/wp\/v2\/media\/463"}],"wp:attachment":[{"href":"https:\/\/webmaibinh.com\/w\/congty62011\/wp-json\/wp\/v2\/media?parent=462"}],"curies":[{"name":"wp","href":"https:\/\/api.w.org\/{rel}","templated":true}]}}