{"id":458,"date":"2019-07-19T02:26:18","date_gmt":"2019-07-19T02:26:18","guid":{"rendered":"https:\/\/farmvietnam.khowebseotop.vn\/?post_type=product&#038;p=458"},"modified":"2019-07-19T02:47:55","modified_gmt":"2019-07-19T02:47:55","slug":"gia-the-huu-co-sao-biochar","status":"publish","type":"product","link":"https:\/\/webmaibinh.com\/w\/congty62011\/san-pham\/gia-the-huu-co-sao-biochar\/","title":{"rendered":"Gi\u00e1 th\u1ec3 h\u1eefu c\u01a1 &#8211; SAO BIOCHAR"},"content":{"rendered":"<p>Ch\u1ea5t h\u1ea5p th\u1ee5 s\u1eed l\u00fd t\u1ea7ng \u0111\u00e1y.<\/p>\n<p>Ch\u1ea5t kh\u1eed m\u00f9i.<\/p>\n<p>Gi\u00e1 th\u1ec3 tr\u1ed3ng c\u00e2y h\u1eefu c\u01a1. \u1ee8ng d\u1ee5ng tr\u1ed3ng c\u00e2y tr\u00ean c\u00e1t.<\/p>\n","protected":false},"excerpt":{"rendered":"<p>Ch\u1ea5t h\u1ea5p th\u1ee5 s\u1eed l\u00fd t\u1ea7ng \u0111\u00e1y.<\/p>\n<p>Ch\u1ea5t kh\u1eed m\u00f9i.<\/p>\n<p>Gi\u00e1 th\u1ec3 tr\u1ed3ng c\u00e2y h\u1eefu c\u01a1. \u1ee8ng d\u1ee5ng tr\u1ed3ng c\u00e2y tr\u00ean c\u00e1t.<\/p>\n","protected":false},"featured_media":459,"comment_status":"open","ping_status":"closed","template":"","meta":[],"_links":{"self":[{"href":"https:\/\/webmaibinh.com\/w\/congty62011\/wp-json\/wp\/v2\/product\/458"}],"collection":[{"href":"https:\/\/webmaibinh.com\/w\/congty62011\/wp-json\/wp\/v2\/product"}],"about":[{"href":"https:\/\/webmaibinh.com\/w\/congty62011\/wp-json\/wp\/v2\/types\/product"}],"replies":[{"embeddable":true,"href":"https:\/\/webmaibinh.com\/w\/congty62011\/wp-json\/wp\/v2\/comments?post=458"}],"wp:featuredmedia":[{"embeddable":true,"href":"https:\/\/webmaibinh.com\/w\/congty62011\/wp-json\/wp\/v2\/media\/459"}],"wp:attachment":[{"href":"https:\/\/webmaibinh.com\/w\/congty62011\/wp-json\/wp\/v2\/media?parent=458"}],"curies":[{"name":"wp","href":"https:\/\/api.w.org\/{rel}","templated":true}]}}