{"id":164,"date":"2019-02-26T09:13:21","date_gmt":"2019-02-26T09:13:21","guid":{"rendered":"http:\/\/congty4.khowebseotop.vn\/?post_type=product&#038;p=164"},"modified":"2019-02-26T09:13:22","modified_gmt":"2019-02-26T09:13:22","slug":"dao-cat-soi-quang-inno-v7-han-quoc","status":"publish","type":"product","link":"https:\/\/webmaibinh.com\/w\/congty42011\/san-pham\/dao-cat-soi-quang-inno-v7-han-quoc\/","title":{"rendered":"Dao c\u1eaft s\u1ee3i quang INNO V7 H\u00e0n Qu\u1ed1c"},"content":{"rendered":"<p><strong>Dao c\u1eaft s\u1ee3i quang Inno V7 ch\u00ednh h\u00e3ng<\/strong>\u00a0l\u00e0 lo\u1ea1i\u00a0dao c\u1eaft s\u1ee3i quang\u00a0ch\u00ednh x\u00e1c cao \u0111\u01b0\u1ee3c s\u1ea3n xu\u1ea5t b\u1edfi Inno Instrument t\u1ea1i H\u00e0n Qu\u1ed1c. InnoV7 \u0111\u01b0\u1ee3c thi\u1ebft k\u1ebf nh\u1ecf g\u1ecdn v\u00e0 nh\u1eb9 ph\u00f9 h\u1ee3p cho vi\u1ec7c c\u1eaft s\u1ee3i quang 250\u03bcm v\u00e0 s\u1ee3i quang ribbon (2-12 core).<\/p>\n<figure id=\"attachment_2781\" class=\"wp-caption aligncenter\"><img class=\"wp-image-2781 size-full lazy-load-active\" src=\"http:\/\/congty4.khowebseotop.vn\/wp-content\/uploads\/2019\/02\/dao-cat-soi-quang-inno-v7-han-quoc-164.jpg\" sizes=\"(max-width: 800px) 100vw, 800px\" srcset=\"http:\/\/congty4.khowebseotop.vn\/wp-content\/uploads\/2019\/02\/dao-cat-soi-quang-inno-v7-han-quoc-164.jpg 800w, \/wp-content\/uploads\/2019\/02\/dao-cat-soi-quang-inno-v7-han-quoc-164.jpg\" data-srcset=\"http:\/\/congty4.khowebseotop.vn\/wp-content\/uploads\/2019\/02\/dao-cat-soi-quang-inno-v7-han-quoc-164.jpg 800w, https:\/\/hancapquang.net\/wp-content\/uploads\/2019\/01\/dao-cat-soi-quang-v7-300x225.jpg 300w, https:\/\/hancapquang.net\/wp-content\/uploads\/2019\/01\/dao-cat-soi-quang-v7-768x576.jpg 768w, https:\/\/hancapquang.net\/wp-content\/uploads\/2019\/01\/dao-cat-soi-quang-v7-510x383.jpg 510w\" \/><figcaption class=\"wp-caption-text\">Dao c\u1eaft s\u1ee3i quang V7 H\u00e0n Qu\u1ed1c Ch\u00ednh H\u00e3ng<\/figcaption><\/figure>\n<p><strong>Dao c\u1eaft s\u1ee3i quang Inno V7<\/strong>\u00a0\u0111i k\u00e8m v\u1edbi l\u01b0\u1ee1i dao c\u1eaft s\u1ee3i quang c\u00f3 tu\u1ed5i th\u1ecd 48000 l\u1ea7n c\u1eaft v\u1edbi 16 \u0111i\u1ec3m c\u1eaft, m\u1ed7i \u0111i\u1ec3m t\u01b0\u01a1ng \u1ee9ng v\u1edbi 3000 l\u1ea7n c\u1eaft. Dao c\u1eaft s\u1ee3i quang InnoV7 c\u00f3 th\u1ec3 g\u1eafn th\u00eam b\u1ed9 gi\u1eef v\u1ee5n s\u1ee3i quang sau khi c\u1eaft theo d\u1ea1ng \u0111\u1eb7t h\u00e0ng ri\u00eang.<\/p>\n<p>INNO V7 n\u00e0y s\u1ea3n ph\u1ea7m \u0111i k\u00e8m theo m\u00e1y h\u00e0n s\u1ee3i quang\u00a0<a href=\"https:\/\/hancapquang.net\/san-pham\/inno-view-12r-may-han-soi-quang-han-quoc\">INNO View 12R<\/a>.<\/p>\n<p>&nbsp;<\/p>\n<p>&nbsp;<\/p>\n","protected":false},"excerpt":{"rendered":"<ul>\n<li>Xu\u1ea5t x\u1ee9: H\u00e0n Qu\u1ed1c<\/li>\n<li>B\u1ea3o h\u00e0nh: 12 th\u00e1ng<\/li>\n<li>Tu\u1ed5i th\u1ecd l\u01b0\u1ee1i dao: 48.000 l\u1ea7n c\u1eaft<\/li>\n<\/ul>\n","protected":false},"featured_media":165,"comment_status":"open","ping_status":"closed","template":"","meta":[],"_links":{"self":[{"href":"https:\/\/webmaibinh.com\/w\/congty42011\/wp-json\/wp\/v2\/product\/164"}],"collection":[{"href":"https:\/\/webmaibinh.com\/w\/congty42011\/wp-json\/wp\/v2\/product"}],"about":[{"href":"https:\/\/webmaibinh.com\/w\/congty42011\/wp-json\/wp\/v2\/types\/product"}],"replies":[{"embeddable":true,"href":"https:\/\/webmaibinh.com\/w\/congty42011\/wp-json\/wp\/v2\/comments?post=164"}],"wp:featuredmedia":[{"embeddable":true,"href":"https:\/\/webmaibinh.com\/w\/congty42011\/wp-json\/wp\/v2\/media\/165"}],"wp:attachment":[{"href":"https:\/\/webmaibinh.com\/w\/congty42011\/wp-json\/wp\/v2\/media?parent=164"}],"curies":[{"name":"wp","href":"https:\/\/api.w.org\/{rel}","templated":true}]}}