{"id":161,"date":"2019-02-26T09:12:18","date_gmt":"2019-02-26T09:12:18","guid":{"rendered":"http:\/\/congty4.khowebseotop.vn\/?post_type=product&#038;p=161"},"modified":"2019-02-26T09:12:27","modified_gmt":"2019-02-26T09:12:27","slug":"dao-cat-soi-quang-fc-6s-sumitomo","status":"publish","type":"product","link":"https:\/\/webmaibinh.com\/w\/congty42011\/san-pham\/dao-cat-soi-quang-fc-6s-sumitomo\/","title":{"rendered":"Dao c\u1eaft s\u1ee3i quang FC-6S Sumitomo"},"content":{"rendered":"<p>Dao c\u1eaft s\u1ee3i quang\u00a0FC-6S Sumitomo \u00a0l\u00e0 s\u1ea3n ph\u1ea9m dao c\u1eaft s\u1ee3i quang ch\u00ednh x\u00e1c d\u00f9ng cho c\u00e1c lo\u1ea1i s\u1ee3i quang c\u00f3 \u0111\u01b0\u1eddng k\u00ednh l\u1edbp ph\u1ee7 250 ~ 900um micron.<\/p>\n<p>Dao c\u1eaft s\u1ee3i quang\u00a0FC-6S Sumitomo l\u00e0 s\u1ea3n ph\u1ea9m l\u00fd t\u01b0\u1edfng \u0111\u1ec3 s\u1eed d\u1ee5ng v\u1edbi c\u00e1c d\u00f2ng m\u00e1y h\u00e0n c\u00e1p quang ho\u1eb7c nh\u1eefng \u1ee9ng d\u1ee5ng quang \u0111\u00f2i h\u1ecfi \u0111\u1ed9 ch\u00ednh x\u00e1c cao. L\u00e0 s\u1ea3n ph\u1ea9m \u0111\u01b0\u1ee3c c\u00e1c b\u1ea1n k\u1ef9 thu\u1eadt s\u1eed d\u1ee5ng r\u1ed9ng r\u00e3i trong thi c\u00f4ng m\u1ea1ng GPON, AON.<\/p>\n<h4>\u0110\u1eb7c \u0111i\u1ec3m n\u1ed5i b\u1eadt:<\/h4>\n<ul>\n<li>C\u1eaft s\u1ee3i quang c\u00f3 l\u1edbp ph\u1ee7 250 ~ 900 micron<\/li>\n<li>Chi\u1ec1u d\u00e0i s\u1ee3i quang sau c\u1eaft: 9 ~ 16mm<\/li>\n<li>G\u00f3c c\u1eaft s\u1ee3i: 0.5 \u0111\u1ed9<\/li>\n<li>Tu\u1ed5i th\u1ecd l\u01b0\u1ee1i dao l\u00ean t\u1edbi 36000 l\u1ea7n c\u1eaft<\/li>\n<li>T\u1ee7y ch\u1ec9nh \u0111\u1ed9 cao v\u00e0 \u0111i\u1ec3m c\u1eaft c\u1ee7a l\u01b0\u1ee1i<\/li>\n<li>S\u1eed d\u1ee5ng lo\u1ea1i\u00a0l\u01b0\u1ee1i dao c\u1eaft s\u1ee3i quang 12 \u0111i\u1ec3m<\/li>\n<\/ul>\n","protected":false},"excerpt":{"rendered":"<p>Dao c\u1eaft s\u1ee3i quang\u00a0FC-6S Sumitomo \u00a0l\u00e0 s\u1ea3n ph\u1ea9m dao c\u1eaft s\u1ee3i quang ch\u00ednh x\u00e1c d\u00f9ng cho c\u00e1c lo\u1ea1i s\u1ee3i quang c\u00f3 \u0111\u01b0\u1eddng k\u00ednh l\u1edbp ph\u1ee7 250 ~ 900um micron. Dao c\u1eaft s\u1ee3i quang\u00a0FC-6S Sumitomo l\u00e0 s\u1ea3n ph\u1ea9m l\u00fd t\u01b0\u1edfng \u0111\u1ec3 s\u1eed d\u1ee5ng v\u1edbi c\u00e1c d\u00f2ng m\u00e1y h\u00e0n c\u00e1p quang ho\u1eb7c nh\u1eefng \u1ee9ng d\u1ee5ng quang \u0111\u00f2i&#8230;<\/p>\n","protected":false},"featured_media":162,"comment_status":"open","ping_status":"closed","template":"","meta":[],"_links":{"self":[{"href":"https:\/\/webmaibinh.com\/w\/congty42011\/wp-json\/wp\/v2\/product\/161"}],"collection":[{"href":"https:\/\/webmaibinh.com\/w\/congty42011\/wp-json\/wp\/v2\/product"}],"about":[{"href":"https:\/\/webmaibinh.com\/w\/congty42011\/wp-json\/wp\/v2\/types\/product"}],"replies":[{"embeddable":true,"href":"https:\/\/webmaibinh.com\/w\/congty42011\/wp-json\/wp\/v2\/comments?post=161"}],"wp:featuredmedia":[{"embeddable":true,"href":"https:\/\/webmaibinh.com\/w\/congty42011\/wp-json\/wp\/v2\/media\/162"}],"wp:attachment":[{"href":"https:\/\/webmaibinh.com\/w\/congty42011\/wp-json\/wp\/v2\/media?parent=161"}],"curies":[{"name":"wp","href":"https:\/\/api.w.org\/{rel}","templated":true}]}}