{"id":156,"date":"2019-02-26T09:11:03","date_gmt":"2019-02-26T09:11:03","guid":{"rendered":"http:\/\/congty4.khowebseotop.vn\/?post_type=product&#038;p=156"},"modified":"2019-02-26T09:16:36","modified_gmt":"2019-02-26T09:16:36","slug":"dao-cat-soi-quang-skl-6c","status":"publish","type":"product","link":"https:\/\/webmaibinh.com\/w\/congty42011\/san-pham\/dao-cat-soi-quang-skl-6c\/","title":{"rendered":"Dao c\u1eaft s\u1ee3i quang SKL-6C"},"content":{"rendered":"<p><strong>Dao c\u1eaft s\u1ee3i quang SKL-6C<\/strong>\u00a0cung c\u1ea5p cho b\u1ea1n m\u1ed9t gi\u1ea3i ph\u00e1p ho\u00e0n h\u1ea3o trong\u00a0thi c\u00f4ng h\u00e0n n\u1ed1i c\u00e1p quang\u00a0c\u1ee7a b\u1ea1n. Gi\u1edd \u0111\u00e2y ch\u1ec9 c\u1ea7n v\u1edbi nh\u1eefng thao t\u00e1c \u0111\u01a1n gi\u1ea3n b\u1ea1n \u0111\u00e3 c\u00f3 th\u1ec3 c\u00f3 \u0111\u01b0\u1ee3c m\u1ed9t m\u1ed9t m\u1eb7t c\u1eaft s\u1ee3i quang th\u00e0nh ph\u1ea9m \u0111\u1ea1t ti\u00eau chu\u1ea9n.<\/p>\n<figure id=\"attachment_1308\" class=\"wp-caption aligncenter\"><img class=\"wp-image-1308 size-full lazy-load-active\" src=\"http:\/\/congty4.khowebseotop.vn\/wp-content\/uploads\/2019\/02\/dao-cat-soi-quang-skl-6c-156.jpg\" sizes=\"(max-width: 800px) 100vw, 800px\" srcset=\"http:\/\/congty4.khowebseotop.vn\/wp-content\/uploads\/2019\/02\/dao-cat-soi-quang-skl-6c-156.jpg 800w, \/wp-content\/uploads\/2019\/02\/dao-cat-soi-quang-skl-6c-156.jpg\" data-srcset=\"http:\/\/congty4.khowebseotop.vn\/wp-content\/uploads\/2019\/02\/dao-cat-soi-quang-skl-6c-156.jpg 800w, https:\/\/hancapquang.net\/wp-content\/uploads\/2017\/12\/dao-cat-soi-quang-skl-6c-1-510x510.jpg 510w, https:\/\/hancapquang.net\/wp-content\/uploads\/2017\/12\/dao-cat-soi-quang-skl-6c-1-100x100.jpg 100w, https:\/\/hancapquang.net\/wp-content\/uploads\/2017\/12\/dao-cat-soi-quang-skl-6c-1-150x150.jpg 150w, https:\/\/hancapquang.net\/wp-content\/uploads\/2017\/12\/dao-cat-soi-quang-skl-6c-1-300x300.jpg 300w, https:\/\/hancapquang.net\/wp-content\/uploads\/2017\/12\/dao-cat-soi-quang-skl-6c-1-768x768.jpg 768w\" \/><figcaption class=\"wp-caption-text\">Dao c\u1eaft s\u1ee3i quang SKL-6C<\/figcaption><\/figure>\n<h2><strong>C\u00e1c \u0111\u1eb7c \u0111i\u1ec3m n\u1ed5i b\u1eadt c\u1ee7a dao c\u1eaft s\u1ee3i quang SKL-6C<\/strong><\/h2>\n<ul>\n<li>\u0110\u00e2y\u00a0l\u00e0 lo\u1ea1i dao ch\u1ec9 v\u1edbi 4 thao t\u00e1c c\u1eaft gi\u00fap b\u1ea1n d\u1ec5 d\u00e0ng s\u1eed d\u1ee5ng v\u00e0 r\u00fat ng\u1eafn th\u1eddi gian c\u1eaft s\u1ee3i.<\/li>\n<li>G\u00f3c c\u1eaft th\u00e0nh ph\u1ea9m\u00a0: 90o \u00b1 0.5o.<\/li>\n<li>L\u01b0\u1ee1i\u00a0dao c\u1eaft s\u1ee3i c\u00f3 th\u1ec3 thay \u0111\u1ed5i v\u1ecb tr\u00ed t\u1edbi 16 \u0111i\u1ec3m v\u00e0 tu\u1ed5i th\u1ecd l\u01b0\u1ee1i dao l\u00ean t\u1edbi 48000 l\u1ea7n c\u1eaft m\u1ed9t con s\u1ed1 \u1ea5n t\u01b0\u1ee3ng so v\u1edbi c\u00e1c d\u00f2ng s\u1ea3n ph\u1ea9m dao c\u1eaft s\u1ee3i quang kh\u00e1c.<\/li>\n<li>Thi\u1ebft k\u1ebf nh\u1ecf g\u1ecdn c\u00f3 t\u00edch h\u1ee3p tr\u00ean th\u00e2n dao khay \u0111\u1ef1ng c\u00e1c m\u1ea3nh v\u1ee5n\u00a0v\u00e0 b\u1ee5i s\u1ee3i quang sinh ra trong qu\u00e1 tr\u00ecnh c\u1eaft s\u1ee3i.<\/li>\n<\/ul>\n<h2><strong>Th\u00f4ng s\u1ed1 k\u1ef9 thu\u1eadt c\u1ee7a\u00a0dao c\u1eaft s\u1ee3i quang SKL-6C<\/strong><\/h2>\n<ul>\n<li>H\u00e3ng s\u1ea3n xu\u1ea5t: Hytrib.<\/li>\n<li>Model : SKL-6C.<\/li>\n<li>Xu\u1ea5t x\u1ee9 : Trung Qu\u1ed1c.<\/li>\n<li>B\u1ea3o h\u00e0nh:12 th\u00e1ng.<\/li>\n<li>\u0110\u01b0\u1eddng k\u00ednh c\u00e1p quang :125um.<\/li>\n<li>G\u00f3c c\u1eaft \u00a0: 90o \u00b1 0.5o.<\/li>\n<li>Chi\u1ec1u d\u00e0i c\u1eaft : \u00a0 10mm.<\/li>\n<li>S\u1ed1 l\u1ea7n c\u1eaft : 48000 l\u1ea7n.<\/li>\n<li>K\u00edch th\u01b0\u1edbc : 102 x 82 x46 mm.<\/li>\n<li>Tr\u1ecdng l\u01b0\u1ee3ng : 400g.<\/li>\n<\/ul>\n<p>&nbsp;<\/p>\n","protected":false},"excerpt":{"rendered":"<p>Dao c\u1eaft s\u1ee3i quang SKL-6C\u00a0cung c\u1ea5p cho b\u1ea1n m\u1ed9t gi\u1ea3i ph\u00e1p ho\u00e0n h\u1ea3o trong\u00a0thi c\u00f4ng h\u00e0n n\u1ed1i c\u00e1p quang\u00a0c\u1ee7a b\u1ea1n. Gi\u1edd \u0111\u00e2y ch\u1ec9 c\u1ea7n v\u1edbi nh\u1eefng thao t\u00e1c \u0111\u01a1n gi\u1ea3n b\u1ea1n \u0111\u00e3 c\u00f3 th\u1ec3 c\u00f3 \u0111\u01b0\u1ee3c m\u1ed9t m\u1ed9t m\u1eb7t c\u1eaft s\u1ee3i quang th\u00e0nh ph\u1ea9m \u0111\u1ea1t ti\u00eau chu\u1ea9n. Dao c\u1eaft s\u1ee3i quang SKL-6C C\u00e1c \u0111\u1eb7c \u0111i\u1ec3m&#8230;<\/p>\n","protected":false},"featured_media":157,"comment_status":"open","ping_status":"closed","template":"","meta":[],"_links":{"self":[{"href":"https:\/\/webmaibinh.com\/w\/congty42011\/wp-json\/wp\/v2\/product\/156"}],"collection":[{"href":"https:\/\/webmaibinh.com\/w\/congty42011\/wp-json\/wp\/v2\/product"}],"about":[{"href":"https:\/\/webmaibinh.com\/w\/congty42011\/wp-json\/wp\/v2\/types\/product"}],"replies":[{"embeddable":true,"href":"https:\/\/webmaibinh.com\/w\/congty42011\/wp-json\/wp\/v2\/comments?post=156"}],"wp:featuredmedia":[{"embeddable":true,"href":"https:\/\/webmaibinh.com\/w\/congty42011\/wp-json\/wp\/v2\/media\/157"}],"wp:attachment":[{"href":"https:\/\/webmaibinh.com\/w\/congty42011\/wp-json\/wp\/v2\/media?parent=156"}],"curies":[{"name":"wp","href":"https:\/\/api.w.org\/{rel}","templated":true}]}}