{"id":140,"date":"2019-02-26T08:46:57","date_gmt":"2019-02-26T08:46:57","guid":{"rendered":"http:\/\/congty4.khowebseotop.vn\/?post_type=product&#038;p=140"},"modified":"2019-02-26T08:46:59","modified_gmt":"2019-02-26T08:46:59","slug":"inno-view-12r-may-han-soi-quang-han-quoc","status":"publish","type":"product","link":"https:\/\/webmaibinh.com\/w\/congty42011\/san-pham\/inno-view-12r-may-han-soi-quang-han-quoc\/","title":{"rendered":"Inno view 12R \u2013 M\u00e1y h\u00e0n s\u1ee3i quang h\u00e0n qu\u1ed1c"},"content":{"rendered":"<p>M\u00e1y h\u00e0n quang Inno View 12R H\u00e0n Qu\u1ed1c l\u00e0 phi\u00ean b\u1ea3n m\u1edbi nh\u1ea5t n\u00e2ng c\u1ea5p t\u1eeb View 7, v\u1edbi vi\u1ec7c trang b\u1ecb th\u00eam b\u1ed9 v\u1ecf cao su ch\u1ed1ng s\u1ed1c. Nh\u01b0 th\u01b0\u1eddng l\u1ec7, m\u00e1y \u0111\u01b0\u1ee3c trang b\u1ecb camera \u0111\u1ed9 ph\u00f3ng \u0111\u1ea1i cao l\u00ean \u0111\u1ebfn 520 l\u1ea7n. m\u00e0n h\u00ecnh c\u1ea3m \u1ee9ng \u0111\u1ed9 n\u00e9t cao, k\u00edch th\u01b0\u1edbc t\u1edbi 5\u2033. \u0110\u00e2y l\u00e0 m\u1ed9t trong nh\u1eefng d\u00f2ng m\u00e1y h\u00e0n quang gi\u00e1 t\u1ed1t tr\u00ean th\u1ecb tr\u01b0\u1eddng hi\u1ec7n nay.<\/p>\n<figure id=\"attachment_2743\" class=\"wp-caption aligncenter\"><img class=\"wp-image-2743 size-full lazy-load-active\" src=\"http:\/\/congty4.khowebseotop.vn\/wp-content\/uploads\/2019\/02\/inno-view-12r-may-han-soi-quang-han-quoc-140.jpg\" sizes=\"(max-width: 800px) 100vw, 800px\" srcset=\"http:\/\/congty4.khowebseotop.vn\/wp-content\/uploads\/2019\/02\/inno-view-12r-may-han-soi-quang-han-quoc-140.jpg 800w, \/wp-content\/uploads\/2019\/02\/inno-view-12r-may-han-soi-quang-han-quoc-140.jpg\" data-srcset=\"http:\/\/congty4.khowebseotop.vn\/wp-content\/uploads\/2019\/02\/inno-view-12r-may-han-soi-quang-han-quoc-140.jpg 800w, \/wp-content\/uploads\/2019\/02\/inno-view-12r-may-han-soi-quang-han-quoc-140-1.jpg\" sizes=\"(max-width: 800px) 100vw, 800px\" srcset=\"http:\/\/congty4.khowebseotop.vn\/wp-content\/uploads\/2019\/02\/inno-view-12r-may-han-soi-quang-han-quoc-140-1.jpg 800w, \/wp-content\/uploads\/2019\/02\/inno-view-12r-may-han-soi-quang-han-quoc-140-1.jpg\" data-srcset=\"http:\/\/congty4.khowebseotop.vn\/wp-content\/uploads\/2019\/02\/inno-view-12r-may-han-soi-quang-han-quoc-140-1.jpg 800w, https:\/\/hancapquang.net\/wp-content\/uploads\/2019\/02\/thung-inno-view-12r-300x225.jpg 300w, https:\/\/hancapquang.net\/wp-content\/uploads\/2019\/02\/thung-inno-view-12r-768x576.jpg 768w, https:\/\/hancapquang.net\/wp-content\/uploads\/2019\/02\/thung-inno-view-12r-510x383.jpg 510w\" \/><\/p>\n<h3>Chu\u1ea9n ph\u1ee5 ki\u1ec7n \u0111i theo m\u00e1y h\u00e0n s\u1ee3i quang Inno view 12R:<\/h3>\n<ul>\n<li>M\u00e1y h\u00e0n quang View 12R: 1<\/li>\n<li>G\u00f3i pin LBT-30: 1<\/li>\n<li>D\u1ee5ng c\u1ee5 tu\u1ed1t d\u00e2y nhi\u1ec7t TS-8: 1<\/li>\n<li>C\u1ecd qu\u00e9t r\u00e3nh ch\u1eef V CB-01: 1<\/li>\n<li>Dao c\u1eaft s\u1ee3i quang Inno V7\u00a0\u0111\u1ed9 ch\u00ednh x\u00e1c cao: 1<\/li>\n<li>D\u00e2y ngu\u1ed3n ACC-25: 1<\/li>\n<li>Gi\u00e1 gi\u1eef c\u00e1p : 1<\/li>\n<li>12 Ribbon : FH-12L\/FH12R<\/li>\n<li>8 Ribbon : FH-8L\/FH8R<\/li>\n<li>4 Ribbon : FH-4L\/FH4R<\/li>\n<li>250&amp;900\u03bcm Single : FHUL\/FH-UR(Universal)<\/li>\n<li>SOC Holder : FH-SOC-R<\/li>\n<li>B\u1ed9 ngu\u1ed3n AC JS-180300: 1<\/li>\n<li>SOC v\u1ecf gia nhi\u1ec7t HT-SOC: 1<\/li>\n<li>Khay l\u00e0m m\u00e1t CG-22: 1<\/li>\n<li>C\u00e1p USB USB type C: 1<\/li>\n<li>C\u00e1p DIN: 1<\/li>\n<li>\u0110i\u1ec7n c\u1ef1c E-50: 2<\/li>\n<li>\u1ed0ng l\u1ed3ng b\u1ea3o v\u1ec7 PS-12R-40: 1<\/li>\n<li>\u0110\u00e1 m\u00e0i \u0111i\u1ec7n c\u1ef1c EG-18: 1<\/li>\n<li>H\u1ed9p \u0111\u1ef1ng NBX-35: 1<\/li>\n<\/ul>\n","protected":false},"excerpt":{"rendered":"<p>M\u00e1y h\u00e0n quang Inno View 12R H\u00e0n Qu\u1ed1c l\u00e0 phi\u00ean b\u1ea3n m\u1edbi nh\u1ea5t n\u00e2ng c\u1ea5p t\u1eeb View 7, v\u1edbi vi\u1ec7c trang b\u1ecb th\u00eam b\u1ed9 v\u1ecf cao su ch\u1ed1ng s\u1ed1c. Nh\u01b0 th\u01b0\u1eddng l\u1ec7, m\u00e1y \u0111\u01b0\u1ee3c trang b\u1ecb camera \u0111\u1ed9 ph\u00f3ng \u0111\u1ea1i cao l\u00ean \u0111\u1ebfn 520 l\u1ea7n. m\u00e0n h\u00ecnh c\u1ea3m \u1ee9ng \u0111\u1ed9 n\u00e9t cao, k\u00edch th\u01b0\u1edbc t\u1edbi&#8230;<\/p>\n","protected":false},"featured_media":141,"comment_status":"open","ping_status":"closed","template":"","meta":[],"_links":{"self":[{"href":"https:\/\/webmaibinh.com\/w\/congty42011\/wp-json\/wp\/v2\/product\/140"}],"collection":[{"href":"https:\/\/webmaibinh.com\/w\/congty42011\/wp-json\/wp\/v2\/product"}],"about":[{"href":"https:\/\/webmaibinh.com\/w\/congty42011\/wp-json\/wp\/v2\/types\/product"}],"replies":[{"embeddable":true,"href":"https:\/\/webmaibinh.com\/w\/congty42011\/wp-json\/wp\/v2\/comments?post=140"}],"wp:featuredmedia":[{"embeddable":true,"href":"https:\/\/webmaibinh.com\/w\/congty42011\/wp-json\/wp\/v2\/media\/141"}],"wp:attachment":[{"href":"https:\/\/webmaibinh.com\/w\/congty42011\/wp-json\/wp\/v2\/media?parent=140"}],"curies":[{"name":"wp","href":"https:\/\/api.w.org\/{rel}","templated":true}]}}