{"id":28,"date":"2018-04-13T04:33:46","date_gmt":"2018-04-13T04:33:46","guid":{"rendered":"http:\/\/duocpham.khowebseotop.vn\/?page_id=28"},"modified":"2018-11-23T02:20:58","modified_gmt":"2018-11-23T02:20:58","slug":"tuyen-dung","status":"publish","type":"page","link":"https:\/\/webmaibinh.com\/w\/congty2011\/tuyen-dung\/","title":{"rendered":"Tuy\u1ec3n d\u1ee5ng"},"content":{"rendered":"<p>Tuy\u1ec3n d\u1ee5ng \u201cTH\u1ef0C T\u1eacP SINH CHU\u1ed6I NH\u00c0 THU\u1ed0C\u201d<br \/>\nC\u01a1 h\u1ed9i m\u1edbi cho c\u00e1c b\u1ea1n Sinh vi\u00ean D\u01b0\u1ee3c m\u1edbi ra tr\u01b0\u1eddng. \u0110\u1eebng b\u1ecf qua c\u01a1 h\u1ed9i n\u00e0y v\u00e0 h\u00e3y nhanh tay g\u1eedi CV \u1ee9ng tuy\u1ec3n nh\u00e9.<br \/>\nNHU C\u1ea6U TUY\u1ec2N D\u1ee4NG<span class=\"text_exposed_show\"><br \/>\n\u2022 V\u1ecb tr\u00ed: Th\u1ef1c t\u1eadp sinh \u201cD\u01b0\u1ee3c s\u0129 nh\u00e0 thu\u1ed1c\u201d<br \/>\n\u2022 S\u1ed1 l\u01b0\u1ee3ng: 10 v\u1ecb tr\u00ed<br \/>\n\u2022 H\u00ecnh th\u1ee9c l\u00e0m vi\u1ec7c: L\u00e0m Part-time\/ Full-time<\/span><\/p>\n<div class=\"text_exposed_show\">\n<p>M\u00d4 T\u1ea2 C\u00d4NG VI\u1ec6C<br \/>\n\u2022 H\u1ed7 tr\u1ee3 D\u01b0\u1ee3c s\u0129 Nh\u00e0 thu\u1ed1c t\u01b0 v\u1ea5n s\u1eed d\u1ee5ng thu\u1ed1c cho kh\u00e1ch h\u00e0ng an to\u00e0n, hi\u1ec7u qu\u1ea3<br \/>\n\u2022 B\u00e1n h\u00e0ng, nh\u1eadp h\u00e0ng, s\u1eafp x\u1ebfp h\u00e0ng h\u00f3a trong qu\u1ea7y thu\u1ed1c<br \/>\n\u2022 V\u1ec7 sinh d\u1ee5ng c\u1ee5, t\u1ee7 qu\u1ea7y, k\u1ec7 \u0111\u1ef1ng thu\u1ed1c g\u1ecdn g\u00e0ng, s\u1ea1ch s\u1ebd<br \/>\n\u2022 Tham gia c\u00e1c bu\u1ed5i t\u1eadp hu\u1ea5n k\u1ef9 n\u0103ng theo y\u00eau c\u1ea7u<br \/>\n\u2022 Chi ti\u1ebft s\u1ebd \u0111\u01b0\u1ee3c trao \u0111\u1ed5i c\u1ee5 th\u1ec3 trong bu\u1ed5i ph\u1ecfng v\u1ea5n<\/p>\n<p>Y\u00caU C\u1ea6U N\u0102NG L\u1ef0C<br \/>\n\u2022 C\u00f3 b\u1eb1ng d\u01b0\u1ee3c s\u1ef9 trung c\u1ea5p tr\u1edf l\u00ean (Ch\u1ea5p nh\u1eadn sinh vi\u00ean n\u0103m 3,4 c\u00f3 hi\u1ec3u bi\u1ebft v\u1ec1 thu\u1ed1c, TPCN v\u00e0 c\u00e1c b\u1ec7nh th\u00f4ng th\u01b0\u1eddng)<br \/>\n\u2022 \u01afu ti\u00ean c\u00e1c b\u1ea1n c\u00f3 kinh nghi\u1ec7m th\u1ef1c t\u1eadp t\u1ea1i c\u00e1c nh\u00e0 thu\u1ed1c. Ch\u01b0a c\u00f3 kinh nghi\u1ec7m s\u1ebd \u0111\u01b0\u1ee3c \u0111\u00e0o t\u1ea1o.<br \/>\n\u2022 K\u1ef9 n\u0103ng giao ti\u1ebfp v\u00e0 t\u01b0 v\u1ea5n t\u1ed1t<br \/>\n\u2022 C\u00f3 tinh th\u1ea7n c\u1ea7u ti\u1ebfn, th\u00e1i \u0111\u1ed9 t\u00edch c\u1ef1c v\u00e0 ham h\u1ecdc h\u1ecfi<br \/>\n\u2022 Trung th\u1ef1c, nhanh nh\u1eb9n v\u00e0 c\u00f3 tinh th\u1ea7n tr\u00e1ch nhi\u1ec7m<br \/>\n\u2022 \u00dd th\u1ee9c k\u1ef7 lu\u1eadt t\u1ed1t<\/p>\n<p>TH\u1edcI GIAN L\u00c0M VI\u1ec6C:<br \/>\nTh\u1eddi gian th\u1ef1c t\u1eadp: 3 th\u00e1ng<br \/>\n&#8211; Part-time: 4h\/ca<br \/>\n+ Ca s\u00e1ng: 7h00 \u2013 11h00<br \/>\n+ Ca t\u1ed1i: 18h00 \u2013 22h00<br \/>\n&#8211; Full time: 7h00 \u2013 15h00 ho\u1eb7c 14h00-22h00<\/p>\n<p>QUY\u1ec0N L\u1ee2I \u0110\u01af\u1ee2C H\u01af\u1edeNG:<\/p>\n<p>\u2022 \u0110\u01b0\u1ee3c \u0111\u00e0o t\u1ea1o chuy\u00ean m\u00f4n, nghi\u1ec7p v\u1ee5 v\u00e0 k\u1ef9 n\u0103ng b\u00e1n thu\u1ed1c.<br \/>\n* Tr\u1ee3 c\u1ea5p: 3.000.000\/full ca v\u00e0 1.500.000\/ part time<br \/>\n* C\u00f3 c\u01a1 h\u1ed9i tr\u1edf th\u00e0nh Nh\u00e2n vi\u00ean ch\u00ednh th\u1ee9c sau 3 th\u00e1ng.<br \/>\nC\u00c1CH TH\u1ee8C \u1ee8NG TUY\u1ec2N<br \/>\n\u2022 \u1ee8ng vi\u00ean quan t\u00e2m v\u1ecb tr\u00ed \u1ee9ng tuy\u1ec3n vui l\u00f2ng g\u1eedi CV v\u1ec1 Email: v.uyentt7@vingroup.net<br \/>\nL\u01b0u \u00fd: Ti\u00eau \u0111\u1ec1 mail ghi r\u00f5 \u201cH\u1ecd v\u00e0 t\u00ean &#8211; V\u1ecb tr\u00ed \u1ee9ng tuy\u1ec3n\u201d (V\u00ed d\u1ee5: \u201cNguy\u1ec5n V\u0103n A \u2013 TTS D\u01b0\u1ee3c s\u0129 nh\u00e0 thu\u1ed1c)<br \/>\n\u2022 N\u1ebfu c\u1ea7n th\u00eam th\u00f4ng tin v\u1ec1 v\u1ecb tr\u00ed \u1ee9ng tuy\u1ec3n, \u1ee9ng vi\u00ean vui l\u00f2ng li\u00ean h\u1ec7:<br \/>\nMs T\u1ed1 Uy\u00ean _ S\u0110T: 096 449 7061<\/p>\n<\/div>\n","protected":false},"excerpt":{"rendered":"<p>Tuy\u1ec3n d\u1ee5ng \u201cTH\u1ef0C T\u1eacP SINH CHU\u1ed6I NH\u00c0 THU\u1ed0C\u201d C\u01a1 h\u1ed9i m\u1edbi cho c\u00e1c b\u1ea1n Sinh vi\u00ean D\u01b0\u1ee3c m\u1edbi ra tr\u01b0\u1eddng. \u0110\u1eebng b\u1ecf qua c\u01a1 h\u1ed9i n\u00e0y v\u00e0 h\u00e3y nhanh tay g\u1eedi CV \u1ee9ng tuy\u1ec3n nh\u00e9. NHU C\u1ea6U TUY\u1ec2N D\u1ee4NG \u2022 V\u1ecb tr\u00ed: Th\u1ef1c t\u1eadp sinh \u201cD\u01b0\u1ee3c s\u0129 nh\u00e0 thu\u1ed1c\u201d \u2022 S\u1ed1 l\u01b0\u1ee3ng: 10 v\u1ecb tr\u00ed [&#8230;]\n","protected":false},"author":2,"featured_media":0,"parent":0,"menu_order":0,"comment_status":"closed","ping_status":"closed","template":"page-right-sidebar.php","meta":[],"_links":{"self":[{"href":"https:\/\/webmaibinh.com\/w\/congty2011\/wp-json\/wp\/v2\/pages\/28"}],"collection":[{"href":"https:\/\/webmaibinh.com\/w\/congty2011\/wp-json\/wp\/v2\/pages"}],"about":[{"href":"https:\/\/webmaibinh.com\/w\/congty2011\/wp-json\/wp\/v2\/types\/page"}],"author":[{"embeddable":true,"href":"https:\/\/webmaibinh.com\/w\/congty2011\/wp-json\/wp\/v2\/users\/2"}],"replies":[{"embeddable":true,"href":"https:\/\/webmaibinh.com\/w\/congty2011\/wp-json\/wp\/v2\/comments?post=28"}],"version-history":[{"count":1,"href":"https:\/\/webmaibinh.com\/w\/congty2011\/wp-json\/wp\/v2\/pages\/28\/revisions"}],"predecessor-version":[{"id":497,"href":"https:\/\/webmaibinh.com\/w\/congty2011\/wp-json\/wp\/v2\/pages\/28\/revisions\/497"}],"wp:attachment":[{"href":"https:\/\/webmaibinh.com\/w\/congty2011\/wp-json\/wp\/v2\/media?parent=28"}],"curies":[{"name":"wp","href":"https:\/\/api.w.org\/{rel}","templated":true}]}}