{"id":235,"date":"2020-03-02T20:35:08","date_gmt":"2020-03-02T13:35:08","guid":{"rendered":"http:\/\/demo8.muathemewordpress.net\/?page_id=235"},"modified":"2020-03-04T22:20:04","modified_gmt":"2020-03-04T15:20:04","slug":"gioi-thieu","status":"publish","type":"page","link":"https:\/\/webmaibinh.com\/w\/chuyennha2011\/gioi-thieu\/","title":{"rendered":"Gi\u1edbi thi\u1ec7u"},"content":{"rendered":"<p><strong>K\u00ednh ch\u00e0o Qu\u00fd Kh\u00e1ch h\u00e0ng,<\/strong><\/p>\n<p>V\u1edbi s\u1ef1 ph\u00e1t tri\u1ec3n x\u00e2y d\u1ef1ng c\u1ee7a th\u00e0nh ph\u1ed1 \u0110\u00e0 N\u1eb5ng hi\u1ec7n \u0111\u1ea1i v\u00e0 \u0111\u1ea5t n\u01b0\u1edbc n\u00f3i chung. Nhu c\u1ea7u v\u1eadn chuy\u1ec3n h\u00e0ng h\u00f3a, nh\u00e0, v\u0103n ph\u00f2ng di\u1ec5n ra h\u1eb1ng ng\u00e0y \u0111\u1ec3 \u0111\u00e1p \u1ee9ng nhu c\u1ea7u d\u1ecbch v\u1ee5 chuy\u1ec3n nh\u00e0\u00a0<strong>Thu\u1eadn Hi\u1ec1n<\/strong>\u00a0m\u1edf r\u1ed9ng kinh doanh.S\u1ef1 ph\u00e1t tri\u1ec3n nhanh ch\u00f3ng nhi\u1ec1u ng\u01b0\u1eddi ch\u1ecdn \u0110\u00e0 N\u1eb5ng l\u00e0 ch\u1ed1n \u0111\u1ec3 an c\u01b0 l\u1ea1c nghi\u1ec7p n\u00ean vi\u1ec7c chuy\u1ec3n nh\u00e0, chuy\u1ec3n v\u0103n ph\u00f2ng, ng\u00e0y c\u00e0ng cao.<\/p>\n<p>\u0110\u1ec3 g\u00f3p ph\u1ea7n cho s\u1ef1 ph\u00e1t tri\u1ec3n nhanh ch\u00f3ng v\u00e0 l\u00e0m \u0111\u1eb9p v\u0103n minh \u0111\u00f4 th\u1ecb \u0110\u00e0 N\u1eb5ng d\u1ecbch v\u1ee5 chuy\u1ec3n nh\u00e0\u00a0<span style=\"color: #dd3333;\"><strong>Thu\u1eadn Hi\u1ec1n<\/strong><\/span>\u00a0ph\u1ea3i tr\u1edf n\u00ean chuy\u00ean nghi\u1ec7p.\u00a0<span style=\"color: #dd3333;\"><strong>Thu\u1eadn Hi\u1ec1n<\/strong><\/span>\u00a0v\u1edbi kinh nghi\u1ec7m h\u01a1n n\u0103m n\u0103m v\u1eadn chuy\u1ec3n nh\u00e0, v\u0103n ph\u00f2ng \u0111\u00e0 n\u1eb5ng v\u00e0 b\u1ed1c v\u00e1c h\u00e0ng h\u00f3a, v\u00e0 l\u1eafp r\u00e1p n\u1ed9i th\u1ea5t tr\u1ecdn g\u00f3i trong n\u1ed9i th\u00e0nh th\u00e0nh ph\u1ed1 m\u1ed9t c\u00e1ch an to\u00e0n, kh\u00f4ng g\u00e2y th\u1ea5t tho\u00e1t, g\u1ecdn g\u00e0ng, s\u1ea1ch s\u1ebd, nhanh ch\u00f3ng t\u1ea1o \u0111\u01b0\u1ee3c nhi\u1ec1u ni\u1ec1n tin v\u00e0 thi\u1ec7n c\u1ea3m \u0111\u1ed1i v\u1edbi m\u1ed7i kh\u00e1ch h\u00e0ng.<\/p>\n<p>D\u1ecbch v\u1ee5 chuy\u1ec3n nh\u00e0\u00a0<span style=\"color: #dd3333;\"><strong>Thu\u1eadn Hi\u1ec1n<\/strong><\/span>\u00a0l\u1ea5y kh\u00e1ch h\u00e0ng l\u00e0m tr\u1ecdng t\u00e2m \u0111\u1ec3 ph\u1ee5c v\u1ee5, v\u00ec m\u1ed7i kh\u00e1ch h\u00e0ng l\u00e0 ng\u01b0\u1eddi nu\u00f4i s\u1ed1ng doanh nghi\u1ec7p c\u0169ng nh\u01b0 quy\u1ebft \u0111\u1ecbnh s\u1ef1 ph\u00e1t tri\u1ec3n c\u1ee7a doanh nghi\u1ec7p. Th\u1ea5u hi\u1ec3u \u0111\u01b0\u1ee3c \u0111i\u1ec1u \u0111\u00f3, d\u1ecbch v\u1ee5 chuy\u1ec3n nh\u00e0\u00a0<span style=\"color: #dd3333;\"><strong>Thu\u1eadn Hi\u1ec1n<\/strong><\/span>\u00a0cam k\u1ebft th\u1ef1c hi\u1ec7n t\u1ed1t nh\u1ea5t c\u00f4ng vi\u1ec7c c\u1ee7a m\u00ecnh, kh\u00f4ng \u0111\u1ec3 ph\u1ee5 l\u00f2ng kh\u00e1ch h\u00e0ng tin t\u01b0\u1edfng khi s\u1eed d\u1ee5ng d\u1ecbch v\u1ee5 c\u1ee7a ch\u00fang t\u00f4i<\/p>\n<p>C\u00f4ng ty xin ch\u00e2n th\u00e0nh c\u1ea3m \u01a1n Qu\u00fd Kh\u00e1ch h\u00e0ng, k\u00ednh mong \u00a0kh\u00e1ch h\u00e0ng ti\u1ebfp t\u1ee5c tin t\u01b0\u1edfng s\u1eed d\u1ee5ng d\u1ecbch v\u1ee5 c\u1ee7a d\u1ecbch v\u1ee5 chuy\u1ec3n nh\u00e0\u00a0<span style=\"color: #dd3333;\"><strong>Thu\u1eadn Hi\u1ec1n<\/strong><\/span>. Ch\u00fac qu\u00fd kh\u00e1ch h\u00e0ng nhi\u1ec1u s\u1ee9c kh\u1ecfe \u2013 h\u1ea1nh ph\u00fac v\u00e0 th\u00e0nh c\u00f4ng trong cu\u1ed9c s\u1ed1ng !<\/p>\n<p><strong>Chuy\u1ec3n nh\u00e0 Thu\u1eadn Hi\u1ec1n &#8211; A l\u00f4 l\u00e0 c\u00f3<\/strong><\/p>\n","protected":false},"excerpt":{"rendered":"<p>K\u00ednh ch\u00e0o Qu\u00fd Kh\u00e1ch h\u00e0ng, V\u1edbi s\u1ef1 ph\u00e1t tri\u1ec3n x\u00e2y d\u1ef1ng c\u1ee7a th\u00e0nh ph\u1ed1 \u0110\u00e0 N\u1eb5ng hi\u1ec7n \u0111\u1ea1i v\u00e0 \u0111\u1ea5t n\u01b0\u1edbc n\u00f3i chung. Nhu c\u1ea7u v\u1eadn chuy\u1ec3n h\u00e0ng h\u00f3a, nh\u00e0, v\u0103n ph\u00f2ng di\u1ec5n ra h\u1eb1ng ng\u00e0y \u0111\u1ec3 \u0111\u00e1p \u1ee9ng nhu c\u1ea7u d\u1ecbch v\u1ee5 chuy\u1ec3n nh\u00e0\u00a0Thu\u1eadn Hi\u1ec1n\u00a0m\u1edf r\u1ed9ng kinh doanh.S\u1ef1 ph\u00e1t tri\u1ec3n nhanh ch\u00f3ng nhi\u1ec1u ng\u01b0\u1eddi [&#8230;]\n","protected":false},"author":1,"featured_media":0,"parent":0,"menu_order":0,"comment_status":"closed","ping_status":"closed","template":"","meta":[],"_links":{"self":[{"href":"https:\/\/webmaibinh.com\/w\/chuyennha2011\/wp-json\/wp\/v2\/pages\/235"}],"collection":[{"href":"https:\/\/webmaibinh.com\/w\/chuyennha2011\/wp-json\/wp\/v2\/pages"}],"about":[{"href":"https:\/\/webmaibinh.com\/w\/chuyennha2011\/wp-json\/wp\/v2\/types\/page"}],"author":[{"embeddable":true,"href":"https:\/\/webmaibinh.com\/w\/chuyennha2011\/wp-json\/wp\/v2\/users\/1"}],"replies":[{"embeddable":true,"href":"https:\/\/webmaibinh.com\/w\/chuyennha2011\/wp-json\/wp\/v2\/comments?post=235"}],"version-history":[{"count":2,"href":"https:\/\/webmaibinh.com\/w\/chuyennha2011\/wp-json\/wp\/v2\/pages\/235\/revisions"}],"predecessor-version":[{"id":444,"href":"https:\/\/webmaibinh.com\/w\/chuyennha2011\/wp-json\/wp\/v2\/pages\/235\/revisions\/444"}],"wp:attachment":[{"href":"https:\/\/webmaibinh.com\/w\/chuyennha2011\/wp-json\/wp\/v2\/media?parent=235"}],"curies":[{"name":"wp","href":"https:\/\/api.w.org\/{rel}","templated":true}]}}