{"id":965,"date":"2021-11-14T22:28:37","date_gmt":"2021-11-14T15:28:37","guid":{"rendered":"https:\/\/webmaibinh.com\/w\/chuanphatmaibinh05\/?page_id=965"},"modified":"2021-11-18T22:48:47","modified_gmt":"2021-11-18T15:48:47","slug":"dich-vu-ve-sinh-cong-nghep-ve-sinh-nha-cua","status":"publish","type":"page","link":"https:\/\/webmaibinh.com\/w\/chuanphatmaibinh05\/dich-vu-ve-sinh-cong-nghep-ve-sinh-nha-cua\/","title":{"rendered":"D\u1ecbch v\u1ee5 v\u1ec7 sinh c\u00f4ng nghi\u1ec7p, v\u1ec7 sinh nh\u00e0 c\u1eeda"},"content":{"rendered":"\n<p style=\"text-align: center;\"><strong>D\u1ecaCH V\u1ee4 V\u1ec6 SINH C\u00d4NG NGHI\u1ec6P, V\u1ec6 SINH NH\u00c0 C\u1eecA<\/strong><\/p>\n<p style=\"padding-left: 40px;\"><span style=\"color: #d83131;\"><strong>Qu\u00fd kh\u00e1ch h\u00e0ng c\u00f3 nhu c\u1ea7u v\u1ec7 sinh h\u00e3y g\u1ecdi ngay cho chung t\u1ed1i qua <span style=\"color: #00a859;\">HOTLINE:<\/span><\/strong><span style=\"color: #00a859;\"> <strong>0968 282 698 &#8211; 0922 200 300<\/strong><\/span><\/span><\/p>\n<p style=\"padding-left: 40px;\"><span style=\"color: #d83131;\">C\u00f4ng ty ch\u00fang t\u00f4i chuy\u00ean cung c\u1ea5p c\u00e1c d\u1ecbch v\u1ee5:<\/span><\/p>\n<ul>\n<li style=\"list-style-type: none;\">\n<ul>\n<li><span style=\"color: #d83131;\">V\u1ec7 sinh nh\u00e0 c\u1eeda<\/span><\/li>\n<li><span style=\"color: #d83131;\">V\u1ec7 sinh c\u00e1c c\u00f4ng tr\u00ecnh m\u1edbi ho\u00e0n thi\u1ec7n<\/span><\/li>\n<li><span style=\"color: #d83131;\">V\u1ec7 sinh c\u00e1c v\u0103n ph\u00f2ng<\/span><\/li>\n<li><span style=\"color: #d83131;\">V\u1ec7 sinh b\u1ec7nh vi\u1ec7n, tr\u01b0\u1eddng h\u1ecdc, trung t\u00e2m th\u01b0\u01a1ng m\u1ea1i<\/span><\/li>\n<li><span style=\"color: #d83131;\">V\u1ec7 sinh nh\u00e0 m\u00e1y, x\u00ed nghi\u1ec7p<\/span><\/li>\n<li><span style=\"color: #d83131;\">V\u1ec7 sinh c\u00f4ng tr\u01b0\u1eddng,\u2026<\/span><\/li>\n<\/ul>\n<\/li>\n<\/ul>\n<p style=\"padding-left: 40px;\"><span style=\"color: #d83131;\">D\u1ecbch v\u1ee5 c\u1ee7a ch\u00fang t\u00f4i s\u1eed d\u1ee5ng nh\u1eefng m\u00e1y m\u00f3c, thi\u1ebft b\u1ecb hi\u1ec7n \u0111\u1ea1i nh\u01b0 m\u00e1y ch\u00e0 s\u00e0n, xe qu\u00e9t, m\u00e1y \u0111\u00e1nh v\u00e0 l\u00e0m b\u00f3ng s\u00e0n, m\u00e1y ch\u00e0 s\u00e0n li\u00ean h\u1ee3p, m\u00e1y h\u00fat b\u1ee5i ki\u00eam h\u00fat s\u1ea1ch n\u01b0\u1edbc b\u1ea9n, m\u00e1y phun r\u1eeda \u00e1p l\u1ef1c l\u1edbn, m\u00e1y gi\u1eb7t th\u1ea3m v\u00e0 s\u1ea5y th\u1ea3m,\u2026<\/span><\/p>\n<p><img loading=\"lazy\" class=\"aligncenter wp-image-1202 size-full\" src=\"https:\/\/webmaibinh.com\/w\/chuanphatmaibinh05\/wp-content\/uploads\/2021\/11\/111.jpg\" alt=\"\" width=\"900\" height=\"668\" srcset=\"https:\/\/webmaibinh.com\/w\/chuanphatmaibinh05\/wp-content\/uploads\/2021\/11\/111.jpg 900w, https:\/\/webmaibinh.com\/w\/chuanphatmaibinh05\/wp-content\/uploads\/2021\/11\/111-300x223.jpg 300w, https:\/\/webmaibinh.com\/w\/chuanphatmaibinh05\/wp-content\/uploads\/2021\/11\/111-768x570.jpg 768w, https:\/\/webmaibinh.com\/w\/chuanphatmaibinh05\/wp-content\/uploads\/2021\/11\/111-600x445.jpg 600w\" sizes=\"(max-width: 900px) 100vw, 900px\" \/><\/p>\n<p style=\"padding-left: 40px;\"><span style=\"color: #d83131;\">Ch\u00fang t\u00f4i \u0111\u1ea3m b\u1ea3o:<\/span><\/p>\n<ul>\n<li style=\"list-style-type: none;\">\n<ul>\n<li><span style=\"color: #d83131;\">Nhanh g\u1ecdn, ti\u1ec7n l\u1ee3i, ti\u1ebft ki\u1ec7m ti\u1ec1n b\u1ea1c, th\u1eddi gian.<\/span><\/li>\n<li><span style=\"color: #d83131;\">\u0110\u1eb7c bi\u1ec7t an to\u00e0n khi s\u1eed d\u1ee5ng nh\u1eefng c\u00f4ng c\u1ee5 v\u1ec7 sinh hi\u1ec7n \u0111\u1ea1i, h\u00f3a ch\u1ea5t t\u1ea9y r\u1eeda ch\u1ea5t l\u01b0\u1ee3ng an to\u00e0n cho ng\u01b0\u1eddi s\u1eed d\u1ee5ng v\u00e0 an to\u00e0n cho c\u01a1 s\u1edf v\u1eadt ch\u1ea5t c\u1ee7a kh\u00e1ch h\u00e0ng.<\/span><\/li>\n<li><span style=\"color: #d83131;\">V\u1ec7 sinh \u1edf nh\u1eefng n\u01a1i r\u1ed9ng l\u1edbn m\u00e0 kh\u00e1ch h\u00e0ng kh\u00f4ng th\u1ec3 t\u1ef1 d\u1ecdn v\u1ec7 sinh \u0111\u01b0\u1ee3c.<\/span><\/li>\n<li><span style=\"color: #d83131;\">V\u1ec7 sinh c\u1eb7n k\u1ebd \u0111\u1ebfn nh\u1eefng n\u01a1i kh\u00e1ch h\u00e0ng kh\u00f4ng th\u1ec3 th\u1ef1c hi\u1ec7n \u0111\u01b0\u1ee3c.<\/span><\/li>\n<li><span style=\"color: #d83131;\">\u0110\u1ed9i ng\u0169 nh\u00e2n vi\u00ean chuy\u00ean nghi\u1ec7p, c\u00f3 ch\u1ebf \u0111\u1ed9 b\u1ea3o h\u00e0nh cho kh\u00e1ch h\u00e0ng.<\/span><\/li>\n<\/ul>\n<\/li>\n<\/ul>\n<p style=\"padding-left: 40px;\"><span style=\"color: #00a859;\"><strong>HOTLINE:<\/strong> <strong>0968 282 698 &#8211; 0922 200 300<\/strong><\/span><\/p>\n<p style=\"padding-left: 40px;\"><span style=\"color: #00a859;\"><strong>\u0110\u1ecaA CH\u1ec8: <\/strong>Th\u1eeda \u0111\u1ea5t s\u1ed1 138, T\u1edd b\u1ea3n \u0111\u1ed3 s\u1ed1 22, Khu T\u00e1i \u0111\u1ecbnh c\u01b0 Ph\u00fa Ch\u00e1nh, Ph\u01b0\u1eddng Ph\u00fa T\u00e2n, Th\u00e0nh ph\u1ed1 Th\u1ee7 D\u1ea7u M\u1ed9t, T\u1ec9nh B\u00ecnh D\u01b0\u01a1ng, Vi\u1ec7t Nam<\/span><\/p>\n\n","protected":false},"excerpt":{"rendered":"","protected":false},"author":1,"featured_media":0,"parent":0,"menu_order":0,"comment_status":"closed","ping_status":"closed","template":"page-left-sidebar.php","meta":[],"_links":{"self":[{"href":"https:\/\/webmaibinh.com\/w\/chuanphatmaibinh05\/wp-json\/wp\/v2\/pages\/965"}],"collection":[{"href":"https:\/\/webmaibinh.com\/w\/chuanphatmaibinh05\/wp-json\/wp\/v2\/pages"}],"about":[{"href":"https:\/\/webmaibinh.com\/w\/chuanphatmaibinh05\/wp-json\/wp\/v2\/types\/page"}],"author":[{"embeddable":true,"href":"https:\/\/webmaibinh.com\/w\/chuanphatmaibinh05\/wp-json\/wp\/v2\/users\/1"}],"replies":[{"embeddable":true,"href":"https:\/\/webmaibinh.com\/w\/chuanphatmaibinh05\/wp-json\/wp\/v2\/comments?post=965"}],"version-history":[{"count":5,"href":"https:\/\/webmaibinh.com\/w\/chuanphatmaibinh05\/wp-json\/wp\/v2\/pages\/965\/revisions"}],"predecessor-version":[{"id":1204,"href":"https:\/\/webmaibinh.com\/w\/chuanphatmaibinh05\/wp-json\/wp\/v2\/pages\/965\/revisions\/1204"}],"wp:attachment":[{"href":"https:\/\/webmaibinh.com\/w\/chuanphatmaibinh05\/wp-json\/wp\/v2\/media?parent=965"}],"curies":[{"name":"wp","href":"https:\/\/api.w.org\/{rel}","templated":true}]}}