{"id":57,"date":"2018-04-07T01:26:21","date_gmt":"2018-04-06T18:26:21","guid":{"rendered":"https:\/\/bizhostvn.com\/w\/cayxanh\/?page_id=57"},"modified":"2021-11-18T21:52:55","modified_gmt":"2021-11-18T14:52:55","slug":"gioi-thieu","status":"publish","type":"page","link":"https:\/\/webmaibinh.com\/w\/chuanphatmaibinh05\/gioi-thieu\/","title":{"rendered":"Gi\u1edbi thi\u1ec7u"},"content":{"rendered":"\n<p style=\"padding-left: 40px; text-align: center;\"><span style=\"color: #ed1c24;\">C\u00d4NG TY CH\u00daNG T\u00d4I CHUY\u00caN CUNG C\u1ea4P C\u00c1C D\u1ecaCH V\u1ee4 GI\u00c1 R\u1eba &#8211; NHANH CH\u00d3NG \u2013 H\u1ed6 TR\u1ee2 KH\u00c1CH H\u00c0NG 24\/7 T\u1eacN NH\u00c0 \u2013 CHUY\u00caN NGHI\u1ec6P \u2013 NHI\u1ec6T T\u00ccNH<\/span><\/p>\n<p style=\"padding-left: 40px; text-align: justify;\"><span style=\"color: #ed1c24;\">&nbsp; &nbsp; &nbsp; C\u00d4NG TY M\u00d4I TR\u01af\u1edcNG D\u01af\u01a0NG HO\u00c0NG Y\u1ebeN xin k\u00ednh ch\u00e0o qu\u00fd kh\u00e1ch h\u00e0ng<\/span><\/p>\n<p style=\"padding-left: 40px; text-align: justify;\"><span style=\"color: #ed1c24;\">&nbsp; &nbsp; &nbsp; &nbsp;Trong cu\u1ed9c s\u1ed1ng h\u1eb1ng ng\u00e0y, vi\u1ec7c ngh\u1eb9t c\u1ed1ng c\u1ea7u lu\u00f4n g\u00e2y ra cho ch\u00fang ta nh\u1eefng phi\u1ec1n to\u00e1i khi\u1ebfn cu\u1ed9c s\u1ed1ng tr\u1edf n\u00ean \u0111\u00ecnh tr\u1ec7, s\u1ee9c kh\u1ecfe c\u1ee7a gia \u0111\u00ecnh b\u1ecb \u1ea3nh h\u01b0\u1edfng nghi\u00eam tr\u1ecdng. Nhi\u1ec1u tr\u01b0\u1eddng h\u1ee3p ch\u00fang ta kh\u00f4ng th\u1ec3 t\u1ef1 x\u1eed l\u00fd \u0111\u01b0\u1ee3c ho\u1eb7c ph\u1ea3i t\u1ed1n r\u1ea5t nhi\u1ec1u th\u1eddi gian, c\u00f4ng s\u1ee9c. Hi\u1ec3u \u0111\u01b0\u1ee3c nh\u1eefng kh\u00f3 kh\u0103n v\u00e0 nguy\u1ec7n v\u1ecdng c\u1ee7a kh\u00e1ch h\u00e0ng, chung t\u00f4i ph\u00e1t tri\u1ec3n d\u1ecbch v\u1ee5 h\u00fat h\u1ea7m c\u1ea7u \u2013 th\u00f4ng c\u1ea7u, c\u1ed1ng ngh\u1eb9t \u2013 t\u1eaft ngh\u1ebdn \u1ed1ng n\u01b0\u1edbc \u2013 v\u1ec7 sinh c\u00f4ng nghi\u1ec7p, v\u1ec7 sinh nh\u00e0 \u1edf, gi\u00fap kh\u00e1ch h\u00e0ng x\u1eed l\u00fd nh\u1eefng v\u1ea5n \u0111\u1ec1 kh\u00f3 x\u1eed l\u00fd nh\u1ea5t, mang cu\u1ed9c s\u1ed1ng c\u1ee7a m\u1ecdi ng\u01b0\u1eddi tr\u1edf l\u1ea1i b\u00ecnh th\u01b0\u1eddng.<\/span><\/p>\n<p style=\"padding-left: 40px; text-align: justify;\"><span style=\"color: #ed1c24;\">&nbsp; &nbsp; &nbsp;C\u00d4NG TY TNHH TM-DV M\u00d4I TR\u01af\u1edcNG D\u01af\u01a0NG HO\u00c0NG Y\u1ebeN \u0111\u00e3 c\u00f3 kinh nghi\u1ec7m l\u00e2u n\u0103m trong v\u1ea5n \u0111\u1ec1 x\u1eed l\u00fd c\u00e1c v\u1ea5n \u0111\u1ec1 v\u1ec1 ch\u1ea5t th\u1ea3i, th\u00f4ng t\u1eaft c\u1ed1ng v\u00e0 h\u1ed7 tr\u1ee3 v\u1ec7 sinh chuy\u00ean nghi\u1ec7p cho c\u00e1c c\u00f4ng tr\u00ecnh l\u1edbn nh\u1ecf t\u1eeb nh\u00e0 \u1edf, bi\u1ec7t th\u1ef1 cho \u0111\u1ebfn b\u1ec7nh vi\u1ec7n, trung t\u00e2m th\u01b0\u01a1ng m\u1ea1i, tr\u01b0\u1eddng h\u1ecdc,\u2026<\/span><\/p>\n<p style=\"text-align: justify; padding-left: 40px;\"><span style=\"color: #ed1c24;\">&nbsp; &nbsp; &nbsp; Ch\u00fang t\u00f4i t\u1ef1 h\u00e0o l\u00e0 \u0111\u01a1n v\u1ecb ti\u00ean phong t\u1ea1i B\u00ecnh D\u01b0\u01a1ng g\u00f3p ph\u1ea7n x\u1eed l\u00fd cho nhi\u1ec1u kh\u00e1ch h\u00e0ng gi\u1ea3i quy\u1ebft nh\u1eefng v\u1ea5n \u0111\u1ec1 phi\u1ec1n to\u00e1i trong cu\u1ed9c s\u1ed1ng c\u0169ng nh\u01b0 g\u00f3p ph\u1ea7n b\u1ea3o v\u1ec7 m\u00f4i tr\u01b0\u1eddng xanh, s\u1ea1ch \u0111\u1eb9p. B\u00ean c\u1ea1nh \u0111\u00f3, ch\u00fang t\u00f4i lu\u00f4n lu\u00f4n ph\u00e1t tri\u1ec3n, n\u00e2ng cao tay ngh\u1ec1 c\u1ee7a \u0111\u1ed9i ng\u0169 nh\u00e2n vi\u00ean k\u1ef9 thu\u1eadt v\u00e0 hi\u1ec7n \u0111\u1ea1i h\u00f3a trang thi\u1ebft b\u1ecb \u0111\u1ec3 ph\u00f9 h\u1ee3p v\u1edbi nhu c\u1ea7u hi\u1ec7n nay c\u1ee7a kh\u00e1ch h\u00e0ng t\u1ea1i B\u00ecnh D\u01b0\u01a1ng v\u00e0 c\u00e1c t\u1ec9nh l\u00e2n c\u1eadn.<\/span><\/p>\n","protected":false},"excerpt":{"rendered":"","protected":false},"author":1,"featured_media":0,"parent":0,"menu_order":0,"comment_status":"closed","ping_status":"closed","template":"page-left-sidebar.php","meta":[],"_links":{"self":[{"href":"https:\/\/webmaibinh.com\/w\/chuanphatmaibinh05\/wp-json\/wp\/v2\/pages\/57"}],"collection":[{"href":"https:\/\/webmaibinh.com\/w\/chuanphatmaibinh05\/wp-json\/wp\/v2\/pages"}],"about":[{"href":"https:\/\/webmaibinh.com\/w\/chuanphatmaibinh05\/wp-json\/wp\/v2\/types\/page"}],"author":[{"embeddable":true,"href":"https:\/\/webmaibinh.com\/w\/chuanphatmaibinh05\/wp-json\/wp\/v2\/users\/1"}],"replies":[{"embeddable":true,"href":"https:\/\/webmaibinh.com\/w\/chuanphatmaibinh05\/wp-json\/wp\/v2\/comments?post=57"}],"version-history":[{"count":5,"href":"https:\/\/webmaibinh.com\/w\/chuanphatmaibinh05\/wp-json\/wp\/v2\/pages\/57\/revisions"}],"predecessor-version":[{"id":1195,"href":"https:\/\/webmaibinh.com\/w\/chuanphatmaibinh05\/wp-json\/wp\/v2\/pages\/57\/revisions\/1195"}],"wp:attachment":[{"href":"https:\/\/webmaibinh.com\/w\/chuanphatmaibinh05\/wp-json\/wp\/v2\/media?parent=57"}],"curies":[{"name":"wp","href":"https:\/\/api.w.org\/{rel}","templated":true}]}}