{"id":545,"date":"2018-04-07T13:06:30","date_gmt":"2018-04-07T06:06:30","guid":{"rendered":"https:\/\/bizhostvn.com\/w\/cayxanh\/?post_type=product&#038;p=545"},"modified":"2018-04-07T13:06:30","modified_gmt":"2018-04-07T06:06:30","slug":"co-mat-troi","status":"publish","type":"product","link":"https:\/\/webmaibinh.com\/w\/cayxanh\/san-pham\/co-mat-troi\/","title":{"rendered":"C\u1ecf m\u1eb7t tr\u1eddi"},"content":{"rendered":"<div class=\"pro_description\"><strong>C\u1ecf Xuy\u1ebfn chi, c\u00f2n c\u00f3 t\u00ean g\u1ecdi kh\u00e1c l\u00e0 c\u00fac m\u1eb7t tr\u1eddi, t\u00ean khoa h\u1ecdc l\u00e0 Wedelia trilobata, l\u00e0 c\u00e2y trang tr\u00ed n\u1ec1n, tr\u1ed3ng th\u00e0nh th\u1ea3m, cho hoa v\u00e0ng, s\u1ee9c s\u1ed1ng m\u1ea1nh. C\u00e2y thu\u1ed9c h\u1ecd th\u1ef1c v\u1eadt C\u00fac ( Asteraceae ), c\u00f3 ngu\u1ed3n g\u1ed1c xu\u1ea5t x\u1ee9 t\u1eeb T\u00e2y \u1ea4n, ch\u00e2u M\u1ef9. Hi\u1ec7n nay \u0111\u01b0\u1ee3c ph\u00e2n b\u1ed1 nhi\u1ec1u \u1edf Vi\u1ec7t Nam.<\/strong><\/div>\n<div class=\"pro_description\">\n<p><strong>C\u1ecf xuy\u1ebfn chi<\/strong> : C\u00e2y th\u00e2n th\u1ea3o b\u00f2, leo, tr\u01b0\u1eddn, s\u1ed1ng nhi\u1ec1u n\u0103m. L\u00e1 \u0111\u01a1n m\u1ecdc \u0111\u1ed1i, m\u00e9p r\u0103ng c\u01b0a d\u1ea1ng thu\u00f4n b\u1ea7u d\u1ee5c nh\u1ecdn \u0111\u1ea7u. \u0110\u01b0\u1ee3c bao ph\u1ee7 b\u1edfi l\u1edbp l\u00f4ng nh\u00e1m.<\/p>\n<p>C\u1ee5m hoa h\u00ecnh \u0111\u1ea7u, m\u1ecdc ra t\u1eeb n\u00e1ch l\u00e1, mang hoa kh\u00f4ng \u0111\u1ec1u \u1edf v\u00f2ng ngo\u00e0i, hoa \u0111\u1ec1u \u1edf v\u00f2ng trong. L\u00e1 b\u1eafc t\u1ed5ng bao d\u1ea1ng thu\u00f4n b\u1ea7u d\u1ee5c. Hoa kh\u00f4ng \u0111\u1ec1u c\u00f3 c\u00e1nh m\u00f4i l\u1edbn m\u00e0u v\u00e0ng t\u01b0\u01a1i chia 3 th\u00f9y kh\u00f4ng \u0111\u1ec1u, hoa v\u00f2ng trong \u0111\u1ec1u, m\u00e0u v\u00e0ng. Qu\u1ea3 b\u1ebf c\u00f3 c\u00e1nh.<\/p>\n<p>C\u00e2y c\u00f3 t\u1ed1c \u0111\u1ed9 sinh tr\u01b0\u1edfng nhanh.<\/p>\n<p>C\u00e2y \u01b0a \u00e1nh s\u00e1ng ho\u1eb7c ch\u1ecbu b\u00f3ng b\u00e1n ph\u1ea7n, \u01b0a kh\u00ed h\u1eadu kh\u00f4 tho\u00e1ng, nhi\u1ec1u n\u1eafng, nhu c\u1ea7u n\u01b0\u1edbc th\u1ea5p.<\/p>\n<p>Nh\u00e2n gi\u1ed1ng t\u1eeb c\u00e1c \u0111o\u1ea1n th\u00e2n c\u00e0nh.<\/p>\n<\/div>\n","protected":false},"excerpt":{"rendered":"<p>C\u1ecf Xuy\u1ebfn chi, c\u00f2n c\u00f3 t\u00ean g\u1ecdi kh\u00e1c l\u00e0 c\u00fac m\u1eb7t tr\u1eddi, t\u00ean khoa h\u1ecdc l\u00e0 Wedelia [&#8230;]\n","protected":false},"featured_media":546,"comment_status":"open","ping_status":"closed","template":"","meta":[],"_links":{"self":[{"href":"https:\/\/webmaibinh.com\/w\/cayxanh\/wp-json\/wp\/v2\/product\/545"}],"collection":[{"href":"https:\/\/webmaibinh.com\/w\/cayxanh\/wp-json\/wp\/v2\/product"}],"about":[{"href":"https:\/\/webmaibinh.com\/w\/cayxanh\/wp-json\/wp\/v2\/types\/product"}],"replies":[{"embeddable":true,"href":"https:\/\/webmaibinh.com\/w\/cayxanh\/wp-json\/wp\/v2\/comments?post=545"}],"wp:featuredmedia":[{"embeddable":true,"href":"https:\/\/webmaibinh.com\/w\/cayxanh\/wp-json\/wp\/v2\/media\/546"}],"wp:attachment":[{"href":"https:\/\/webmaibinh.com\/w\/cayxanh\/wp-json\/wp\/v2\/media?parent=545"}],"curies":[{"name":"wp","href":"https:\/\/api.w.org\/{rel}","templated":true}]}}