{"id":466,"date":"2018-04-07T11:32:16","date_gmt":"2018-04-07T04:32:16","guid":{"rendered":"https:\/\/bizhostvn.com\/w\/cayxanh\/?post_type=product&#038;p=466"},"modified":"2018-04-07T15:36:46","modified_gmt":"2018-04-07T08:36:46","slug":"cay-xa-cu","status":"publish","type":"product","link":"https:\/\/webmaibinh.com\/w\/cayxanh\/san-pham\/cay-xa-cu\/","title":{"rendered":"C\u00e2y x\u00e0 c\u1eeb"},"content":{"rendered":"<p><b>X\u00e0 c\u1eeb<\/b> hay s\u1ecd kh\u1ec9, qu\u1ea3 g\u1ed7\u00a0L\u00e0 c\u00e2y \u0111\u1ea1i m\u1ed9c c\u00f3 th\u1ec3 cao t\u1eeb 35\u201340 m, \u0111\u01b0\u1eddng k\u00ednh c\u00e2y c\u00f3 khi \u0111\u1ea1t \u0111\u1ebfn 2m . C\u00e2y th\u01b0\u1eddng xanh, t\u00e1n l\u00e1 r\u1eadm, c\u00e0nh nhi\u1ec1u, c\u00e0nh non cong xu\u1ed1ng. L\u00e1 k\u00e9p l\u00f4ng chim m\u1ed9t l\u1ea7n ch\u1eb5n, c\u1ee5m hoa ch\u00f9m t\u00e1n, hoa nh\u1ecf m\u00e0u tr\u1eafng c\u00f3 4 c\u00e1nh nh\u1ecf m\u00e0u tr\u1eafng d\u00ednh nhau, m\u00f9a hoa th\u00e1ng 4-5.Qu\u1ea3 nang nh\u1ecf, ch\u00edn th\u00e1ng 10, khi ch\u00edn bung th\u00e0nh 4 m\u1ea3nh. V\u1ecf c\u00e2y m\u00e0u x\u00e1m n\u00e2u, v\u1ecf n\u1ee9t \u0111\u1ed3ng ti\u1ec1n khoanh tr\u00f2n nh\u01b0 c\u00e1i s\u1ecd n\u00ean c\u00e2y c\u00f2n c\u00f3 t\u00ean l\u00e0 s\u1ecd kh\u1ec9<\/p>\n<p><img loading=\"lazy\" class=\"size-full wp-image-3895 aligncenter\" src=\"http:\/\/trongcaycongtrinh.com\/wp-content\/uploads\/2017\/06\/xa-cu-cong-trinh.jpg\" sizes=\"(max-width: 470px) 100vw, 470px\" srcset=\"http:\/\/trongcaycongtrinh.com\/wp-content\/uploads\/2017\/06\/xa-cu-cong-trinh-300x183.jpg 300w, http:\/\/trongcaycongtrinh.com\/wp-content\/uploads\/2017\/06\/xa-cu-cong-trinh.jpg 470w\" alt=\"xa-cu-cong-trinh\" width=\"470\" height=\"287\" \/><\/p>\n<p>C\u00e2y \u01b0a s\u00e1ng m\u1ecdc nhanh, d\u1ec5 tr\u1ed3ng h\u1ea1t n\u1eb3y m\u1ea7m r\u1ea5t kho\u1ebb, t\u00e1i sinh h\u1ea1t v\u00e0 ch\u1ed3i \u0111\u1ec1u m\u1ea1nh. C\u00e2y t\u0103ng tr\u01b0\u1edfng r\u1ea5t nhanh, c\u00f3 th\u1ec3 ph\u00e1t tri\u1ec3n t\u1ed1t tr\u00ean nhi\u1ec1u lo\u1ea1i \u0111\u1ea5t.<\/p>\n<p><img loading=\"lazy\" class=\"size-full wp-image-3897 aligncenter\" src=\"http:\/\/trongcaycongtrinh.com\/wp-content\/uploads\/2017\/06\/cay-xa-cu.jpg\" sizes=\"(max-width: 500px) 100vw, 500px\" srcset=\"http:\/\/trongcaycongtrinh.com\/wp-content\/uploads\/2017\/06\/cay-xa-cu-300x225.jpg 300w, http:\/\/trongcaycongtrinh.com\/wp-content\/uploads\/2017\/06\/cay-xa-cu-267x200.jpg 267w, http:\/\/trongcaycongtrinh.com\/wp-content\/uploads\/2017\/06\/cay-xa-cu.jpg 500w\" alt=\"cay-xa-cu\" width=\"500\" height=\"375\" \/><\/p>\n<p><strong>K\u1ef9 thu\u1eadt ch\u0103m s\u00f3c<\/strong><\/p>\n<p>\u2013 C\u00e2y c\u00f3 chi\u1ec1u cao t\u1eeb 40 \u2013 50cm th\u00ec \u0111em \u0111i tr\u1ed3ng, c\u0169ng c\u00f3 th\u1ec3 \u0111\u1ec3 l\u00e2u h\u01a1n v\u1edbi chi\u1ec1u cao 0,7-1m th\u00ec \u0111em \u0111i tr\u1ed3ng v\u1edbi c\u00e2y gieo \u01b0\u01a1m th\u1eb3ng v\u00e0o lu\u1ed1ng.\u00a0\u2013 Sau khi tr\u1ed3ng, t\u1ea5p t\u1ee7 b\u1eb1ng c\u00e2y ph\u00e2n xanh t\u1ea1o \u0111\u1ed9 \u1ea9m, tr\u00e1nh m\u1ea5t n\u01b0\u1edbc cho c\u00e2y. -N\u1ebfu tr\u1ed3ng c\u00e2y cao th\u00ec ph\u1ea3i s\u1eed d\u1ee5ng que (1 c\u00e2y ph\u1ea3i s\u1eed d\u1ee5ng 3 que) \u0111\u1ec3 ch\u1ed1ng tr\u00e1nh gi\u00f3 th\u1ed5i b\u1ecb \u0111\u1ed5.<\/p>\n<p><img loading=\"lazy\" class=\"aligncenter wp-image-3896 size-full\" src=\"http:\/\/trongcaycongtrinh.com\/wp-content\/uploads\/2017\/06\/Cay-Xa-Cu-gia-re-e1496377434472.jpg\" alt=\"Cay-Xa-Cu-gia-re\" width=\"520\" height=\"390\" \/><\/p>\n<p>\u2013 Khu v\u1ef1c tr\u1ed3ng c\u00e2y ph\u1ea3i c\u00f3 di\u1ec7n t\u00edch r\u1ed9ng v\u1eeba \u0111\u1ee7 \u0111\u1ec3 c\u00e2y ph\u00e1t tri\u1ec3n (v\u00e0 c\u00e2y ph\u00e1t tri\u1ec3n m\u1ea1nh h\u1ec7 r\u1ec5 ngang). N\u1ebfu di\u1ec7n t\u00edch h\u1eb9p h\u1ea1n ch\u1ebf s\u1ef1 ph\u00e1t tri\u1ec3n c\u1ee7a b\u1ed9 r\u1ec5 c\u00e2y d\u1ec5 b\u1ecb \u0111\u1ed5. C\u00f3 th\u1ec3 tr\u1ed3ng th\u00e0nh r\u1eebng, tr\u1ed3ng xen d\u1ecdc b\u00eca r\u1eebng t\u1ef1 nhi\u00ean.<\/p>\n","protected":false},"excerpt":{"rendered":"<p>X\u00e0 c\u1eeb hay s\u1ecd kh\u1ec9, qu\u1ea3 g\u1ed7 L\u00e0 c\u00e2y \u0111\u1ea1i m\u1ed9c c\u00f3 th\u1ec3 cao t\u1eeb 35\u201340 m, \u0111\u01b0\u1eddng k\u00ednh c\u00e2y c\u00f3 khi \u0111\u1ea1t \u0111\u1ebfn 2m . C\u00e2y th\u01b0\u1eddng xanh, t\u00e1n l\u00e1 r\u1eadm, c\u00e0nh nhi\u1ec1u, c\u00e0nh non cong xu\u1ed1ng. L\u00e1 k\u00e9p l\u00f4ng chim m\u1ed9t l\u1ea7n ch\u1eb5n, c\u1ee5m hoa ch\u00f9m t\u00e1n, hoa nh\u1ecf m\u00e0u tr\u1eafng c\u00f3 4 c\u00e1nh nh\u1ecf m\u00e0u tr\u1eafng d\u00ednh nhau, m\u00f9a hoa th\u00e1ng 4-5.<\/p>\n","protected":false},"featured_media":704,"comment_status":"open","ping_status":"closed","template":"","meta":[],"_links":{"self":[{"href":"https:\/\/webmaibinh.com\/w\/cayxanh\/wp-json\/wp\/v2\/product\/466"}],"collection":[{"href":"https:\/\/webmaibinh.com\/w\/cayxanh\/wp-json\/wp\/v2\/product"}],"about":[{"href":"https:\/\/webmaibinh.com\/w\/cayxanh\/wp-json\/wp\/v2\/types\/product"}],"replies":[{"embeddable":true,"href":"https:\/\/webmaibinh.com\/w\/cayxanh\/wp-json\/wp\/v2\/comments?post=466"}],"wp:featuredmedia":[{"embeddable":true,"href":"https:\/\/webmaibinh.com\/w\/cayxanh\/wp-json\/wp\/v2\/media\/704"}],"wp:attachment":[{"href":"https:\/\/webmaibinh.com\/w\/cayxanh\/wp-json\/wp\/v2\/media?parent=466"}],"curies":[{"name":"wp","href":"https:\/\/api.w.org\/{rel}","templated":true}]}}