{"id":59,"date":"2018-04-07T01:27:00","date_gmt":"2018-04-06T18:27:00","guid":{"rendered":"https:\/\/bizhostvn.com\/w\/cayxanh\/?page_id=59"},"modified":"2018-04-07T17:09:16","modified_gmt":"2018-04-07T10:09:16","slug":"lien-he","status":"publish","type":"page","link":"https:\/\/webmaibinh.com\/w\/cayxanh\/lien-he\/","title":{"rendered":"Li\u00ean h\u1ec7"},"content":{"rendered":"<p><strong>D\u1ecaCH V\u1ee4 THI\u1ebeT K\u1ebe WEB X\u1ea4U NH\u1ea4T VI\u1ec6T NAM<\/strong><\/p>\n<p><strong>\u0110\u1ecba ch\u1ec9:<\/strong> S\u1ed1 29 ng\u00f5 18 L\u01b0\u01a1ng Ng\u1ecdc Quy\u1ebfn, H\u00e0 \u0110\u00f4ng, H\u00e0 N\u1ed9i<br \/>\n<strong>Hotline:<\/strong> <strong>0909.009.009 &#8211; 0909.009.009<br \/>\n<\/strong><strong>Email:<\/strong> webdesign@gmail.com<\/p>\n<div>\n<p><strong>C\u1ede S\u1ede T\u1ea0I NINH B\u00ccNH<\/strong><\/p>\n<p>V\u01b0\u1eddn \u01b0\u01a1m: x\u00e3 C\u1ed5 Nhu\u1ebf \u2013 Q.T\u1eeb Li\u00eam \u2013 H\u00e0 N\u1ed9i<br \/>\nHotline: <strong>01635.778866<\/strong><\/p>\n<p><strong>C\u1ede S\u1ede T\u1ea0I \u0110\u00c0 N\u1eb4NG<\/strong><\/p>\n<p>S\u1ed1 nh\u00e0 15 Ph\u00f3 \u0110\u1ee9c Ch\u00ednh \u2013 Q.S\u01a1n Tr\u00e0 \u2013 TP.\u0110\u00e0 N\u1eb5ng<br \/>\nHotline: <strong>0967.326676<\/strong><\/p>\n<\/div>\n","protected":false},"excerpt":{"rendered":"<p>D\u1ecaCH V\u1ee4 THI\u1ebeT K\u1ebe WEB X\u1ea4U NH\u1ea4T VI\u1ec6T NAM \u0110\u1ecba ch\u1ec9: S\u1ed1 29 ng\u00f5 18 L\u01b0\u01a1ng Ng\u1ecdc [&#8230;]\n","protected":false},"author":1,"featured_media":0,"parent":0,"menu_order":0,"comment_status":"closed","ping_status":"closed","template":"page-left-sidebar.php","meta":[],"_links":{"self":[{"href":"https:\/\/webmaibinh.com\/w\/cayxanh\/wp-json\/wp\/v2\/pages\/59"}],"collection":[{"href":"https:\/\/webmaibinh.com\/w\/cayxanh\/wp-json\/wp\/v2\/pages"}],"about":[{"href":"https:\/\/webmaibinh.com\/w\/cayxanh\/wp-json\/wp\/v2\/types\/page"}],"author":[{"embeddable":true,"href":"https:\/\/webmaibinh.com\/w\/cayxanh\/wp-json\/wp\/v2\/users\/1"}],"replies":[{"embeddable":true,"href":"https:\/\/webmaibinh.com\/w\/cayxanh\/wp-json\/wp\/v2\/comments?post=59"}],"version-history":[{"count":0,"href":"https:\/\/webmaibinh.com\/w\/cayxanh\/wp-json\/wp\/v2\/pages\/59\/revisions"}],"wp:attachment":[{"href":"https:\/\/webmaibinh.com\/w\/cayxanh\/wp-json\/wp\/v2\/media?parent=59"}],"curies":[{"name":"wp","href":"https:\/\/api.w.org\/{rel}","templated":true}]}}