{"id":804,"date":"2019-10-22T16:17:13","date_gmt":"2019-10-22T09:17:13","guid":{"rendered":"https:\/\/tinhoctaynguyen.bizhostvn.com\/?post_type=product&#038;p=804"},"modified":"2019-10-22T16:17:14","modified_gmt":"2019-10-22T09:17:14","slug":"camera-ip-hikvision-ds-2cd1101-i-1-0-megapixel-ir-30m-f2-8mm","status":"publish","type":"product","link":"https:\/\/webmaibinh.com\/w\/camera12011\/san-pham\/camera-ip-hikvision-ds-2cd1101-i-1-0-megapixel-ir-30m-f2-8mm\/","title":{"rendered":"Camera Ip Hikvision DS-2CD1101-I 1.0 Megapixel, IR 30m, F2.8mm"},"content":{"rendered":"<h2><strong>Camera ip hikvision DS-2CD1101-I<\/strong><\/h2>\n<p><strong>\u00a0 \u00a0 &#8211;\u00a0Camera quan s\u00e1t Hikvision\u00a0DS-2CD1101-I\u00a0<\/strong>d\u00f2ng s\u1ea3n ph\u1ea9m m\u1edbi nh\u1ea5t c\u1ee7a HIKVISION c\u00f3 \u0111\u1ed9 ph\u00e2n gi\u1ea3i 1.0 Megapixel gi\u00e1 r\u1ebb, h\u1ed3ng ngo\u1ea1i ban \u0111\u00eam 30m, h\u1ed7 tr\u1ee3 ch\u1ed1ng ng\u01b0\u1ee3c s\u00e1ng k\u1ef9 thu\u1eadt s\u1ed1, gi\u1ea3m nhi\u1ec5u 3D-DNR, m\u00e0u tr\u1eafng trang nh\u00e3 sang tr\u1ecdng, s\u1eed d\u1ee5ng cho m\u1ecdi nh\u00e0, camera cho v\u0103n ph\u00f2ng c\u00f4ng ty, camera cho shop th\u1eddi trang qu\u1ea7n \u00e1o, camera cho qu\u00e1n caf\u00e9\u2026<\/p>\n<p><img src=\"https:\/\/digione.vn\/upload\/source\/camera-ip-hikvision-ds-2cd1101-i-10-megapixel-ir-30m-f28mm\/1.jpg?1561429244915\" alt=\"1\" \/><\/p>\n<h3><strong>Camera Ip hikvision\u00a0DS-2CD1101-I\u00a0\u0111\u01b0\u1ee3c s\u1eed d\u1ee5ng\u00a0c<\/strong><strong>\u00f4ng ngh\u1ec7 m\u1edbi nh\u1ea5t cho m\u1ed9t camera cao c\u1ea5p.\u00a0<\/strong><\/h3>\n<p><strong>\u00a0 \u00a0 &#8211;\u00a0Day\/Night (ICR)<\/strong>\u00a0: s\u1eed d\u1ee5ng \u1ed1ng k\u00ednh ban ng\u00e0y v\u00e0 ban \u0111\u00eam kh\u00e1c nhau cho h\u00ecnh \u1ea3nh c\u1ef1c \u0111\u1eb9p xu\u1ea5t s\u1eafc gi\u1eefa ng\u00e0y v\u00e0 \u0111\u00eam<\/p>\n<p><img src=\"https:\/\/digione.vn\/upload\/source\/camera-ip-hikvision-ds-2cd1101-i-10-megapixel-ir-30m-f28mm\/2.jpg?1561429275026\" alt=\"2\" \/><\/p>\n<p><strong>\u00a0 \u00a0 &#8211;\u00a03D-DNR<\/strong>\u00a0gi\u1ea3m nhi\u1ec5u k\u1ef9 thu\u1eadt s\u1ed1 3D<\/p>\n<p><img src=\"https:\/\/digione.vn\/upload\/source\/camera-ip-hikvision-ds-2cd1101-i-10-megapixel-ir-30m-f28mm\/3.jpg?1561429290170\" alt=\"3\" \/><\/p>\n<p><strong>\u00a0 \u00a0 &#8211;\u00a0<\/strong>Ch\u1ee9c n\u0103ng Backlight Compensation (<strong>BLC<\/strong>) h\u1ed7 tr\u1ee3 nh\u00ecn ng\u01b0\u1ee3c s\u00e1ng t\u1ef1 \u0111\u1ed9ng \u0111i\u1ec1u ch\u1ec9nh<\/p>\n<p><strong>\u00a0 \u00a0 &#8211;\u00a0<\/strong>Ngu\u00f4\u0300n c\u1ea5p 12VDC,\u00a0<strong>POE.\u00a0<\/strong><\/p>\n<p><strong>\u00a0 \u00a0 &#8211;\u00a0<\/strong>V\u1edbi nh\u1eefng t\u00ednh n\u0103ng cao c\u1ea5p k\u1ec3 tr\u00ean,\u00a0<strong>camera quan s\u00e1t<\/strong>\u00a0hikvision\u00a0DS-2CD1101-I\u00a0IP\u00a0l\u00e0 l\u1ef1a ch\u1ecdn l\u00fd t\u01b0\u1edfng d\u00e0nh cho c\u00e1c d\u1ef1 \u00e1n l\u1eafp \u0111\u1eb7t camera nh\u00e0 x\u01b0\u1edfng, l\u1eafp \u0111\u1eb7t camera c\u00f4ng ty\u2026 gi\u00fap gi\u00e1m s\u00e1t m\u1ed9t khu v\u1ef1c r\u1ed9ng l\u1edbn v\u1edbi chi ph\u00ed ti\u1ebft ki\u1ec7m h\u01a1n.<\/p>\n","protected":false},"excerpt":{"rendered":"<p>Camera ip hikvision DS-2CD1101-I \u00a0 \u00a0 &#8211;\u00a0Camera quan s\u00e1t Hikvision\u00a0DS-2CD1101-I\u00a0d\u00f2ng s\u1ea3n ph\u1ea9m m\u1edbi nh\u1ea5t c\u1ee7a HIKVISION c\u00f3 \u0111\u1ed9 ph\u00e2n gi\u1ea3i 1.0 Megapixel gi\u00e1 r\u1ebb, h\u1ed3ng ngo\u1ea1i ban \u0111\u00eam 30m, h\u1ed7 tr\u1ee3 ch\u1ed1ng ng\u01b0\u1ee3c s\u00e1ng k\u1ef9 thu\u1eadt s\u1ed1, gi\u1ea3m nhi\u1ec5u 3D-DNR, m\u00e0u tr\u1eafng trang nh\u00e3 sang tr\u1ecdng, s\u1eed d\u1ee5ng cho m\u1ecdi nh\u00e0, camera cho v\u0103n ph\u00f2ng &#8230;<\/p>\n","protected":false},"featured_media":794,"comment_status":"closed","ping_status":"closed","template":"","meta":[],"brands":[{"id":30,"name":"Hikvison","slug":"hikvison"}],"_links":{"self":[{"href":"https:\/\/webmaibinh.com\/w\/camera12011\/wp-json\/wp\/v2\/product\/804"}],"collection":[{"href":"https:\/\/webmaibinh.com\/w\/camera12011\/wp-json\/wp\/v2\/product"}],"about":[{"href":"https:\/\/webmaibinh.com\/w\/camera12011\/wp-json\/wp\/v2\/types\/product"}],"replies":[{"embeddable":true,"href":"https:\/\/webmaibinh.com\/w\/camera12011\/wp-json\/wp\/v2\/comments?post=804"}],"wp:featuredmedia":[{"embeddable":true,"href":"https:\/\/webmaibinh.com\/w\/camera12011\/wp-json\/wp\/v2\/media\/794"}],"wp:attachment":[{"href":"https:\/\/webmaibinh.com\/w\/camera12011\/wp-json\/wp\/v2\/media?parent=804"}],"curies":[{"name":"wp","href":"https:\/\/api.w.org\/{rel}","templated":true}]}}