{"id":1167,"date":"2020-04-15T14:59:38","date_gmt":"2020-04-15T07:59:38","guid":{"rendered":"https:\/\/tinhoctaynguyen.com\/?post_type=product&#038;p=1167"},"modified":"2020-04-15T14:59:38","modified_gmt":"2020-04-15T07:59:38","slug":"video-balun-cho-camera-4mp-5mp","status":"publish","type":"product","link":"https:\/\/webmaibinh.com\/w\/camera12011\/san-pham\/video-balun-cho-camera-4mp-5mp\/","title":{"rendered":"Video Balun Cho Camera 4MP\/5MP"},"content":{"rendered":"<p><a href=\"https:\/\/tinhoctaynguyen.com\/wp-content\/uploads\/2020\/04\/unnamed.jpg\"><img loading=\"lazy\" class=\"alignnone size-medium wp-image-1168\" src=\"https:\/\/tinhoctaynguyen.com\/wp-content\/uploads\/2020\/04\/unnamed-264x300.jpg\" alt=\"\" width=\"264\" height=\"300\" srcset=\"https:\/\/webmaibinh.com\/w\/camera12011\/wp-content\/uploads\/2020\/04\/unnamed-264x300.jpg 264w, https:\/\/webmaibinh.com\/w\/camera12011\/wp-content\/uploads\/2020\/04\/unnamed.jpg 451w\" sizes=\"(max-width: 264px) 100vw, 264px\" \/><\/a><\/p>\n<p>Th\u00f4ng tin s\u1ea3n ph\u1ea9m: Balun HD-TVI\/CVI\/AHD l\u00e0 m\u1ed9t c\u1eb7p \u0111\u1ea7u n\u1ed1i t\u00edn hi\u1ec7u ho ph\u00e9p m\u1ed9t t\u00edn hi\u1ec7u \u0111\u01b0\u1ee3c truy\u1ec1n qua c\u00e1p v\u1edbi m\u1ed9t gi\u00e1 tr\u1ecb tr\u1edf kh\u00e1ng m\u00e0 khi s\u1eed d\u1ee5ng l\u1ea1i l\u00e0 m\u1ed9t tr\u1edf kh\u00e1ng kh\u00e1c. Balun HD-TVI t\u01b0\u01a1ng th\u00edch v\u1edbi camera AHD, HD TVI, v\u00e0 CCTV HD-CVI c\u00f3 \u0111\u1ed9 n\u00e9t cao, balun c\u00f3 nhi\u1ec7m v\u1ee5 nh\u1eadn t\u00edn hi\u1ec7u truy\u1ec1n t\u1ea3i v\u00e0 khuy\u1ebfn \u0111\u1ea1i t\u00edn hi\u1ec7u \u0111\u1ec3 b\u1ea3o \u0111\u1ea3m t\u00edn hi\u1ec7u truy\u1ec1n v\u1ec1 \u0111\u1ea7u ghi lu\u00f4n \u0111\u01b0\u1ee3c \u1ed5n \u0111\u1ecbnh, h\u1ea1n ch\u1ebf nhi\u1ec5u ho\u1eb7c t\u00edn hi\u1ec7u \u00e2m thanh, m\u00e0u s\u1eafc kh\u00f4ng trung th\u1ef1c. V\u00ec sao Balun HD-TVI l\u00e0 m\u1ed9t thi\u1ebft b\u1ecb quan tr\u1ecdng trong h\u1ec7 th\u1ed1ng camera gi\u00e1m s\u00e1t? T\u00edn hi\u1ec7u truy\u1ec1n qua c\u00e1p \u0111\u1ed3ng tr\u1ee5c th\u01b0\u1eddng b\u1ecb \u1ea3nh h\u01b0\u1edfng b\u1edfi ti\u1ebfng \u1ed3n v\u00e0 nhi\u1ec5u \u0111i\u1ec7n cao-t\u1ea7n (EMI-RF), trong khi \u0111\u1eb7c t\u00ednh c\u1ee7a c\u00e1p Cat5 l\u00e0 cung c\u1ea5p s\u1ef1 c\u00e2n b\u1eb1ng r\u1ea5t t\u1ed1t, c\u00f3 ngh\u0129a l\u00e0 c\u00e1c t\u00edn hi\u1ec7u video s\u1ebd kh\u00f4ng b\u1ecb \u1ea3nh h\u01b0\u1edfng b\u1edfi c\u00e1c t\u00edn hi\u1ec7u kh\u00e1c.Vi\u1ec7c s\u1eed d\u1ee5ng Balun HD-TVI gi\u00fap camera HD TVI c\u00f3 th\u1ec3 truy\u1ec1n t\u00edn hi\u1ec7u qua Cat5 \u0111\u1ec3 ti\u1ebft ki\u1ec7m chi ph\u00ed v\u00e0 \u0111\u1ea3m b\u1ea3o s\u1ef1 \u1ed5n \u0111\u1ecbnh t\u00edn hi\u1ec7u. &#8211; B\u00e1n bu\u00f4n li\u00ean h\u1ec7 : ZALO 0949516369 #videobalun , #baluncamera , #balun , #bochuyendoivideobalunchocamera , #bochuyendoivideo , #bochuyendoibalun, #balunahd\/tvi\/cvi , #balunAHD ,#balunTVI , #balunCVI8<\/p>\n<p>&nbsp;<\/p>\n<p>&nbsp;<\/p>\n","protected":false},"excerpt":{"rendered":"<p>Th\u00f4ng tin s\u1ea3n ph\u1ea9m: Balun HD-TVI\/CVI\/AHD l\u00e0 m\u1ed9t c\u1eb7p \u0111\u1ea7u n\u1ed1i t\u00edn hi\u1ec7u ho ph\u00e9p m\u1ed9t t\u00edn hi\u1ec7u \u0111\u01b0\u1ee3c truy\u1ec1n qua c\u00e1p v\u1edbi m\u1ed9t gi\u00e1 tr\u1ecb tr\u1edf kh\u00e1ng m\u00e0 khi s\u1eed d\u1ee5ng l\u1ea1i l\u00e0 m\u1ed9t tr\u1edf kh\u00e1ng kh\u00e1c. Balun HD-TVI t\u01b0\u01a1ng th\u00edch v\u1edbi camera AHD, HD TVI, v\u00e0 CCTV HD-CVI c\u00f3 \u0111\u1ed9 n\u00e9t cao, balun &#8230;<\/p>\n","protected":false},"featured_media":1168,"comment_status":"closed","ping_status":"closed","template":"","meta":[],"brands":[],"_links":{"self":[{"href":"https:\/\/webmaibinh.com\/w\/camera12011\/wp-json\/wp\/v2\/product\/1167"}],"collection":[{"href":"https:\/\/webmaibinh.com\/w\/camera12011\/wp-json\/wp\/v2\/product"}],"about":[{"href":"https:\/\/webmaibinh.com\/w\/camera12011\/wp-json\/wp\/v2\/types\/product"}],"replies":[{"embeddable":true,"href":"https:\/\/webmaibinh.com\/w\/camera12011\/wp-json\/wp\/v2\/comments?post=1167"}],"wp:featuredmedia":[{"embeddable":true,"href":"https:\/\/webmaibinh.com\/w\/camera12011\/wp-json\/wp\/v2\/media\/1168"}],"wp:attachment":[{"href":"https:\/\/webmaibinh.com\/w\/camera12011\/wp-json\/wp\/v2\/media?parent=1167"}],"curies":[{"name":"wp","href":"https:\/\/api.w.org\/{rel}","templated":true}]}}