{"id":192,"date":"2019-03-09T23:30:06","date_gmt":"2019-03-09T16:30:06","guid":{"rendered":"https:\/\/tppone.com\/demo\/camera\/?post_type=product&#038;p=192"},"modified":"2019-03-10T22:30:00","modified_gmt":"2019-03-10T15:30:00","slug":"webvision-t7202w","status":"publish","type":"product","link":"https:\/\/webmaibinh.com\/w\/camera\/san-pham\/webvision-t7202w\/","title":{"rendered":"WEBVISION T7202W"},"content":{"rendered":"<p>D\u00f2ng camera camera ip wifi Webvision ph\u00e1t tri\u1ec3n tr\u00ean n\u1ec1n t\u1ea3ng c\u00f4ng ngh\u1ec7 \u0111i\u1ec7n to\u00e1n \u0111\u00e1m m\u00e2y ti\u00ean ti\u1ebfn kh\u00f4ng c\u00f2n xa l\u1ea1 v\u1edbi nhi\u1ec1u kh\u00e1ch h\u00e0ng. Tuy nhi\u00ean, h\u1ea7u h\u1ebft c\u00e1c d\u00f2ng s\u1ea3n ph\u1ea9m th\u01b0\u1eddng th\u00edch h\u1ee3p v\u1edbi vi\u1ec7c s\u1eed d\u1ee5ng trong nh\u00e0. \u0110\u1ec3 l\u1ef1a ch\u1ecdn s\u1ea3n ph\u1ea9m v\u1eeba c\u00f3 \u0111\u1ed9 s\u1eafc n\u00e9t cao, v\u1eeba \u0111\u00e1p \u1ee9ng \u0111\u01b0\u1ee3c s\u1ef1 kh\u1eafc nghi\u1ec7t c\u1ee7a th\u1eddi ti\u1ebft ngo\u00e0i tr\u1eddi, T7202W l\u00e0 s\u1ef1 l\u1ef1a ch\u1ecdn t\u1ed1i \u01b0u nh\u1ea5t.<\/p>\n<p>D\u00f2ng camera camera ip wifi Webvision ph\u00e1t tri\u1ec3n tr\u00ean n\u1ec1n t\u1ea3ng c\u00f4ng ngh\u1ec7 \u0111i\u1ec7n to\u00e1n \u0111\u00e1m m\u00e2y ti\u00ean ti\u1ebfn kh\u00f4ng c\u00f2n xa l\u1ea1 v\u1edbi nhi\u1ec1u kh\u00e1ch h\u00e0ng. Tuy nhi\u00ean, h\u1ea7u h\u1ebft c\u00e1c d\u00f2ng s\u1ea3n ph\u1ea9m th\u01b0\u1eddng th\u00edch h\u1ee3p v\u1edbi vi\u1ec7c s\u1eed d\u1ee5ng trong nh\u00e0. \u0110\u1ec3 l\u1ef1a ch\u1ecdn s\u1ea3n ph\u1ea9m v\u1eeba c\u00f3 \u0111\u1ed9 s\u1eafc n\u00e9t cao, v\u1eeba \u0111\u00e1p \u1ee9ng \u0111\u01b0\u1ee3c s\u1ef1 kh\u1eafc nghi\u1ec7t c\u1ee7a th\u1eddi ti\u1ebft ngo\u00e0i tr\u1eddi, T7202W l\u00e0 s\u1ef1 l\u1ef1a ch\u1ecdn t\u1ed1i \u01b0u nh\u1ea5t.<\/p>\n","protected":false},"excerpt":{"rendered":"<p>D\u00f2ng camera camera ip wifi Webvision ph\u00e1t tri\u1ec3n tr\u00ean n\u1ec1n t\u1ea3ng c\u00f4ng ngh\u1ec7 \u0111i\u1ec7n to\u00e1n \u0111\u00e1m m\u00e2y ti\u00ean ti\u1ebfn kh\u00f4ng c\u00f2n xa l\u1ea1 v\u1edbi nhi\u1ec1u kh\u00e1ch h\u00e0ng. Tuy nhi\u00ean, h\u1ea7u h\u1ebft c\u00e1c d\u00f2ng s\u1ea3n ph\u1ea9m th\u01b0\u1eddng th\u00edch h\u1ee3p v\u1edbi vi\u1ec7c s\u1eed d\u1ee5ng trong nh\u00e0. \u0110\u1ec3 l\u1ef1a ch\u1ecdn s\u1ea3n ph\u1ea9m v\u1eeba c\u00f3 \u0111\u1ed9 s\u1eafc n\u00e9t cao, v\u1eeba \u0111\u00e1p \u1ee9ng \u0111\u01b0\u1ee3c s\u1ef1 kh\u1eafc nghi\u1ec7t c\u1ee7a th\u1eddi ti\u1ebft ngo\u00e0i tr\u1eddi, T7202W l\u00e0 s\u1ef1 l\u1ef1a ch\u1ecdn t\u1ed1i \u01b0u nh\u1ea5t.<\/p>\n","protected":false},"featured_media":193,"comment_status":"open","ping_status":"closed","template":"","meta":[],"_links":{"self":[{"href":"https:\/\/webmaibinh.com\/w\/camera\/wp-json\/wp\/v2\/product\/192"}],"collection":[{"href":"https:\/\/webmaibinh.com\/w\/camera\/wp-json\/wp\/v2\/product"}],"about":[{"href":"https:\/\/webmaibinh.com\/w\/camera\/wp-json\/wp\/v2\/types\/product"}],"replies":[{"embeddable":true,"href":"https:\/\/webmaibinh.com\/w\/camera\/wp-json\/wp\/v2\/comments?post=192"}],"wp:featuredmedia":[{"embeddable":true,"href":"https:\/\/webmaibinh.com\/w\/camera\/wp-json\/wp\/v2\/media\/193"}],"wp:attachment":[{"href":"https:\/\/webmaibinh.com\/w\/camera\/wp-json\/wp\/v2\/media?parent=192"}],"curies":[{"name":"wp","href":"https:\/\/api.w.org\/{rel}","templated":true}]}}