{"id":170,"date":"2019-03-09T23:19:58","date_gmt":"2019-03-09T16:19:58","guid":{"rendered":"https:\/\/tppone.com\/demo\/camera\/?post_type=product&#038;p=170"},"modified":"2019-03-10T22:24:48","modified_gmt":"2019-03-10T15:24:48","slug":"webvision-s5-camera-hanh-trinh-ghi-hinh-truoc-sau","status":"publish","type":"product","link":"https:\/\/webmaibinh.com\/w\/camera\/san-pham\/webvision-s5-camera-hanh-trinh-ghi-hinh-truoc-sau\/","title":{"rendered":"WEBVISION S5 \u2013 Camera h\u00e0nh tr\u00ecnh ghi h\u00ecnh tr\u01b0\u1edbc sau"},"content":{"rendered":"<h2 class=\"p1\"><b>Camera h\u00e0nh tr\u00ecnh Webvision S5 \u2013 S\u1ef1 l\u1ef1a ch\u1ecdn ho\u00e0n h\u1ea3o c\u1ee7a b\u1ea1n<\/b><\/h2>\n<p>Camera h\u00e0nh tr\u00ecnh Webvision S5 \u0111\u01b0\u1ee3c \u0111\u00f4ng \u0111\u1ea3o ng\u01b0\u1eddi d\u00f9ng \u0111\u00e1nh gi\u00e1 cao v\u1edbi nh\u1eefng t\u00ednh n\u0103ng ti\u1ec7n \u00edch cao, ph\u00f9 h\u1ee3p v\u1edbi nhu c\u1ea7u c\u1ee7a ng\u01b0\u1eddi d\u00f9ng.<\/p>\n<p><strong>Thi\u1ebft k\u1ebf hi\u1ec7n \u0111\u1ea1i, th\u00e2n thi\u1ec7n ng\u01b0\u1eddi d\u00f9ng<\/strong><\/p>\n<p>Chi\u1ebfc camera h\u00e0nh tr\u00ecnh Webvision S5 thi\u1ebft k\u1ebf ph\u00f9 h\u1ee3p v\u1edbi ch\u1ee9c n\u0103ng v\u1eadn h\u00e0nh\u00a0v\u1edbi m\u00e0n h\u00ecnh 4 inch, chip cao c\u1ea5p m\u1ea1nh m\u1ebd NOVATEK 96655 gi\u00fap ng\u01b0\u1eddi d\u00f9ng thu \u0111\u01b0\u1ee3c h\u00ecnh \u1ea3nh r\u00f5 n\u00e9t v\u00e0 \u0111\u1eb9p nh\u1ea5t.<\/p>\n<p>G\u00f3c quay \u0111\u1ebfn 170 \u0111\u1ed9 cho t\u1ea7m quan s\u00e1t c\u1ef1c r\u1ed9ng c\u00f3 th\u1ec3 ghi l\u1ea1i t\u1ea5t c\u1ea3 nh\u1eefng t\u00ecnh hu\u1ed1ng di\u1ec5n ra xung quang xe, b\u1ea3o \u0111\u1ea3m \u0111\u1ed9 an to\u00e0n, tr\u00e1nh tr\u1ed9m c\u1eafp.<\/p>\n<p>Camera ghi h\u00ecnh ph\u00eda tr\u01b0\u1edbc \u0111\u1ed9 ph\u00e2n gi\u1ea3i Full HD 1080P t\u1ea1o h\u00ecnh \u1ea3nh r\u00f5 n\u00e9t, ghi l\u1ea1i nh\u1eefng t\u00ecnh hu\u1ed1ng l\u00e1i xe tr\u00ean \u0111\u01b0\u1eddng ch\u00e2n th\u1ef1c nh\u1ea5t.\u00a0Camera ghi h\u00ecnh ph\u00eda sau xe h\u1ed7 tr\u1ee3 vi\u1ec7c l\u00f9i xe ch\u00ednh x\u00e1c, tr\u00e1nh va ch\u1ea1m ph\u00eda sau xe.<\/p>\n<p><strong>T\u00edch h\u1ee3p camera l\u00f9i<\/strong><\/p>\n<p>Webvision S5 c\u00f3 ch\u1ee9c n\u0103ng n\u1ed5i b\u1eadt l\u00e0 t\u00edch h\u1ee3p camera l\u00f9i t\u1ef1 \u0111\u1ed9ng n\u00ean khi c\u00e0i s\u1ed1 R cam l\u00f9i s\u1ebd t\u1ef1 k\u00edch ho\u1ea1t cho h\u00ecnh \u1ea3nh ph\u00eda sau xe tr\u00ean m\u00e0n h\u00ecnh s\u1eafc n\u00e9t IPS 4.0 inch.\u00a0\u0110\u1eb7c bi\u1ebft Webvision S5 c\u00f3 ch\u1ebf \u0111\u1ed9 t\u1ef1 \u0111\u1ed9ng th\u00f4ng minh khi t\u1eaft m\u00e1y camera s\u1ebd t\u1ef1 t\u1eaft, khi m\u1edf m\u00e1y th\u00ec ng\u01b0\u1ee3c l\u1ea1i camera s\u1ebd t\u1ef1 b\u1eadt.<\/p>\n<p><strong>Ghi h\u00ecnh th\u00f4ng minh<\/strong><\/p>\n<p><strong>Camera h\u00e0nh tr\u00ecnh gi\u00e1 r\u1ebb<\/strong>\u00a0Webvision S5 c\u00f3 ch\u1ee9c n\u0103ng t\u1ef1 \u0111\u1ed9ng ghi h\u00ecnh khi c\u00f3 v\u1eadt chuy\u1ec3n \u0111\u1ed9ng \u0111\u00e2y l\u00e0 m\u1ed9t t\u00ednh n\u0103ng r\u1ea5t \u01b0u vi\u1ec7t c\u1ee7a d\u00f2ng s\u1ea3n ph\u1ea9m camera h\u00e0nh tr\u00ecnh n\u00e0y gi\u00fap ph\u00e1t hi\u1ec7n tr\u1ed9m c\u1eafp hay nh\u1eefng h\u00e0nh \u0111\u1ed9ng x\u1ea5u c\u1ee7a k\u1ebb gian v\u1edbi xe, b\u1ea3o v\u1ec7 t\u1ed1i \u0111a cho chi\u1ebfc xe c\u1ee7a qu\u00fd kh\u00e1ch.<\/p>\n<figure id=\"attachment_1381\" class=\"wp-caption aligncenter\">a<figcaption class=\"wp-caption-text\"><em>Ch\u1ee9c n\u0103ng ghi h\u00ecnh th\u00f4ng m\u00ecnh, h\u00ecnh \u1ea3nh r\u00f5 n\u00e9t<\/em><\/figcaption><\/figure>\n<p>Webvision S5 t\u00edch h\u1ee3p th\u1ebb nh\u1edb l\u00ean t\u1edbi 32 GB gi\u00fap b\u1ea1n tho\u1ea3i m\u00e1i ghi l\u1ea1i to\u00e0n b\u1ed9 cu\u1ed9c h\u00e0nh tr\u00ecnh. File ghi h\u00ecnh s\u1ebd ghi \u0111\u00e8 v\u00f2ng l\u1eb7p, b\u1ea3o v\u1ec7 file khi c\u00f3 va ch\u1ea1m x\u1ea3y ra, ng\u01b0\u1eddi d\u00f9ng c\u00f3 th\u1ec3 d\u00f9ng l\u00e0m b\u1eb1ng ch\u1ee9ng x\u00e1c th\u1ef1c nh\u1ea5t cho xe.\u00a0Ghi \u00e2m t\u00f9y ch\u1ecdn c\u00f3 th\u1ec3 t\u1eaft\/b\u1eadt ti\u1ec7n d\u1ee5ng, thu\u1eadn l\u1ee3i.<\/p>\n<figure id=\"attachment_1354\" class=\"wp-caption aligncenter\"><img loading=\"lazy\" class=\"wp-image-1354 lazy-load-active\" src=\"https:\/\/webvision.vn\/wp-content\/uploads\/2017\/11\/BIN_6183-1-1200x800.jpg\" sizes=\"(max-width: 600px) 100vw, 600px\" srcset=\"https:\/\/webvision.vn\/wp-content\/uploads\/2017\/11\/BIN_6183-1-1200x800.jpg 1200w, https:\/\/webvision.vn\/wp-content\/uploads\/2017\/11\/BIN_6183-1-600x400.jpg 600w, https:\/\/webvision.vn\/wp-content\/uploads\/2017\/11\/BIN_6183-1-768x512.jpg 768w\" alt=\"\" width=\"600\" height=\"400\" data-src=\"https:\/\/webvision.vn\/wp-content\/uploads\/2017\/11\/BIN_6183-1-1200x800.jpg\" data-srcset=\"https:\/\/webvision.vn\/wp-content\/uploads\/2017\/11\/BIN_6183-1-1200x800.jpg 1200w, https:\/\/webvision.vn\/wp-content\/uploads\/2017\/11\/BIN_6183-1-600x400.jpg 600w, https:\/\/webvision.vn\/wp-content\/uploads\/2017\/11\/BIN_6183-1-768x512.jpg 768w\" \/><figcaption class=\"wp-caption-text\"><em>Webvision S5 \u2013 C\u00f9ng b\u1ea1n tr\u00ean m\u1ecdi h\u00e0nh tr\u00ecnh<\/em><\/figcaption><\/figure>\n<p>Camera h\u00e0nh tr\u00ecnh Webvision S5 v\u1edbi thi\u1ebft k\u1ebf \u0111\u1eb9p, nh\u1ecf g\u1ecdn, m\u00e0n h\u00ecnh hi\u1ec3n th\u1ecb s\u1eafc n\u00e9t, ng\u00f4n ng\u1eef Vi\u1ec7t h\u00f3a, th\u00e2n thi\u1ec7n d\u1ec5 s\u1eed d\u1ee5ng, t\u00ednh n\u0103ng v\u00f4 c\u00f9ng h\u1eefu \u00edch ch\u1eafc ch\u1eafn s\u1ebd l\u00e0 thi\u1ebft b\u1ecb m\u00e0 t\u00e0i x\u1ebf kh\u00f3 c\u00f3 th\u1ec3 b\u1ecf qua.<\/p>\n<p><strong>Video tr\u1ea3i nghi\u1ec7m th\u1ef1c t\u1ebf c\u1ee7a\u00a0Webvision S5<\/strong><\/p>\n","protected":false},"excerpt":{"rendered":"<p>Webvision S5 c\u00f3 ch\u1ee9c n\u0103ng n\u1ed5i b\u1eadt l\u00e0 t\u00edch h\u1ee3p camera l\u00f9i t\u1ef1 \u0111\u1ed9ng n\u00ean khi c\u00e0i s\u1ed1 R cam l\u00f9i s\u1ebd t\u1ef1 k\u00edch ho\u1ea1t cho h\u00ecnh \u1ea3nh ph\u00eda sau xe tr\u00ean m\u00e0n h\u00ecnh s\u1eafc n\u00e9t IPS 4.0 inch.\u00a0\u0110\u1eb7c bi\u1ebft Webvision S5 c\u00f3 ch\u1ebf \u0111\u1ed9 t\u1ef1 \u0111\u1ed9ng th\u00f4ng minh khi t\u1eaft m\u00e1y camera s\u1ebd t\u1ef1 t\u1eaft, khi m\u1edf m\u00e1y th\u00ec ng\u01b0\u1ee3c l\u1ea1i camera s\u1ebd t\u1ef1 b\u1eadt.<\/p>\n","protected":false},"featured_media":172,"comment_status":"open","ping_status":"closed","template":"","meta":[],"_links":{"self":[{"href":"https:\/\/webmaibinh.com\/w\/camera\/wp-json\/wp\/v2\/product\/170"}],"collection":[{"href":"https:\/\/webmaibinh.com\/w\/camera\/wp-json\/wp\/v2\/product"}],"about":[{"href":"https:\/\/webmaibinh.com\/w\/camera\/wp-json\/wp\/v2\/types\/product"}],"replies":[{"embeddable":true,"href":"https:\/\/webmaibinh.com\/w\/camera\/wp-json\/wp\/v2\/comments?post=170"}],"wp:featuredmedia":[{"embeddable":true,"href":"https:\/\/webmaibinh.com\/w\/camera\/wp-json\/wp\/v2\/media\/172"}],"wp:attachment":[{"href":"https:\/\/webmaibinh.com\/w\/camera\/wp-json\/wp\/v2\/media?parent=170"}],"curies":[{"name":"wp","href":"https:\/\/api.w.org\/{rel}","templated":true}]}}