{"id":229,"date":"2017-12-04T07:42:29","date_gmt":"2017-12-04T07:42:29","guid":{"rendered":"http:\/\/bds5.khowebseotop.vn\/?post_type=product&#038;p=229"},"modified":"2017-12-04T07:42:46","modified_gmt":"2017-12-04T07:42:46","slug":"chuyen-cho-thue-can-ho-noi-khu-phu-hung-q7-gia-re","status":"publish","type":"product","link":"https:\/\/webmaibinh.com\/w\/bds52011\/san-pham\/chuyen-cho-thue-can-ho-noi-khu-phu-hung-q7-gia-re\/","title":{"rendered":"Chuy\u00ean cho thu\u00ea c\u0103n h\u1ed9 n\u1ed9i khu Ph\u00fa M\u1ef9 H\u01b0ng, Q7 gi\u00e1 r\u1ebb"},"content":{"rendered":"<p>G\u1ecdi ngay Tu\u1ea5n Anh 090.484.0402 \u0111\u1ec3 \u0111\u01b0\u1ee3c t\u01b0 v\u1ea5n cho thu\u00ea c\u0103n h\u1ed9 t\u1ea1i Ph\u00fa M\u1ef9 H\u01b0ng. 1PN &#8211; 2PN &#8211; 3PN. Cam k\u1ebft h\u00e0ng th\u1ef1c gi\u00e1 th\u1ef1c, ph\u1ee5c v\u1ee5 24\/24. Phong c\u00e1ch l\u00e0m vi\u1ec7c chuy\u00ean nghi\u1ec7p &#8211; Ch\u00ednh x\u00e1c &#8211; Trung th\u1ef1c.<\/p>\n<p>Th\u00f4ng tin c\u01a1 b\u1ea3n (Tham kh\u1ea3o, gi\u00e1 thu\u00ea c\u00f3 th\u1ec3 thay \u0111\u1ed5i theo t\u1eebng th\u1eddi \u0111i\u1ec3m):<\/p>\n<p>1. Ph\u00e2n kh\u00fac gi\u00e1 trung c\u1ea5p:<br \/>\n&#8211; Gi\u00e1 10tr &#8211; 16tr\/th\u00e1ng: C\u0103n h\u1ed9 1PN, 2PN, 3PN (c\u00f3 n\u1ed9i th\u1ea5t ho\u1eb7c nh\u00e0 c\u01a1 b\u1ea3n).<br \/>\n\u0110\u1ecba \u0111i\u1ec3m: Khu ph\u1ed1 Sky Garden, H\u01b0ng V\u01b0\u1ee3ng, M\u1ef9 Vi\u00ean, M\u1ef9 Khang&#8230;. (G\u1ea7n Vivo City, v\u00e0 tr\u1ee5c \u0111\u01b0\u1eddng Nguy\u1ec5n \u0110\u1ee9c C\u1ea3nh, B\u00f9i B\u1eb1ng \u0110o\u00e0n).<\/p>\n<p>&#8211; Gi\u00e1 16tr &#8211; 20 tr\/th\u00e1ng: 3PN (N\u1ed9i th\u1ea5t ho\u1eb7c nh\u00e0 c\u01a1 b\u1ea3n).<br \/>\n\u0110\u1ecba \u0111i\u1ec3m: Khu ph\u1ed1 M\u1ef9 Kh\u00e1nh, Park View, M\u1ef9 Ph\u00fac, M\u1ef9 Ph\u00fac&#8230;.<\/p>\n<p>2. Ph\u00e2n kh\u00fac cao c\u1ea5p:<br \/>\n&#8211; Gi\u00e1 t\u1eeb 19tr &#8211; 35tr\/th\u00e1ng: 3PN (\u0110\u1ea7y \u0111\u1ee7 n\u1ed9i th\u1ea5t cao c\u1ea5p &#8211; C\u00f3 h\u00ecnh \u1ea3nh th\u1ef1c t\u1ebf).<br \/>\nTi\u1ec7n \u00edch h\u1ed3 b\u01a1i \u0111\u1ea7y \u0111\u1ee7.<br \/>\n\u0110\u1ecba \u0111i\u1ec3m: Panorama, Garden Court, Grand View, Riverside Ressident&#8230; (Tr\u00ean tr\u1ee5c \u0111\u01b0\u1eddng Nguy\u1ec5n \u0110\u1ee9c C\u1ea3nh, g\u1ea7n tr\u01b0\u1eddng qu\u1ed1c t\u1ebf \u0110inh Thi\u1ec7n L\u00fd).<\/p>\n<p>&#8211; C\u0103n h\u1ed9 m\u1edbi 100% cao c\u1ea5p (2PN &#8211; 3PN): Gi\u00e1 thu\u00ea t\u1eeb 18tr &#8211; 30tr\/th\u00e1ng. Full n\u1ed9i th\u1ea5t, \u0111\u01b0\u1ee3c decor m\u1edbi 100%.<br \/>\n\u0110\u1ecba \u0111i\u1ec3m: Happy Valley, Green Valley, Scenic Valley, Riviera Point G\u1ea7n khu v\u1ef1c b\u00eanh Vi\u1ec7n FV, B\u00f9i B\u1eb1ng \u0110o\u00e0n, \u0111\u1ed1i di\u1ec7n Cressent Mall.<\/p>\n<p>Ti\u1ec7n \u00edch Ph\u00fa M\u1ef9 H\u01b0ng:<\/p>\n<p>+ Trung t\u00e2m th\u01b0\u01a1ng m\u1ea1i Creacent Mall, SC Vivo City v\u00e0 h\u1ec7 th\u1ed1ng di\u00eau th\u1ecb mini \u1edf kh\u1eafp c\u00e1c c\u0103n h\u1ed9.<br \/>\n+ Khu vui ch\u01a1i th\u01b0 gi\u00e3n: H\u1ed3 B\u00e1n Nguy\u1ec7t, c\u1ea7u S\u00e1nh Sao, c\u00f4ng vi\u00ean H\u00e0n Qu\u1ed1c&#8230;<br \/>\n+ B\u1ec7nh vi\u1ec7n Ph\u00e1p Vi\u1ec7t, Tim T\u00e2m \u0110\u1ee9c&#8230;<br \/>\n+ H\u1ec7 th\u1ed1ng c\u00e1c tr\u01b0\u1eddng h\u1ecdc qu\u1ed1c t\u1ebf: H\u00e0n Qu\u1ed1c, \u0110\u00e0i Loan, Canada, \u0110inh Thi\u1ec7n L\u00fd, Nam S\u00e0i G\u00f2n&#8230;<\/p>\n<p>&#8211; An ninh: B\u1ea3o v\u1ec7 24\/7 t\u1ea1i kh\u1eafp Ph\u00fa M\u1ef9 H\u01b0ng. An to\u00e0n tuy\u1ec7t \u0111\u1ed1i.<\/p>\n<p>Ph\u01b0\u01a1ng th\u1ee9c thanh to\u00e1n c\u1ecdc 2 th\u00e1ng, thanh to\u00e1n 1 th\u00e1ng 1 l\u1ea7n.<br \/>\nTh\u1eddi h\u1ea1n h\u1ee3p \u0111\u1ed3ng t\u1ed1i thi\u1ec3u 1 n\u0103m.<\/p>\n","protected":false},"excerpt":{"rendered":"<p>G\u1ecdi ngay Tu\u1ea5n Anh 090.484.0402 \u0111\u1ec3 \u0111\u01b0\u1ee3c t\u01b0 v\u1ea5n cho thu\u00ea c\u0103n h\u1ed9 t\u1ea1i Ph\u00fa M\u1ef9 H\u01b0ng. 1PN &#8211; 2PN &#8211; 3PN. Cam k\u1ebft h\u00e0ng th\u1ef1c gi\u00e1 th\u1ef1c, ph\u1ee5c v\u1ee5 24\/24. Phong c\u00e1ch l\u00e0m vi\u1ec7c chuy\u00ean nghi\u1ec7p &#8211; Ch\u00ednh x\u00e1c &#8211; Trung th\u1ef1c. Th\u00f4ng tin c\u01a1 b\u1ea3n (Tham kh\u1ea3o, gi\u00e1 thu\u00ea c\u00f3 th\u1ec3 thay \u0111\u1ed5i [&#8230;]\n","protected":false},"featured_media":192,"comment_status":"open","ping_status":"closed","template":"","meta":[],"loai_du_an":[46],"thanh_pho":[43],"huong_nha":[35],"khoang_gia":[37],"_links":{"self":[{"href":"https:\/\/webmaibinh.com\/w\/bds52011\/wp-json\/wp\/v2\/product\/229"}],"collection":[{"href":"https:\/\/webmaibinh.com\/w\/bds52011\/wp-json\/wp\/v2\/product"}],"about":[{"href":"https:\/\/webmaibinh.com\/w\/bds52011\/wp-json\/wp\/v2\/types\/product"}],"replies":[{"embeddable":true,"href":"https:\/\/webmaibinh.com\/w\/bds52011\/wp-json\/wp\/v2\/comments?post=229"}],"wp:featuredmedia":[{"embeddable":true,"href":"https:\/\/webmaibinh.com\/w\/bds52011\/wp-json\/wp\/v2\/media\/192"}],"wp:attachment":[{"href":"https:\/\/webmaibinh.com\/w\/bds52011\/wp-json\/wp\/v2\/media?parent=229"}],"wp:term":[{"taxonomy":"loai_du_an","embeddable":true,"href":"https:\/\/webmaibinh.com\/w\/bds52011\/wp-json\/wp\/v2\/loai_du_an?post=229"},{"taxonomy":"thanh_pho","embeddable":true,"href":"https:\/\/webmaibinh.com\/w\/bds52011\/wp-json\/wp\/v2\/thanh_pho?post=229"},{"taxonomy":"huong_nha","embeddable":true,"href":"https:\/\/webmaibinh.com\/w\/bds52011\/wp-json\/wp\/v2\/huong_nha?post=229"},{"taxonomy":"khoang_gia","embeddable":true,"href":"https:\/\/webmaibinh.com\/w\/bds52011\/wp-json\/wp\/v2\/khoang_gia?post=229"}],"curies":[{"name":"wp","href":"https:\/\/api.w.org\/{rel}","templated":true}]}}