{"id":225,"date":"2017-12-04T07:29:54","date_gmt":"2017-12-04T07:29:54","guid":{"rendered":"http:\/\/bds5.khowebseotop.vn\/?post_type=product&#038;p=225"},"modified":"2018-03-14T02:49:52","modified_gmt":"2018-03-14T02:49:52","slug":"cho-thue-ch-sunrise-city-north-central-south-2-4pn-gia-tot","status":"publish","type":"product","link":"https:\/\/webmaibinh.com\/w\/bds52011\/san-pham\/cho-thue-ch-sunrise-city-north-central-south-2-4pn-gia-tot\/","title":{"rendered":"Cho thu\u00ea CH Sunrise City (North, Central, South) 2-4PN, gi\u00e1 t\u1ed1t"},"content":{"rendered":"<p>Chuy\u00ean cho thu\u00ea c\u0103n h\u1ed9 cao c\u1ea5p Sunrise City gi\u00e1 t\u1ed1t, \u0110C: 23 &#8211; 25 Nguy\u1ec5n H\u1eefu Th\u1ecd, Q7, \u0111\u1ed1i di\u1ec7n Lotte Mart. Li\u1ec1n k\u1ec1 c\u00e1c qu\u1eadn trung t\u00e2m, thu\u1eadn ti\u1ec7n giao th\u00f4ng.<br \/>\n&#8211; View s\u00f4ng, h\u1ed3 b\u01a1i, l\u1ea7u cao, \u0111\u1ea7y \u0111\u1ee7 n\u1ed9i th\u1ea5t cao c\u1ea5p.<br \/>\n&#8211; Khu d\u00e2n tr\u00ed cao, an ninh tuy\u1ec7t \u0111\u1ed1i, \u0111\u1ea7y \u0111\u1ee7 ti\u1ec7n \u00edch 5 sao (H\u1ed3 b\u01a1i, gym, s\u00e2n th\u1ec3 thao, spa, c\u00f4ng vi\u00ean, si\u00eau th\u1ecb, nh\u00e0 h\u00e0ng, cafe&#8230; ).<br \/>\nKhu Central.<br \/>\n+ 76m2, 2PN, gi\u00e1: 16 &#8211; 20 tri\u1ec7u\/ th\u00e1ng.<\/p>\n<p>+ 99m2, 2PN, 2WC. Gi\u00e1: 19 &#8211; 24 tri\u1ec7u\/ th\u00e1ng.<\/p>\n<p>+ 120m2, 3PN, gi\u00e1: 26 tri\u1ec7u\/ th\u00e1ng.<\/p>\n<p>+ 147m2, 3PN, gi\u00e1: T\u1eeb 28-33 tri\u1ec7u\/ th\u00e1ng.<\/p>\n<p>Khu South.<br \/>\n+ 59m2, 1PN, gi\u00e1 thu\u00ea: 16.5tr\/ th\u00e1ng.<\/p>\n<p>+ 69m2, 2PN. Gi\u00e1 thu\u00ea: 18 tri\u1ec7u\/ th\u00e1ng.<\/p>\n<p>+ 99m2, 2PN. Gi\u00e1 thu\u00ea: 19 &#8211; 22 tri\u1ec7u\/ th\u00e1ng.<\/p>\n<p>+ 102m2, 2PN, 2WC. Gi\u00e1 thu\u00ea: 19.5 &#8211; 22 tri\u1ec7u\/ th\u00e1ng.<\/p>\n<p>+ 106m2, 2PN. Gi\u00e1 thu\u00ea: 20 &#8211; 23 tri\u1ec7u\/ th\u00e1ng.<\/p>\n<p>+ 130m2, 3PN. Gi\u00e1 thu\u00ea: 25 &#8211; 30 tri\u1ec7u\/ th\u00e1ng.<\/p>\n<p>+ 162m2, 4PN. Gi\u00e1 thu\u00ea: 28 &#8211; 38 tri\u1ec7u\/ th\u00e1ng.<\/p>\n<p>Li\u00ean h\u1ec7: 0937.027.265 &#8211; 0977.479.294.<\/p>\n","protected":false},"excerpt":{"rendered":"<p>Chuy\u00ean cho thu\u00ea c\u0103n h\u1ed9 cao c\u1ea5p Sunrise City gi\u00e1 t\u1ed1t, \u0110C: 23 &#8211; 25 Nguy\u1ec5n H\u1eefu Th\u1ecd, Q7, \u0111\u1ed1i di\u1ec7n Lotte Mart. Li\u1ec1n k\u1ec1 c\u00e1c qu\u1eadn trung t\u00e2m, thu\u1eadn ti\u1ec7n giao th\u00f4ng. &#8211; View s\u00f4ng, h\u1ed3 b\u01a1i, l\u1ea7u cao, \u0111\u1ea7y \u0111\u1ee7 n\u1ed9i th\u1ea5t cao c\u1ea5p. &#8211; Khu d\u00e2n tr\u00ed cao, an ninh tuy\u1ec7t \u0111\u1ed1i, [&#8230;]\n","protected":false},"featured_media":88,"comment_status":"open","ping_status":"closed","template":"","meta":[],"loai_du_an":[46],"thanh_pho":[43],"huong_nha":[36],"khoang_gia":[38],"_links":{"self":[{"href":"https:\/\/webmaibinh.com\/w\/bds52011\/wp-json\/wp\/v2\/product\/225"}],"collection":[{"href":"https:\/\/webmaibinh.com\/w\/bds52011\/wp-json\/wp\/v2\/product"}],"about":[{"href":"https:\/\/webmaibinh.com\/w\/bds52011\/wp-json\/wp\/v2\/types\/product"}],"replies":[{"embeddable":true,"href":"https:\/\/webmaibinh.com\/w\/bds52011\/wp-json\/wp\/v2\/comments?post=225"}],"wp:featuredmedia":[{"embeddable":true,"href":"https:\/\/webmaibinh.com\/w\/bds52011\/wp-json\/wp\/v2\/media\/88"}],"wp:attachment":[{"href":"https:\/\/webmaibinh.com\/w\/bds52011\/wp-json\/wp\/v2\/media?parent=225"}],"wp:term":[{"taxonomy":"loai_du_an","embeddable":true,"href":"https:\/\/webmaibinh.com\/w\/bds52011\/wp-json\/wp\/v2\/loai_du_an?post=225"},{"taxonomy":"thanh_pho","embeddable":true,"href":"https:\/\/webmaibinh.com\/w\/bds52011\/wp-json\/wp\/v2\/thanh_pho?post=225"},{"taxonomy":"huong_nha","embeddable":true,"href":"https:\/\/webmaibinh.com\/w\/bds52011\/wp-json\/wp\/v2\/huong_nha?post=225"},{"taxonomy":"khoang_gia","embeddable":true,"href":"https:\/\/webmaibinh.com\/w\/bds52011\/wp-json\/wp\/v2\/khoang_gia?post=225"}],"curies":[{"name":"wp","href":"https:\/\/api.w.org\/{rel}","templated":true}]}}