{"id":333,"date":"2018-03-15T02:06:34","date_gmt":"2018-03-15T02:06:34","guid":{"rendered":"http:\/\/bds39.muathemewordpress.net\/?post_type=product&#038;p=333"},"modified":"2018-05-28T04:32:11","modified_gmt":"2018-05-28T04:32:11","slug":"biet-thu-an-vien-nha-trang","status":"publish","type":"product","link":"https:\/\/webmaibinh.com\/w\/bds212011\/san-pham\/biet-thu-an-vien-nha-trang\/","title":{"rendered":"Bi\u1ec7t th\u1ef1 An Vi\u00ean Nha Trang"},"content":{"rendered":"<section id=\"section_1457752612\" class=\"section section-du-an\">\n<div class=\"section-content relative\">\n<div id=\"row-708362896\" class=\"row\">\n<div class=\"col small-12 large-12\">\n<div class=\"col-inner\">\n<div id=\"row-1501862282\" class=\"row\">\n<div class=\"col small-12 large-12\">\n<div class=\"col-inner\">\n<p><strong>Nha Trang<\/strong>\u00a0l\u00e0 m\u1ed9t th\u00e0nh ph\u1ed1 ven bi\u1ec3n v\u00e0 l\u00e0 trung t\u00e2m ch\u00ednh tr\u1ecb, kinh t\u1ebf, v\u0103n h\u00f3a, khoa h\u1ecdc k\u1ef9 thu\u1eadt, du l\u1ecbch c\u1ee7a t\u1ec9nh Kh\u00e1nh H\u00f2a, Vi\u1ec7t Nam. \u00a0Nha Trang \u0111\u01b0\u1ee3c m\u1ec7nh danh l\u00e0 h\u00f2n ng\u1ecdc c\u1ee7a bi\u1ec3n \u0110\u00f4ng, vi\u00ean ng\u1ecdc xanh v\u00ec gi\u00e1 tr\u1ecb thi\u00ean nhi\u00ean, s\u1eafc \u0111\u1eb9p c\u0169ng nh\u01b0 kh\u00ed h\u1eadu c\u1ee7a n\u00f3., \u0111\u00e1ng ch\u00fa \u00fd l\u00e0 Festival Bi\u1ec3n Nha Trang v\u1edbi nhi\u1ec1u ho\u1ea1t \u0111\u1ed9ng vui ch\u01a1i gi\u1ea3i tr\u00ed phong ph\u00fa. Nha Trang l\u00e0 m\u1ed9t t\u1ec9nh ch\u1ecbu \u1ea3nh h\u01b0\u1edfng c\u1ee7a kh\u00ed h\u1eadu mi\u1ec1n nhi\u1ec7t \u0111\u1edbi n\u00ean kh\u00ed h\u1eadu quanh n\u0103m \u00f4n h\u00f2a, \u00edt m\u01b0a v\u00e0 n\u1eafng \u1ea5m. Ch\u00ednh v\u00ec th\u1ebf m\u00e0\u00a0<strong>du l\u1ecbch Nha Trang<\/strong>\u00a0quanh n\u0103m lu\u00f4n s\u1eb5n s\u00e0ng ch\u00e0o \u0111\u00f3n du kh\u00e1ch gh\u00e9 th\u0103m.<\/p>\n<p><img loading=\"lazy\" src=\"http:\/\/bds39.muathemewordpress.net\/wp-content\/uploads\/2018\/05\/biet-thu-view-bien-dep-335.jpg\" alt=\"\" width=\"768\" height=\"512\" \/><\/p>\n<p>Nhi\u1ec1u c\u1ea3nh \u0111\u1eb9p m\u00ea h\u1ed3n, kh\u00ed h\u1eadu \u00f4n h\u00f2a v\u00e0 \u0111\u1eb7c bi\u1ec7t lu\u00f4n mang \u0111\u1ebfn cho t\u00e2m h\u1ed3n b\u1ea1n c\u1ea3m gi\u00e1c b\u00ecnh y\u00ean hi\u1ebfm th\u1ea5y, ch\u1eb3ng c\u00f3 g\u00ec kh\u00f3 hi\u1ec3u khi Nha Trang lu\u00f4n \u0111\u01b0\u1ee3c b\u00ecnh ch\u1ecdn n\u1eb1m trong top nh\u1eefng thi\u00ean \u0111\u01b0\u1eddng ngh\u1ec9 d\u01b0\u1ee1ng b\u1eadc nh\u1ea5t t\u1ea1i Vi\u1ec7t Nam.<\/p>\n<p><img loading=\"lazy\" src=\"http:\/\/bds39.muathemewordpress.net\/wp-content\/uploads\/2018\/05\/biet-thu-view-bien-dep-335-1.jpg\" alt=\"\" width=\"662\" height=\"441\" \/><\/p>\n<p>N\u1ebfu \u0111ang l\u00ean k\u1ebf ho\u1ea1ch cho m\u1ed9t chuy\u1ebfn du l\u1ecbch kh\u00e1m ph\u00e1 th\u00e0nh ph\u1ed1 bi\u1ec3n xinh \u0111\u1eb9p n\u00e0y, bi\u1ec7t th\u1ef1\u00a0<strong>ViVa<\/strong>\u00a0l\u00e0 n\u01a1i l\u01b0u tr\u00fa l\u00fd t\u01b0\u1edfng v\u00e0 l\u00e0 n\u01a1i\u00a0<strong>cung c\u1ea5p nhi\u1ec1u d\u1ecbch v\u1ee5 ch\u1ea5t l\u01b0\u1ee3ng cao. \u0110\u1ebfn v\u1edbi ViVa<\/strong>, b\u1ea1n s\u1ebd t\u1eadn h\u01b0\u1edfng \u0111\u01b0\u1ee3c n<strong>h\u1eefng d\u1ecbch v\u1ee5 ti\u1ec7n \u00edch v\u1edbi m\u1ed9t m\u1ee9c gi\u00e1 ho\u00e0n to\u00e0n \u01b0u \u0111\u00e3i,<\/strong>\u00a0ti\u1ec7n \u0111i l\u1ea1i khi du l\u1ecbch Nha Trang, \u0111\u00e1p \u1ee9ng \u0111\u01b0\u1ee3c t\u1ea5t c\u1ea3 nhu c\u1ea7u ngh\u1ec9 d\u01b0\u1ee1ng c\u1ee7a b\u1ea1n c\u00f9ng gia \u0111\u00ecnh, b\u1ea1n b\u00e8 \u0111\u01b0\u1ee3c kh\u00e1ch h\u00e0ng c\u1ee7a\u00a0<strong>ViVa<\/strong>\u00a0r\u1ea5t y\u00eau th\u00edch.<\/p>\n<p>T\u1ea5t c\u1ea3 Bi\u1ec7t th\u1ef1 c\u1ee7a\u00a0<strong>ViVa<\/strong>\u00a0\u0111\u01b0\u1ee3c<strong>\u00a0x\u00e2y d\u1ef1ng theo phong c\u00e1ch ki\u1ebfn tr\u00fac c\u1ed5 \u0111i\u1ec3n Ph\u00e1p k\u1ebft h\u1ee3p v\u1edbi ki\u1ebfn tr\u00fac \u0111\u01b0\u01a1ng \u0111\u1ea1i<\/strong>, t\u1ea5t c\u1ea3 bi\u1ec7t th\u1ef1 ngh\u0129 d\u01b0\u1ee1ng\u00a0<strong>ViVa<\/strong>\u00a0n\u1eb1m tr\u1ecdn trong kh\u00f4ng gian s\u1ed1ng l\u00fd t\u01b0\u1edfng v\u1edbi s\u1ee9c h\u1ea5p d\u1eabn kh\u00f4ng th\u1ec3 ch\u1ed1i t\u1eeb, l\u00e0 n\u01a1i b\u1ea1n tr\u1edf v\u1ec1 \u0111\u1ec3 ngh\u1ec9 ng\u01a1i v\u00e0 t\u1eadn h\u01b0\u1edfng cu\u1ed9c s\u1ed1ng thi v\u1ecb, \u0111\u1ea7y \u00fd ngh\u0129a.<\/p>\n<p><img loading=\"lazy\" src=\"http:\/\/bds39.muathemewordpress.net\/wp-content\/uploads\/2018\/05\/biet-thu-view-bien-dep-335-2.jpg\" alt=\"\" width=\"768\" height=\"508\" \/><\/p>\n<p><strong>Bi\u1ec7t th\u1ef1 cao c\u1ea5p An Vi\u00ean<\/strong>\u00a0thu\u1ed9c h\u1ec7 th\u1ed1ng qu\u1ea3n l\u00fd c\u1ee7a c\u00f4ng ty ViVa v\u00e0 l\u00e0 n\u01a1i cung c\u1ea5p\u00a0<a href=\"https:\/\/bietthunghiduong.net\/diem-den-vni\/nha-trang-103.html\">bi\u1ec7t th\u1ef1 ngh\u1ec9 d\u01b0\u1ee1ng duy nh\u1ea5t \u1edf Nha Trang<\/a>. Qu\u1ea7n th\u1ec3 khu \u0111\u00f4 th\u1ecb bi\u1ec3n cao c\u1ea5p An Vi\u00ean \u0111\u01b0\u1ee3c x\u00e2y d\u1ef1ng \u0111\u1ea1t ti\u00eau chu\u1ea9n qu\u1ed1c t\u1ebf, v\u1edbi \u0111\u1ecba th\u1ebf l\u00fd t\u01b0\u1edfng n\u1eb1m tr\u1ea3i d\u00e0i tr\u00ean 2km b\u1edd bi\u1ec3n v\u1ecbnh Nha Trang \u2013 m\u1ed9t trong 29 v\u1ecbnh \u0111\u1eb9p nh\u1ea5t th\u1ebf gi\u1edbi v\u00e0 \u1edf ph\u00eda nam \u0111\u01b0\u1eddng Tr\u1ea7n Ph\u00fa, c\u00e1ch trung t\u00e2m th\u00e0nh ph\u1ed1 kho\u1ea3ng 4-5 ph\u00fat \u0111i xe \u00f4 t\u00f4.\u00a0<strong>T\u1eeb \u0111\u00e2y, b\u1ea1n s\u1ebd kh\u00f4ng m\u1ea5t nhi\u1ec1u th\u1eddi gian \u0111\u1ec3 \u0111i \u0111\u1ebfn c\u00e1c \u0111i\u1ec3m tham quan, du l\u1ecbch n\u1ed5i ti\u1ebfng c\u1ee7a ph\u1ed1 bi\u1ec3n nh\u01b0: L\u00e2\u0300u B\u1ea3o \u0110\u1ea1i, Vi\u00ea\u0323n H\u1ea3i D\u01b0\u01a1ng H\u1ecdc, Th\u00e1p B\u00e0 Ponaga, H\u00f2n Ch\u00f4\u0300ng, Ch\u1ee3 \u0110\u00e2\u0300m, Ch\u00f9a Long S\u01a1n\u2026 Tuy\u1ec7t v\u1eddi h\u01a1n, b\u1ea1n c\u00f3 th\u1ec3 tr\u1ea7m m\u00ecnh trong d\u00f2ng n\u01b0\u1edbc bi\u1ec3n trong xanh b\u1ea5t c\u1ee9 l\u00fac n\u00e0o.<\/strong><\/p>\n<p><img loading=\"lazy\" src=\"http:\/\/bds39.muathemewordpress.net\/wp-content\/uploads\/2018\/05\/biet-thu-view-bien-dep-335-3.jpg\" alt=\"\" width=\"768\" height=\"512\" \/><\/p>\n<p>C\u00e1c d\u1ecbch v\u1ee5 ch\u0103m s\u00f3c kh\u00e1ch h\u00e0ng c\u1ee7a ViVa Villa \u0111a d\u1ea1ng m\u00e0 mang t\u00ednh chuy\u00ean nghi\u1ec7p t\u1eeb\u00a0<strong>\u0111\u01b0a \u0111\u00f3n s\u00e2n bay, ngh\u1ec9 d\u01b0\u1ee1ng, ch\u0103m s\u00f3c s\u1ee9c kh\u1ecfe, \u0111\u1ebfn vui ch\u01a1i gi\u1ea3i tr\u00ed, thu\u00ea xe m\u00e1y, \u1ea9m th\u1ef1c\u2026<\/strong>\u00a0\u0111\u1ec1u ho\u1ea1t \u0111\u1ed9ng theo \u0111\u00fang c\u00e1c ti\u00eau ch\u00ed: sang tr\u1ecdng v\u00e0 ri\u00eang t\u01b0, \u0111\u1ed9c \u0111\u00e1o v\u00e0 \u0111\u1eb3ng c\u1ea5p, ti\u1ec7n nghi v\u00e0 \u1ea5m \u00e1p.<\/p>\n<p><img loading=\"lazy\" src=\"http:\/\/bds39.muathemewordpress.net\/wp-content\/uploads\/2018\/05\/biet-thu-view-bien-dep-335-4.jpg\" alt=\"\" width=\"768\" height=\"511\" \/><\/p>\n<p>&nbsp;<\/p>\n<p><img loading=\"lazy\" src=\"http:\/\/bds39.muathemewordpress.net\/wp-content\/uploads\/2018\/05\/biet-thu-view-bien-dep-335-5.jpg\" alt=\"\" width=\"768\" height=\"508\" \/><\/p>\n<\/div>\n<\/div>\n<\/div>\n<\/div>\n<\/div>\n<\/div>\n<\/div>\n<\/section>\n","protected":false},"excerpt":{"rendered":"<p>Nha Trang\u00a0l\u00e0 m\u1ed9t th\u00e0nh ph\u1ed1 ven bi\u1ec3n v\u00e0 l\u00e0 trung t\u00e2m ch\u00ednh tr\u1ecb, kinh t\u1ebf, v\u0103n h\u00f3a, khoa h\u1ecdc k\u1ef9 thu\u1eadt, du l\u1ecbch c\u1ee7a t\u1ec9nh Kh\u00e1nh H\u00f2a, Vi\u1ec7t Nam. \u00a0Nha Trang \u0111\u01b0\u1ee3c m\u1ec7nh danh l\u00e0 h\u00f2n ng\u1ecdc c\u1ee7a bi\u1ec3n \u0110\u00f4ng, vi\u00ean ng\u1ecdc xanh v\u00ec gi\u00e1 tr\u1ecb thi\u00ean nhi\u00ean, s\u1eafc \u0111\u1eb9p c\u0169ng nh\u01b0 kh\u00ed h\u1eadu c\u1ee7a [&#8230;]\n","protected":false},"featured_media":467,"comment_status":"open","ping_status":"closed","template":"","meta":[],"_links":{"self":[{"href":"https:\/\/webmaibinh.com\/w\/bds212011\/wp-json\/wp\/v2\/product\/333"}],"collection":[{"href":"https:\/\/webmaibinh.com\/w\/bds212011\/wp-json\/wp\/v2\/product"}],"about":[{"href":"https:\/\/webmaibinh.com\/w\/bds212011\/wp-json\/wp\/v2\/types\/product"}],"replies":[{"embeddable":true,"href":"https:\/\/webmaibinh.com\/w\/bds212011\/wp-json\/wp\/v2\/comments?post=333"}],"wp:featuredmedia":[{"embeddable":true,"href":"https:\/\/webmaibinh.com\/w\/bds212011\/wp-json\/wp\/v2\/media\/467"}],"wp:attachment":[{"href":"https:\/\/webmaibinh.com\/w\/bds212011\/wp-json\/wp\/v2\/media?parent=333"}],"curies":[{"name":"wp","href":"https:\/\/api.w.org\/{rel}","templated":true}]}}