{"id":177,"date":"2016-08-31T02:01:19","date_gmt":"2016-08-31T02:01:19","guid":{"rendered":"http:\/\/localhost\/m31\/?page_id=177"},"modified":"2018-04-09T03:26:40","modified_gmt":"2018-04-09T03:26:40","slug":"dang-ky","status":"publish","type":"page","link":"https:\/\/webmaibinh.com\/w\/bds2011\/dang-ky\/","title":{"rendered":"\u0110\u0103ng k\u00fd"},"content":{"rendered":"","protected":false},"excerpt":{"rendered":"","protected":false},"author":17,"featured_media":0,"parent":0,"menu_order":0,"comment_status":"closed","ping_status":"closed","template":"user\/template-register.php","meta":[],"_links":{"self":[{"href":"https:\/\/webmaibinh.com\/w\/bds2011\/wp-json\/wp\/v2\/pages\/177"}],"collection":[{"href":"https:\/\/webmaibinh.com\/w\/bds2011\/wp-json\/wp\/v2\/pages"}],"about":[{"href":"https:\/\/webmaibinh.com\/w\/bds2011\/wp-json\/wp\/v2\/types\/page"}],"author":[{"embeddable":true,"href":"https:\/\/webmaibinh.com\/w\/bds2011\/wp-json\/wp\/v2\/users\/17"}],"replies":[{"embeddable":true,"href":"https:\/\/webmaibinh.com\/w\/bds2011\/wp-json\/wp\/v2\/comments?post=177"}],"version-history":[{"count":0,"href":"https:\/\/webmaibinh.com\/w\/bds2011\/wp-json\/wp\/v2\/pages\/177\/revisions"}],"wp:attachment":[{"href":"https:\/\/webmaibinh.com\/w\/bds2011\/wp-json\/wp\/v2\/media?parent=177"}],"curies":[{"name":"wp","href":"https:\/\/api.w.org\/{rel}","templated":true}]}}