{"id":1085,"date":"2019-12-19T03:28:20","date_gmt":"2019-12-19T03:28:20","guid":{"rendered":"http:\/\/bansach.muathemewordpress.net\/?post_type=product&#038;p=1085"},"modified":"2019-12-19T03:28:20","modified_gmt":"2019-12-19T03:28:20","slug":"bo-sach-khoi-nghiep-tinh-gon","status":"publish","type":"product","link":"https:\/\/webmaibinh.com\/w\/bansach2011\/san-pham\/bo-sach-khoi-nghiep-tinh-gon\/","title":{"rendered":"B\u1ed9 s\u00e1ch Kh\u1edfi nghi\u1ec7p Tinh g\u1ecdn"},"content":{"rendered":"<p><strong>B\u1ed9 s\u00e1ch Kh\u1edfi nghi\u1ec7p Tinh g\u1ecdn<\/strong><\/p>\n<p>Trong nh\u1eefng n\u0103m g\u1ea7n \u0111\u00e2y, LEAN hay TINH G\u1eccN \u0111\u00e3 kh\u00f4ng c\u00f2n l\u00e0 m\u1ed9t thu\u1eadt ng\u1eef xa l\u1ea1. Ph\u01b0\u01a1ng ph\u00e1p TINH G\u1eccN \u0111em l\u1ea1i nh\u1eefng l\u1ee3i \u00edch tuy\u1ec7t v\u1eddi m\u00e0 m\u1ecdi doanh nghi\u1ec7p hay m\u1ecdi l\u0129nh v\u1ef1c kinh doanh \u0111\u1ec1u mong mu\u1ed1n \u00e1p d\u1ee5ng v\u00e0o c\u00e1c ho\u1ea1t \u0111\u1ed9ng qu\u1ea3n tr\u1ecb \u0111\u1ec3 tr\u1edf n\u00ean HI\u1ec6U QU\u1ea2 v\u00e0 C\u1ea0NH TRANH h\u01a1n.<\/p>\n<p>Tuy nhi\u00ean, c\u00e1c ho\u1ea1t \u0111\u1ed9ng tri\u1ec3n khai v\u00e0 ti\u1ebfp c\u1eadn h\u1ec7 th\u1ed1ng LEAN c\u1ee7a c\u00e1c doanh nghi\u1ec7p Vi\u1ec7t Nam hi\u1ec7n v\u1eabn c\u00f2n kh\u00e1 r\u1eddi r\u1ea1c, kh\u00f4ng \u0111em l\u1ea1i hi\u1ec7u qu\u1ea3 nh\u01b0 mong \u0111\u1ee3i. Nguy\u00ean nh\u00e2n ch\u1ee7 y\u1ebfu l\u00e0 b\u1edfi ph\u1ea7n l\u1edbn c\u00e1c doanh nghi\u1ec7p ch\u01b0a hi\u1ec3u s\u00e2u s\u1eafc b\u1ea3n ch\u1ea5t ph\u01b0\u01a1ng ph\u00e1p TINH G\u1eccN n\u00ean \u00e1p d\u1ee5ng ho\u00e0n to\u00e0n l\u00fd thuy\u1ebft ho\u1eb7c sao ch\u00e9p c\u1ee9ng nh\u1eafc t\u1eeb m\u00f4 h\u00ecnh th\u00e0nh c\u00f4ng c\u1ee7a doanh nghi\u1ec7p kh\u00e1c.<\/p>\n<p>Lo\u1ea1t s\u00e1ch Tinh G\u1ecdn ra \u0111\u1eddi, h\u1ee9a h\u1eb9n \u0111em \u0111\u1ebfn cho \u0111\u1ed9c gi\u1ea3 nh\u1eefng cach th\u1ee9c g\u1ea7n g\u0169i v\u00e0 \u0111\u01a1n gi\u1ea3n nh\u1ea5t \u0111\u1ec3 v\u1eadn d\u1ee5ng ph\u01b0\u01a1ng ph\u00e1p Tinh G\u1ecdn v\u00e0o c\u00e1c ho\u1ea1t \u0111\u1ed9ng kinh doanh c\u1ee7a Doanh nghi\u1ec7p.<\/p>\n<p>V\u1edbi b\u1ed9 s\u00e1ch Tinh G\u1ecdn, c\u00e1c nh\u00e0 qu\u1ea3n l\u00fd, ch\u1ee7 doanh nghi\u1ec7p, nh\u00e0 kh\u1edfi nghi\u1ec7p \u0111\u00e3 s\u1edf h\u1eefu trong tay b\u1ed9 c\u00f4ng c\u1ee5 c\u1ea3i ti\u1ebfn doanh nghi\u1ec7p ch\u01b0a t\u1eebng c\u00f3 tr\u01b0\u1edbc \u0111\u00e2y!<\/p>\n<p><strong>B\u1ed9 s\u00e1ch g\u1ed3m 6 cu\u1ed1n:<\/strong><\/p>\n<p>1.\u00a0Doanh Nghi\u1ec7p Tinh G\u1ecdn<\/p>\n<p>2.\u00a0Doanh Nghi\u1ec7p Tinh G\u1ecdn 2<\/p>\n<p>3.\u00a0V\u1eadn H\u00e0nh Tinh G\u1ecdn<\/p>\n<p>4.\u00a0Ph\u00e1t Tri\u1ec3n Kh\u00e1ch H\u00e0ng Tinh G\u1ecdn<\/p>\n<p>5.\u00a0X\u00e2y D\u1ef1ng Th\u01b0\u01a1ng Hi\u1ec7u Tinh G\u1ecdn<\/p>\n<p>6.\u00a0Ph\u00e2n T\u00edch D\u1eef Li\u1ec7u Tinh G\u1ecdn<\/p>\n<p><em><strong>Alpha Books tr\u00e2n tr\u1ecdng gi\u1edbi thi\u1ec7u!<\/strong><\/em><\/p>\n<p>&nbsp;<\/p>\n","protected":false},"excerpt":{"rendered":"<p>B\u1ed9 s\u00e1ch Kh\u1edfi nghi\u1ec7p Tinh g\u1ecdn Trong nh\u1eefng n\u0103m g\u1ea7n \u0111\u00e2y, LEAN hay TINH G\u1eccN \u0111\u00e3 kh\u00f4ng c\u00f2n l\u00e0 m\u1ed9t thu\u1eadt ng\u1eef xa l\u1ea1. Ph\u01b0\u01a1ng ph\u00e1p TINH G\u1eccN \u0111em l\u1ea1i nh\u1eefng l\u1ee3i \u00edch tuy\u1ec7t v\u1eddi m\u00e0 m\u1ecdi doanh nghi\u1ec7p hay m\u1ecdi l\u0129nh v\u1ef1c kinh doanh \u0111\u1ec1u mong mu\u1ed1n \u00e1p d\u1ee5ng v\u00e0o c\u00e1c ho\u1ea1t \u0111\u1ed9ng qu\u1ea3n tr\u1ecb \u0111\u1ec3 tr\u1edf n\u00ean HI\u1ec6U QU\u1ea2 v\u00e0 C\u1ea0NH TRANH h\u01a1n. Tuy nhi\u00ean, c\u00e1c ho\u1ea1t \u0111\u1ed9ng tri\u1ec3n khai v\u00e0 ti\u1ebfp c\u1eadn&#8230;<\/p>\n<p>&nbsp;<\/p>\n","protected":false},"featured_media":1086,"comment_status":"open","ping_status":"closed","template":"","meta":[],"_links":{"self":[{"href":"https:\/\/webmaibinh.com\/w\/bansach2011\/wp-json\/wp\/v2\/product\/1085"}],"collection":[{"href":"https:\/\/webmaibinh.com\/w\/bansach2011\/wp-json\/wp\/v2\/product"}],"about":[{"href":"https:\/\/webmaibinh.com\/w\/bansach2011\/wp-json\/wp\/v2\/types\/product"}],"replies":[{"embeddable":true,"href":"https:\/\/webmaibinh.com\/w\/bansach2011\/wp-json\/wp\/v2\/comments?post=1085"}],"wp:featuredmedia":[{"embeddable":true,"href":"https:\/\/webmaibinh.com\/w\/bansach2011\/wp-json\/wp\/v2\/media\/1086"}],"wp:attachment":[{"href":"https:\/\/webmaibinh.com\/w\/bansach2011\/wp-json\/wp\/v2\/media?parent=1085"}],"curies":[{"name":"wp","href":"https:\/\/api.w.org\/{rel}","templated":true}]}}