{"id":923,"date":"2017-06-05T02:57:20","date_gmt":"2017-06-05T02:57:20","guid":{"rendered":"http:\/\/bansach.muathemewordpress.net\/?page_id=923"},"modified":"2019-12-20T02:45:49","modified_gmt":"2019-12-20T02:45:49","slug":"chinh-sach-doi-tra-hoan-tien","status":"publish","type":"page","link":"https:\/\/webmaibinh.com\/w\/bansach2011\/chinh-sach-doi-tra-hoan-tien\/","title":{"rendered":"Ch\u00ednh s\u00e1ch \u0111\u1ed5i ho\u00e0n ti\u1ec1n"},"content":{"rendered":"<p>CH\u00cdNH S\u00c1CH \u0110\u1ed4I\/TR\u1ea2\/HO\u00c0N TI\u1ec0N<br \/>\nCh\u00fang t\u00f4i lu\u00f4n tr\u00e2n tr\u1ecdng s\u1ef1 tin t\u01b0\u1edfng v\u00e0 \u1ee7ng h\u1ed9 c\u1ee7a kh\u00e1ch h\u00e0ng khi \u0111\u1eb7t mua s\u1ea3n ph\u1ea9m t\u1ea1i ABCBook.com. Do \u0111\u00f3 ch\u00fang t\u00f4i lu\u00f4n c\u1ed1 g\u1eafng ho\u00e0n thi\u1ec7n d\u1ecbch v\u1ee5 t\u1ed1t nh\u1ea5t ph\u1ee5c v\u1ee5 m\u1ecdi nhu c\u1ea7u mua s\u1eafm c\u1ee7a qu\u00fd kh\u00e1ch.<br \/>\nABCBook.com ch\u00fang t\u00f4i lu\u00f4n lu\u00f4n cam k\u1ebft t\u1ea5t c\u1ea3 c\u00e1c s\u1ea3n ph\u1ea9m b\u00e1n t\u1ea1i Alpha Books 100% l\u00e0 nh\u1eefng s\u1ea3n ph\u1ea9m ch\u1ea5t l\u01b0\u1ee3ng v\u00e0 xu\u1ea5t x\u1ee9 ngu\u1ed3n g\u1ed1c r\u00f5 r\u00e0ng, h\u1ee3p ph\u00e1p c\u0169ng nh\u01b0 an to\u00e0n cho ng\u01b0\u1eddi ti\u00eau d\u00f9ng.<\/p>\n<p>\u0110\u1ec3 vi\u1ec7c mua s\u1eafm c\u1ee7a qu\u00fd kh\u00e1ch t\u1ea1i ABCBook.com l\u00e0 tr\u1ea3i nghi\u1ec7m d\u1ecbch v\u1ee5 th\u00e2n thi\u1ec7n, ch\u00fang t\u00f4i hy v\u1ecdng qu\u00fd kh\u00e1ch l\u00fac nh\u1eadn h\u00e0ng ki\u1ec3m tra k\u1ef9 l\u1ea1i:<\/p>\n<p>\u2013 S\u1ed1 l\u01b0\u1ee3ng.<\/p>\n<p>\u2013 T\u00ean s\u1ea3n ph\u1ea9m v\u00e0 ch\u1ea5t l\u01b0\u1ee3ng s\u1ea3n ph\u1ea9m.<\/p>\n<p>\u2013 Th\u00f4ng tin s\u1ea3n ph\u1ea9m, th\u00f4ng tin ng\u01b0\u1eddi nh\u1eadn (\u0110\u1ed1i chi\u1ebfu v\u1edbi th\u00f4ng tin tr\u00ean phi\u1ebfu giao h\u00e0ng \u0111\u01b0\u1ee3c b\u1ecf trong h\u1ed9p) trong l\u00fac nh\u1eadn h\u00e0ng tr\u01b0\u1edbc khi k\u00fd nh\u1eadn v\u00e0 thanh to\u00e1n ti\u1ec1n cho nh\u00e2n vi\u00ean giao nh\u1eadn.<\/p>\n<p>Tuy nhi\u00ean \u0111\u1ec3 qu\u00fd kh\u00e1ch y\u00ean t\u00e2m h\u01a1n trong vi\u1ec7c mua s\u1eafm v\u00e0 tr\u1ea3i nghi\u1ec7m d\u1ecbch v\u1ee5 c\u1ee7a ABCBook.com, ch\u00fang t\u00f4i x\u00e2y d\u1ef1ng ch\u00ednh s\u00e1ch \u0111\u1ed5i\/ tr\u1ea3\/ ho\u00e0n ti\u1ec1n tr\u00ean tinh th\u1ea7n b\u1ea3o v\u1ec7 quy\u1ec1n l\u1ee3i ng\u01b0\u1eddi ti\u00eau d\u00f9ng nh\u1eb1m cam k\u1ebft v\u1edbi qu\u00fd kh\u00e1ch v\u1ec1 ch\u1ea5t l\u01b0\u1ee3ng s\u1ea3n ph\u1ea9m v\u00e0 d\u1ecbch v\u1ee5 c\u1ee7a ch\u00fang t\u00f4i.<\/p>\n<p>Khi qu\u00fd kh\u00e1ch h\u00e0ng c\u00f3 h\u00e0ng h\u00f3a mua t\u1ea1i ABCBook.com c\u1ea7n \u0111\u1ed5i\/ tr\u1ea3, xin qu\u00fd kh\u00e1ch h\u00e0ng li\u00ean h\u1ec7 v\u1edbi ch\u00fang t\u00f4i qua hotline 0972373297 \u0111\u1ec3 t\u00ecm hi\u1ec3u th\u00eam v\u1ec1 ch\u00ednh s\u00e1ch \u0111\u1ed5i\/tr\u1ea3:<\/p>\n<p>1. Th\u1eddi gian gi\u1ea3i quy\u1ebft \u0111\u1ed5i tr\u1ea3<\/p>\n<p>CH\u00cdNH S\u00c1CH \u0110\u1ed4I \/ TR\u1ea2 \/ HO\u00c0N TI\u1ec0N<br \/>\nCh\u00fang t\u00f4i lu\u00f4n tr\u00e2n tr\u1ecdng s\u1ef1 tin t\u01b0\u1edfng v\u00e0 \u1ee7ng h\u1ed9 c\u1ee7a kh\u00e1ch h\u00e0ng khi \u0111\u1eb7t mua s\u1ea3n ph\u1ea9m t\u1ea1i ABCBook.com. Do \u0111\u00f3 ch\u00fang t\u00f4i lu\u00f4n c\u1ed1 g\u1eafng ho\u00e0n thi\u1ec7n d\u1ecbch v\u1ee5 t\u1ed1t nh\u1ea5t ph\u1ee5c v\u1ee5 m\u1ecdi nhu c\u1ea7u mua s\u1eafm c\u1ee7a qu\u00fd kh\u00e1ch.<\/p>\n<p>ABCBook.com ch\u00fang t\u00f4i lu\u00f4n lu\u00f4n cam k\u1ebft t\u1ea5t c\u1ea3 c\u00e1c s\u1ea3n ph\u1ea9m b\u00e1n t\u1ea1i ABCBook.com 100% l\u00e0 nh\u1eefng s\u1ea3n ph\u1ea9m ch\u1ea5t l\u01b0\u1ee3ng v\u00e0 xu\u1ea5t x\u1ee9 ngu\u1ed3n g\u1ed1c r\u00f5 r\u00e0ng, h\u1ee3p ph\u00e1p c\u0169ng nh\u01b0 an to\u00e0n cho ng\u01b0\u1eddi ti\u00eau d\u00f9ng.<\/p>\n<p>\u0110\u1ec3 vi\u1ec7c mua s\u1eafm c\u1ee7a qu\u00fd kh\u00e1ch t\u1ea1i ABCBook.com l\u00e0 tr\u1ea3i nghi\u1ec7m d\u1ecbch v\u1ee5 th\u00e2n thi\u1ec7n, ch\u00fang t\u00f4i hy v\u1ecdng qu\u00fd kh\u00e1ch l\u00fac nh\u1eadn h\u00e0ng ki\u1ec3m tra k\u1ef9 l\u1ea1i:<\/p>\n<p>\u2013 S\u1ed1 l\u01b0\u1ee3ng.<\/p>\n<p>\u2013 T\u00ean s\u1ea3n ph\u1ea9m v\u00e0 ch\u1ea5t l\u01b0\u1ee3ng s\u1ea3n ph\u1ea9m.<\/p>\n<p>\u2013 Th\u00f4ng tin s\u1ea3n ph\u1ea9m, th\u00f4ng tin ng\u01b0\u1eddi nh\u1eadn (\u0110\u1ed1i chi\u1ebfu v\u1edbi th\u00f4ng tin tr\u00ean phi\u1ebfu giao h\u00e0ng \u0111\u01b0\u1ee3c b\u1ecf trong h\u1ed9p) trong l\u00fac nh\u1eadn h\u00e0ng tr\u01b0\u1edbc khi k\u00fd nh\u1eadn v\u00e0 thanh to\u00e1n ti\u1ec1n cho nh\u00e2n vi\u00ean giao nh\u1eadn.<\/p>\n<p>Tuy nhi\u00ean \u0111\u1ec3 qu\u00fd kh\u00e1ch y\u00ean t\u00e2m h\u01a1n trong vi\u1ec7c mua s\u1eafm v\u00e0 tr\u1ea3i nghi\u1ec7m d\u1ecbch v\u1ee5 c\u1ee7a ABCBook.com, ch\u00fang t\u00f4i x\u00e2y d\u1ef1ng ch\u00ednh s\u00e1ch \u0111\u1ed5i\/ tr\u1ea3\/ ho\u00e0n ti\u1ec1n tr\u00ean tinh th\u1ea7n b\u1ea3o v\u1ec7 quy\u1ec1n l\u1ee3i ng\u01b0\u1eddi ti\u00eau d\u00f9ng nh\u1eb1m cam k\u1ebft v\u1edbi qu\u00fd kh\u00e1ch v\u1ec1 ch\u1ea5t l\u01b0\u1ee3ng s\u1ea3n ph\u1ea9m v\u00e0 d\u1ecbch v\u1ee5 c\u1ee7a ch\u00fang t\u00f4i.<\/p>\n<p>Khi qu\u00fd kh\u00e1ch h\u00e0ng c\u00f3 h\u00e0ng h\u00f3a mua t\u1ea1i ABCBook.com c\u1ea7n \u0111\u1ed5i\/ tr\u1ea3, xin qu\u00fd kh\u00e1ch h\u00e0ng li\u00ean h\u1ec7 v\u1edbi ch\u00fang t\u00f4i qua hotline 0972373297 \u0111\u1ec3 t\u00ecm hi\u1ec3u th\u00eam v\u1ec1 ch\u00ednh s\u00e1ch \u0111\u1ed5i\/tr\u1ea3:<\/p>\n<p>1. Th\u1eddi gian gi\u1ea3i quy\u1ebft \u0111\u1ed5i tr\u1ea3<\/p>\n<p>\u0110\u01a1n h\u00e0ng c\u1ee7a qu\u00fd kh\u00e1ch<br \/>\n\u0111\u01b0\u1ee3c giao th\u00e0nh c\u00f4ng<\/p>\n<p>\u0110\u01a1n h\u00e0ng qu\u00fd kh\u00e1ch<br \/>\n\u0111ang tr\u00ean \u0111\u01b0\u1eddng \u0111i<\/p>\n<p>Th\u1eddi gian gi\u1ea3i quy\u1ebft T\u1ed1i \u0111a 7 ng\u00e0y l\u00e0m vi\u1ec7c Khi nh\u1eadn \u0111\u01b0\u1ee3c y\u00eau c\u1ea7u t\u1eeb qu\u00fd kh\u00e1ch<br \/>\nN\u1ed9i dung \u0111\u01b0\u1ee3c gi\u1ea3i quy\u1ebft Theo hi\u1ec7n tr\u1ea1ng \u0111\u01a1n h\u00e0ng c\u1ea7n \u0111\u1ed5i\/tr\u1ea3. (xem c\u1ee5 th\u1ec3 t\u1ea1i #2 \u0111i\u1ec1u ki\u1ec7n \u0111\u1ed5i tr\u1ea3) Ch\u00fang t\u00f4i ch\u1ec9 h\u1ed7 tr\u1ee3 qu\u00fd kh\u00e1ch \u0111\u1ed5i m\u1eb7t h\u00e0ng kh\u00e1c \u0111\u1ec3 ph\u00f9 h\u1ee3p h\u01a1n v\u1edbi nhu c\u1ea7u c\u1ee7a qu\u00fd kh\u00e1ch\/h\u1ee7y \u0111\u01a1n h\u00e0ng(*)<br \/>\n(*) N\u1ebfu qu\u00fd kh\u00e1ch h\u1ee7y \u0111\u01a1n h\u00e0ng c\u0169, \u0111\u00e3 chuy\u1ec3n kho\u1ea3n thanh to\u00e1n th\u00e0nh c\u00f4ng,m\u00e0 kh\u00f4ng c\u00f3 nhu c\u1ea7u \u0111\u1eb7t l\u1ea1i \u0111\u01a1n h\u00e0ng kh\u00e1c \u2192 ch\u00fang t\u00f4i s\u1ebd ho\u00e0n ti\u1ec1n l\u1ea1i cho Qu\u00fd kh\u00e1ch trong v\u00f2ng 7 ng\u00e0y l\u00e0m vi\u1ec7c qua h\u1ec7 th\u1ed1ng ng\u00e2n h\u00e0ng k\u1ec3 t\u1eeb ng\u00e0y nh\u1eadn v\u00e0 gi\u1ea3i quy\u1ebft y\u00eau c\u1ea7u cho qu\u00fd kh\u00e1ch<\/p>\n<p>Ch\u00ednh s\u00e1ch n\u00e0y \u0111\u01b0\u1ee3c \u00e1p d\u1ee5ng cho to\u00e0n b\u1ed9 \u0111\u01a1n h\u00e0ng c\u1ee7a Qu\u00fd kh\u00e1ch t\u1ea1i ABCBook.com<\/p>\n<p>2. \u0110i\u1ec1u ki\u1ec7n \u0111\u1ed5i tr\u1ea3:<\/p>\n<p>ABCBook.comh\u1ed7 tr\u1ee3 \u0111\u1ed5i\/ tr\u1ea3 s\u1ea3n ph\u1ea9m cho qu\u00fd kh\u00e1ch n\u1ebfu:<\/p>\n<p>\u2013 S\u1ea3n ph\u1ea9m c\u00f2n nguy\u00ean bao b\u00ec nh\u01b0 hi\u1ec7n tr\u1ea1ng ban \u0111\u1ea7u.<\/p>\n<p>\u2013 S\u1ea3n ph\u1ea7m c\u00f2n \u0111\u1ea7y \u0111\u1ee7 ph\u1ee5 ki\u1ec7n, qu\u00e0 t\u1eb7ng khuy\u1ebfn m\u00e3i k\u00e8m theo.<\/p>\n<p>\u2013 Phi\u1ebfu giao h\u00e0ng ABCBook.com \/ H\u00f3a \u0111\u01a1n GTGT ( n\u1ebfu c\u00f3)<\/p>\n<p>3. Ch\u00ednh s\u00e1ch \u0111\u1ed5i tr\u1ea3<\/p>\n<p>T\u1ea5t c\u1ea3 c\u00e1c \u0111\u01a1n h\u00e0ng \u0111\u1ed5i tr\u1ea3 c\u1ea7n \u0111\u01b0\u1ee3c ch\u1ee5p h\u00ecnh v\u00e0 g\u1eedi email v\u1ec1 taminhquyen@gmail.com v\u1edbi ti\u00eau \u0111\u1ec1 \u201c\u0110\u1ed5i Tr\u1ea3 \u0110\u01a1n H\u00e0ng #100xxx\u201d:<\/p>\n<p>\u2013 Ch\u1ee5p h\u00ecnh v\u1ec1 t\u00ecnh tr\u1ea1ng s\u1ea3n ph\u1ea9m, n\u00eau r\u00f5 l\u1ed7i k\u1ef9 thu\u1eadt n\u1ebfu c\u00f3.<\/p>\n<p>\u2013 Ch\u1ee5p h\u00ecnh v\u1ec1 t\u00ecnh tr\u1ea1ng bao b\u00ec, ch\u00fa \u00fd c\u00e1c \u0111i\u1ec3m nh\u01b0:<\/p>\n<p>+ S\u00e1ch c\u00f3 \u0111\u01b0\u1ee3c b\u1ecdc m\u00e0ng co hay kh\u00f4ng?<\/p>\n<p>+ H\u1ed9p c\u00f3 \u0111\u01b0\u1ee3c ch\u00e8n gi\u1ea5y v\u1ee5n \u0111\u1ec3 b\u1ea3o v\u1ec7 khi v\u1eadn chuy\u1ec3n hay kh\u00f4ng?<\/p>\n<p>+ H\u1ed9p b\u1ecb \u01b0\u1edbt \u2026?<\/p>\n<p>N\u1ed9i dung \u0111\u1ed5i\/ tr\u1ea3 s\u1ea3n ph\u1ea9m C\u00e1ch th\u1ee9c x\u1eed l\u00fd<br \/>\n1 L\u1ed7i k\u1ef9 thu\u1eadt c\u1ee7a s\u1ea3n ph\u1ea9m (s\u00e1ch thi\u1ebfu trang, s\u00fat g\u00e1y, tr\u00f9ng n\u1ed9i dung, s\u1ea3n ph\u1ea9m \u0111i\u1ec7n t\u1eed kh\u00f4ng ho\u1ea1t \u0111\u1ed9ng..) ABCBook.com c\u00f3 s\u1ea3n ph\u1ea9m\u2192 \u0111\u1ed5i m\u1edbi c\u00f9ng s\u1ea3n ph\u1ea9m<br \/>\nABCBook.com h\u1ebft h\u00e0ng\u2192 Ho\u00e0n ti\u1ec1n (*)\/ Qu\u00fd kh\u00e1ch c\u00f3 th\u1ec3 ch\u1ecdn m\u1eb7t h\u00e0ng kh\u00e1c t\u1ea1i website www.ABCBook.com.<\/p>\n<p>2 S\u1ea3n ph\u1ea9m h\u1ecfng do qu\u00fd kh\u00e1ch Kh\u00f4ng h\u1ed7 tr\u1ee3 \u0111\u1ed5i\/ tr\u1ea3<br \/>\n3 L\u00fd do \u0111\u1ed5i\/tr\u1ea3 s\u1ea3n ph\u1ea9m nh\u01b0: kh\u00e1ch \u0111\u1eb7t nh\u1ea7m, s\u00e1ch c\u00f3 n\u1ed9i dung kh\u00f4ng hay, kh\u00e1ch kh\u00f4ng th\u00edch s\u1ea3n ph\u1ea9m \u0111\u00e3 \u0111\u1eb7t ho\u1eb7c nhu c\u1ea7u c\u1ee7a kh\u00e1ch thay \u0111\u1ed5i. Kh\u00f4ng h\u1ed7 tr\u1ee3 \u0111\u1ed5i\/ tr\u1ea3<br \/>\n4 Giao nh\u1ea7m\/ giao thi\u1ebfu ( thi\u1ebfu s\u1ea3n ph\u1ea9m \u0111\u00e3 \u0111\u1eb7t, thi\u1ebfu ph\u1ee5 ki\u1ec7n, thi\u1ebfu qu\u00e0 t\u1eb7ng k\u00e8m theo) Giao nh\u1ea7m \u2192 \u0110\u1ed5i l\u1ea1i \u0111\u00fang s\u1ea3n ph\u1ea9m \u0111\u00e3 \u0111\u1eb7t.<br \/>\nGiao thi\u1ebfu \u2192 Giao b\u00f9 th\u00eam s\u1ed1 l\u01b0\u1ee3ng c\u00f2n thi\u1ebfu theo \u0111\u01a1n h\u00e0ng<\/p>\n<p>5 Ch\u1ea5t l\u01b0\u1ee3ng h\u00e0ng h\u00f3a k\u00e9m do v\u1eadn chuy\u1ec3n Khi qu\u00fd kh\u00e1ch h\u00e0ng nh\u1eadn g\u00f3i h\u00e0ng b\u1ecb m\u00f3p m\u00e9o, \u01b0\u1edbt, ch\u00fang t\u00f4i khuy\u1ebfn c\u00e1o kh\u00e1ch h\u00e0ng n\u00ean ki\u1ec3m tra th\u1ef1c t\u1ebf h\u00e0ng h\u00f3a b\u00ean trong ngay th\u1eddi \u0111i\u1ec3m nh\u1eadn h\u00e0ng, vui l\u00f2ng ph\u1ea3n \u1ea3nh hi\u1ec7n trang h\u00e0ng h\u00f3a l\u00ean bill nh\u1eadn h\u00e0ng t\u1eeb ph\u00eda nh\u00e2n vi\u00ean giao nh\u1eadn v\u00e0 li\u00ean l\u1ea1c v\u1edbi ch\u00fang t\u00f4i v\u1ec1 Hotline 0972373297 \u0111\u1ec3 \u0111\u01b0\u1ee3c h\u1ed7 tr\u1ee3 gi\u1ea3i quy\u1ebft c\u1ee5 th\u1ec3.<br \/>\n6 H\u00ecnh th\u1ee9c s\u1ea3n ph\u1ea9m kh\u00f4ng gi\u1ed1ng m\u00f4 t\u1ea3 ban \u0111\u1ea7u H\u00e3y li\u00ean h\u1ec7 v\u1edbi ch\u00fang t\u00f4i qua s\u1ed1 Hotline 0972373297, ch\u00fang t\u00f4i s\u1eb5n s\u00e0ng l\u1eafng nghe v\u00e0 gi\u1ea3i quy\u1ebft cho b\u1ea1n ( c\u1ee5 th\u1ec3 theo t\u1eebng tr\u01b0\u1eddng h\u1ee3p)<br \/>\n(*) Ph\u01b0\u01a1ng th\u1ee9c ho\u00e0n ti\u1ec1n: Th\u00f4ng qua t\u00e0i kho\u1ea3n ng\u00e2n h\u00e0ng t\u1eeb 2-7 ng\u00e0y l\u00e0m vi\u1ec7c ( sau khi ch\u00fang t\u00f4i nh\u1eadn \u0111\u01b0\u1ee3c s\u1ea3n ph\u1ea9m tr\u1ea3 v\u1ec1)<br \/>\nCh\u00fang t\u00f4i s\u1ebd ki\u1ec3m tra c\u00e1c tr\u01b0\u1eddng h\u1ee3p tr\u00ean v\u00e0 gi\u1ea3i quy\u1ebft cho qu\u00fd kh\u00e1ch trong 7 ng\u00e0y l\u00e0m vi\u1ec7c k\u1ec3 t\u1eeb khi qu\u00fd kh\u00e1ch nh\u1eadn \u0111\u01b0\u1ee3c h\u00e0ng, qu\u00e1 th\u1eddi h\u1ea1n tr\u00ean r\u1ea5t ti\u1ebfc ch\u00fang t\u00f4i kh\u00f4ng gi\u1ea3i quy\u1ebft khi\u1ebfu n\u1ea1i.<\/p>\n<p>4. C\u00e1ch th\u1ee9c chuy\u1ec3n s\u1ea3n ph\u1ea9m \u0111\u1ed5i tr\u1ea3 v\u1ec1 ABCBook.com<\/p>\n<p>\u2013 Khi y\u00eau c\u1ea7u \u0111\u1ed5i tr\u1ea3 \u0111\u01b0\u1ee3c gi\u1ea3i quy\u1ebft, qu\u00fd kh\u00e1ch vui l\u00f2ng \u0111\u00f3ng g\u00f3i s\u1ea3n ph\u1ea9m nh\u01b0 hi\u1ec7n tr\u1ea1ng khi nh\u1eadn h\u00e0ng ban \u0111\u1ea7u (bao g\u1ed3m s\u1ea3n ph\u1ea9m, qu\u00e0 t\u1eb7ng, ph\u1ee5 ki\u1ec7n k\u00e8m theo s\u1ea3n ph\u1ea9m,\u2026n\u1ebfu c\u00f3) v\u00e0 g\u1eedi v\u1ec1 ABCBook.com trong th\u1eddi gian s\u1edbm nh\u1ea5t trong v\u00f2ng 3 ng\u00e0y l\u00e0m vi\u1ec7c k\u1ec3 t\u1eeb khi th\u00f4ng b\u00e1o v\u1edbi b\u1ed9 ph\u1eadn Ch\u0103m S\u00f3c Kh\u00e1ch H\u00e0ng v\u00e0 g\u1eedi k\u00e8m:<\/p>\n<p>+ H\u00f3a \u0111\u01a1n gi\u00e1 tr\u1ecb gia t\u0103ng (n\u1ebfu c\u00f3) ho\u1eb7c phi\u1ebfu giao h\u00e0ng c\u1ee7a ABCBook.com<\/p>\n<p>+ Ph\u1ee5 ki\u1ec7n \u0111i k\u00e8m s\u1ea3n ph\u1ea9m v\u00e0 t\u1eb7ng khuy\u1ebfn m\u00e3i k\u00e8m theo (n\u1ebfu c\u00f3)<\/p>\n<p>\u2013 \u0110i\u1ec1n h\u1ecd t\u00ean, \u0111\u1ecba ch\u1ec9 kh\u00e1ch h\u00e0ng, m\u00e3 s\u1ed1 \u0111\u01a1n h\u00e0ng, m\u00e3 tr\u1ea3 h\u00e0ng do ABCBook.com cung c\u1ea5p \u0111\u1ec3 kh\u00e1ch h\u00e0ng kh\u00f4ng t\u1ed1n ph\u00ed tr\u1ea3 h\u00e0ng v\u1ec1 v\u00e0 g\u1eedi h\u00e0ng v\u1ec1 \u0111\u1ecba ch\u1ec9 do ABCBook.com gi\u1ea3i quy\u1ebft \u0111\u1ed5i tr\u1ea3 g\u1eedi qua email c\u1ee7a qu\u00fd kh\u00e1ch.<\/p>\n<p>\u2013 L\u01b0u \u00fd: Qu\u00fd kh\u00e1ch vui l\u00f2ng ch\u1ec9 g\u1edfi s\u1ea3n ph\u1ea9m qua \u0111\u01b0\u1eddng b\u01b0u \u0111i\u1ec7n v\u00e0 ch\u1ecbu tr\u00e1ch nhi\u1ec7m v\u1ec1 tr\u1ea1ng th\u00e1i nguy\u00ean v\u1eb9n c\u1ee7a s\u1ea3n ph\u1ea9m khi g\u1eedi v\u1ec1 ABCBook.com. Qu\u00fd kh\u00e1ch c\u00f3 th\u1ec3 ghi nh\u1edb m\u00e3 b\u01b0u ki\u1ec7n m\u00ecnh g\u1eedi \u0111\u1ec3 khi c\u1ea7n tra c\u1ee9u th\u00f4ng tin ki\u1ec7n h\u00e0ng g\u1eedi tr\u1ea3 t\u1ea1i s\u1ebd thu\u1eadn l\u1ee3i v\u00e0 nhanh ch\u00f3ng h\u01a1n.<\/p>\n<p>+ Sau khi nh\u1eadn \u0111\u01b0\u1ee3c s\u1ea3n ph\u1ea9m qu\u00fd kh\u00e1ch g\u1edfi v\u1ec1, ABCBook.com s\u1ebd ph\u1ea3n h\u1ed3i v\u00e0 c\u1eadp nh\u1eadt th\u00f4ng tin tr\u00ean t\u1eebng giai \u0111o\u1ea1n x\u1eed l\u00fd \u0111\u1ebfn qu\u00fd kh\u00e1ch qua \u0111i\u1ec7n tho\u1ea1i \/ email .<\/p>\n<p>+ R\u1ea5t ti\u1ebfc hi\u1ec7n t\u1ea1i ABCBook.com ch\u01b0a h\u1ed7 tr\u1ee3 ph\u00ed v\u1eadn chuy\u1ec3n \u0111\u1ed5i tr\u1ea3 h\u00e0ng (Ngo\u1ea1i tr\u1eeb do l\u1ed7i d\u1ecbch v\u1ee5, s\u1ea3n ph\u1ea9m c\u1ee7a ABCBook.com). Qu\u00fd kh\u00e1ch vui l\u00f2ng thanh to\u00e1n c\u01b0\u1edbc ph\u00ed v\u1eadn chuy\u1ec3n khi tr\u1ea3 h\u00e0ng v\u1ec1 ABCBook.com.<br \/>\nN\u1ebfu c\u1ea7n h\u1ed7 tr\u1ee3 th\u00eam qu\u00fd kh\u00e1ch c\u00f3 th\u1ec3 li\u00ean h\u1ec7 tr\u1ef1c ti\u1ebfp qua hotline 19002647 \u0111\u1ec3 \u0111\u01b0\u1ee3c h\u1ed7 tr\u1ee3 nhanh ch\u00f3ng.<\/p>\n<p>&nbsp;<\/p>\n","protected":false},"excerpt":{"rendered":"<p>CH\u00cdNH S\u00c1CH \u0110\u1ed4I\/TR\u1ea2\/HO\u00c0N TI\u1ec0N Ch\u00fang t\u00f4i lu\u00f4n tr\u00e2n tr\u1ecdng s\u1ef1 tin t\u01b0\u1edfng v\u00e0 \u1ee7ng h\u1ed9 c\u1ee7a kh\u00e1ch h\u00e0ng khi \u0111\u1eb7t mua s\u1ea3n ph\u1ea9m t\u1ea1i ABCBook.com. Do \u0111\u00f3 ch\u00fang t\u00f4i lu\u00f4n c\u1ed1 g\u1eafng ho\u00e0n thi\u1ec7n d\u1ecbch v\u1ee5 t\u1ed1t nh\u1ea5t ph\u1ee5c v\u1ee5 m\u1ecdi nhu c\u1ea7u mua s\u1eafm c\u1ee7a qu\u00fd kh\u00e1ch. ABCBook.com ch\u00fang t\u00f4i lu\u00f4n lu\u00f4n cam k\u1ebft [&#8230;]\n","protected":false},"author":1,"featured_media":0,"parent":0,"menu_order":0,"comment_status":"closed","ping_status":"closed","template":"","meta":[],"_links":{"self":[{"href":"https:\/\/webmaibinh.com\/w\/bansach2011\/wp-json\/wp\/v2\/pages\/923"}],"collection":[{"href":"https:\/\/webmaibinh.com\/w\/bansach2011\/wp-json\/wp\/v2\/pages"}],"about":[{"href":"https:\/\/webmaibinh.com\/w\/bansach2011\/wp-json\/wp\/v2\/types\/page"}],"author":[{"embeddable":true,"href":"https:\/\/webmaibinh.com\/w\/bansach2011\/wp-json\/wp\/v2\/users\/1"}],"replies":[{"embeddable":true,"href":"https:\/\/webmaibinh.com\/w\/bansach2011\/wp-json\/wp\/v2\/comments?post=923"}],"version-history":[{"count":7,"href":"https:\/\/webmaibinh.com\/w\/bansach2011\/wp-json\/wp\/v2\/pages\/923\/revisions"}],"predecessor-version":[{"id":1169,"href":"https:\/\/webmaibinh.com\/w\/bansach2011\/wp-json\/wp\/v2\/pages\/923\/revisions\/1169"}],"wp:attachment":[{"href":"https:\/\/webmaibinh.com\/w\/bansach2011\/wp-json\/wp\/v2\/media?parent=923"}],"curies":[{"name":"wp","href":"https:\/\/api.w.org\/{rel}","templated":true}]}}