{"id":318,"date":"2019-10-07T22:33:24","date_gmt":"2019-10-07T15:33:24","guid":{"rendered":"http:\/\/shop2.muathemewordpress.net\/?post_type=product&#038;p=318"},"modified":"2020-05-23T09:47:59","modified_gmt":"2020-05-23T02:47:59","slug":"may-tro-thinh-khong-day-nhat-ban-rionet-hb-23p","status":"publish","type":"product","link":"https:\/\/webmaibinh.com\/w\/bachhoa22011\/san-pham\/may-tro-thinh-khong-day-nhat-ban-rionet-hb-23p\/","title":{"rendered":"M\u00e1y tr\u1ee3 th\u00ednh kh\u00f4ng d\u00e2y Nh\u1eadt B\u1ea3n Rionet HB-23P"},"content":{"rendered":"<h3><strong>C\u00e1c \u0111\u1eb7c \u0111i\u1ec3m ch\u00ednh c\u1ee7a\u00a0M\u00e1y Tr\u1ee3 Th\u00ednh Rionet HB-23P\u00a0<\/strong><\/h3>\n<ul>\n<li>C\u1ea5u t\u1ea1o \u0111\u01a1n gi\u1ea3n, d\u1ec5 d\u00e0ng l\u00e0m quen khi m\u1edbi s\u1eed d\u1ee5ng.<\/li>\n<li>M\u00e1y nh\u1ecf g\u1ecdn, thi\u1ebft k\u1ebf tinh x\u1ea3o, \u0111\u1ef1ng trong h\u1ed9p nhung cao c\u1ea5p<\/li>\n<li>\u0110\u1ed9 khu\u1ebfch \u0111\u1ea1i l\u1edbn (54dB), ph\u00f9 h\u1ee3p v\u1edbi \u0111a s\u1ed1 c\u00e1c lo\u1ea1i tai<\/li>\n<li>M\u00e1y s\u1eed d\u1ee5ng pin PR48 lo\u1ea1i 13A, c\u00f3 th\u1ec3 mua \u1edf c\u00e1c ti\u1ec7m t\u1ea1p h\u00f3a, ti\u1ec7m \u0111i\u1ec7n \u1edf b\u1ea5t k\u1ef3 \u0111\u00e2u.<\/li>\n<li>Th\u1eddi gian s\u1eed d\u1ee5ng pin v\u00e0o kho\u1ea3ng 177h, ti\u1ec7n l\u1ee3i khi kh\u00f4ng ph\u1ea3i thay pin th\u01b0\u1eddng xuy\u00ean, v\u00e0 c\u00f2n t\u1ed1t h\u01a1n n\u1ebfu b\u1ea1n t\u1eaft m\u00e1y khi kh\u00f4ng s\u1eed d\u1ee5ng.<\/li>\n<li>M\u00e1y \u0111\u01b0\u1ee3c thi\u1ebft k\u1ebf \u0111\u1ec3 gi\u1ea5u sau tai, m\u00e0u s\u1eafc tr\u00f9ng v\u1edbi m\u00e0u da, r\u1ea5t th\u1eddi trang khi s\u1eed d\u1ee5ng.<\/li>\n<li>\u00c2m l\u01b0\u1ee3ng c\u00f3 th\u1ec3 t\u1ef1 \u0111i\u1ec1u ch\u1ec9nh \u0111\u01b0\u1ee3c ph\u00f9 h\u1ee3p v\u1edbi m\u1ee9c \u0111\u1ed9 l\u00e3ng tai c\u1ee7a ng\u01b0\u1eddi s\u1eed d\u1ee5ng th\u00f4ng qua 4 m\u1ee9c \u0111i\u1ec1u ch\u1ec9nh (t\u1eeb 1 \u0111\u1ebfn 4).<\/li>\n<li>N\u00fam v\u1eb7n ( xoay ) ch\u1ec9nh to nh\u1ecf n\u1eb1m ph\u00eda tr\u00ean \u0111\u1ea7u m\u00e1y ti\u1ec7n cho vi\u1ec7c \u0111i\u1ec1u khi\u1ec3n t\u0103ng gi\u1ea3m \u00e2m, b\u00ean d\u01b0\u1edbi l\u00e0 c\u1ea7n g\u1ea1t t\u1eaft m\u1edf c\u1ee7a m\u00e1y, d\u01b0\u1edbi c\u00f9ng l\u00e0 khay \u0111\u1ef1ng pin.<\/li>\n<li>H\u1ec7 th\u1ed1ng micro thu ph\u00e1t n\u1eb1m \u1ea9n trong m\u00e1y, d\u00f9ng \u1ed1ng d\u1eabn \u00e2m thanh truy\u1ec1n ra tai nghe qua n\u00fam tai b\u1ecbt v\u00e0o l\u1ed7 tai \u0111\u1ec3 nghe.<\/li>\n<li>M\u00e1y tr\u1ee3 th\u00ednh v\u00e0nh tai Rionet HB-23P l\u00e0 s\u1ea3n ph\u1ea9m ph\u00f9 h\u1ee3p v\u1edbi \u0111a s\u1ed1 \u0111\u1ed1i t\u01b0\u1ee3ng s\u1eed d\u1ee5ng nh\u01b0 ng\u01b0\u1eddi gi\u00e0 l\u00e3ng tai, ng\u01b0\u1eddi c\u00f3 v\u1ea5n \u0111\u1ec1 v\u1ec1 th\u00ednh gi\u00e1c, tr\u1ebb em, d\u00e2n c\u00f4ng s\u1edf.<\/li>\n<li>S\u1ea3n ph\u1ea9m ch\u00ednh h\u00e3ng \u0111\u01b0\u1ee3c b\u1ea3o h\u00e0nh 1 n\u0103m c\u1ee7a Rionet, \u0111\u1ea3m b\u1ea3o ch\u1ea5t l\u01b0\u1ee3ng s\u1ea3n ph\u1ea9m b\u1ec1n b\u1ec9, kh\u00f4ng h\u01b0 h\u1ecfng l\u1eb7t v\u1eb7t nh\u01b0 c\u00e1c d\u00f2ng s\u1ea3n ph\u1ea9m r\u1ebb ti\u1ec1n kh\u00e1c tr\u00ean th\u1ecb tr\u01b0\u1eddng.<\/li>\n<\/ul>\n<h3><strong>Nh\u1eefng l\u01b0u \u00fd khi s\u1eed d\u1ee5ng m\u00e1y tr\u1ee3 th\u00ednh Rionet HB-23P<\/strong><\/h3>\n<ul>\n<li>Kh\u00f4ng \u0111\u1ec3 m\u00e1y n\u01a1i qu\u00e1 n\u00f3ng ho\u1eb7c \u1ea9m \u01b0\u1edbt<\/li>\n<li>Thao t\u00e1c nh\u1eb9 nh\u00e0ng kh\u00f4ng \u1ea5n qu\u00e1 m\u1ea1nh.<\/li>\n<li>N\u1ebfu m\u00e1y b\u1ecb r\u01a1i xu\u1ed1ng n\u01b0\u1edbc ph\u1ea3i nhanh ch\u00f3ng t\u1eaft m\u00e1y, lau b\u1eb1ng kh\u0103n kh\u00f4 v\u00e0 mang \u0111\u1ebfn trung t\u00e2m b\u1ea3o h\u00e0nh \u0111\u1ec3 ki\u1ec3m tra.<\/li>\n<li>Kh\u00f4ng ch\u1ecdc v\u1eadt nh\u1ecdn v\u00e0o Microphone<\/li>\n<li>Kh\u00f4ng \u0111\u01b0\u1ee3c t\u1ef1 ti\u1ec7n th\u00e1o m\u00e1y ra s\u1eeda ch\u1eefa m\u00e0 ph\u1ea3i mang m\u00e1y t\u1edbi trung t\u00e2m b\u1ea3o h\u00e0nh \u0111\u01b0\u1ee3c \u1ee7y quy\u1ec1n.<\/li>\n<li>Gi\u1eef v\u1ec7 sinh m\u00e1y th\u01b0\u1eddng xuy\u00ean b\u1eb1ng c\u00e1ch lau s\u1ea1ch m\u00e1y b\u1eb1ng kh\u0103n kh\u00f4 v\u00e0 l\u00e0m s\u1ea1ch gi\u1eafc c\u1eafm v\u1edbi b\u00e0n ch\u1ea3i m\u1ec1m.<\/li>\n<li>Th\u00e1o pin ra khi pin h\u1ebft ho\u1eb7c l\u00e2u ng\u00e0y kh\u00f4ng s\u1eed d\u1ee5ng.<\/li>\n<\/ul>\n","protected":false},"excerpt":{"rendered":"<p>M\u00e1y tr\u1ee3 th\u00ednh Rionet HB-23P \u0111\u01b0\u1ee3c thi\u1ebft k\u1ebf kh\u00f4ng d\u00e2y m\u00f3c tr\u00ean v\u00e0nh tai h\u1ed7 tr\u1ee3 ng\u01b0\u1eddi l\u00e3ng tai nghe t\u1ed1t h\u01a1n. M\u00e1y \u0111\u01b0\u1ee3c c\u1ea5u t\u1ea1o nh\u1ecf g\u1ecdn mang t\u00ednh th\u1ea9m m\u1ef9 cao, d\u1ec5 s\u1eed d\u1ee5ng. M\u00e1y c\u00f3 m\u00e0u s\u1eafc tr\u00f9ng v\u1edbi m\u00e0u da ng\u01b0\u1eddi, d\u1ec5 d\u00e0ng \u0111\u01b0\u1ee3c gi\u1ea5u \u0111i v\u00e0 t\u0103ng t\u00ednh th\u1ea9m m\u1ef9 cho ng\u01b0\u1eddi \u0111eo.<\/p>\n","protected":false},"featured_media":319,"comment_status":"open","ping_status":"closed","template":"","meta":[],"_links":{"self":[{"href":"https:\/\/webmaibinh.com\/w\/bachhoa22011\/wp-json\/wp\/v2\/product\/318"}],"collection":[{"href":"https:\/\/webmaibinh.com\/w\/bachhoa22011\/wp-json\/wp\/v2\/product"}],"about":[{"href":"https:\/\/webmaibinh.com\/w\/bachhoa22011\/wp-json\/wp\/v2\/types\/product"}],"replies":[{"embeddable":true,"href":"https:\/\/webmaibinh.com\/w\/bachhoa22011\/wp-json\/wp\/v2\/comments?post=318"}],"wp:featuredmedia":[{"embeddable":true,"href":"https:\/\/webmaibinh.com\/w\/bachhoa22011\/wp-json\/wp\/v2\/media\/319"}],"wp:attachment":[{"href":"https:\/\/webmaibinh.com\/w\/bachhoa22011\/wp-json\/wp\/v2\/media?parent=318"}],"curies":[{"name":"wp","href":"https:\/\/api.w.org\/{rel}","templated":true}]}}