{"id":85,"date":"2019-10-07T09:55:18","date_gmt":"2019-10-07T02:55:18","guid":{"rendered":"http:\/\/shop2.muathemewordpress.net\/?page_id=85"},"modified":"2020-05-23T09:51:56","modified_gmt":"2020-05-23T02:51:56","slug":"lien-he","status":"publish","type":"page","link":"https:\/\/webmaibinh.com\/w\/bachhoa22011\/lien-he\/","title":{"rendered":"Li\u00ean h\u1ec7"},"content":{"rendered":"<p>\u0110\u1ecba ch\u1ec9 xem v\u00e0 mua s\u1ea3n ph\u1ea9m tr\u1ef1c ti\u1ebfp: Ph\u1ea1m V\u0103n B\u1ea1ch, P. 15, Q. T\u00e2n B\u00ecnh, Tp. HCM<\/p>\n<blockquote>\n<p>Vui l\u00f2ng li\u00ean h\u1ec7 s\u1ed1 hotline: 0999.999.999 tr\u01b0\u1edbc khi qua<\/p>\n<\/blockquote>\n<p>N\u1ebfu b\u1ea1n c\u1ea7n li\u00ean h\u1ec7 h\u1ee3p t\u00e1c ho\u1eb7c c\u1ea7n c\u00e1c th\u00f4ng tin h\u1ed7 tr\u1ee3 qua email, vui l\u00f2ng g\u1eedi cho H\u00e0ng T\u1ed1t Nh\u1eadp Kh\u1ea9u theo form b\u00ean d\u01b0\u1edbi. Ch\u00fang t\u00f4i s\u1ebd ph\u1ea3n h\u1ed3i trong kho\u1ea3ng th\u1eddi gian 6h l\u00e0m vi\u1ec7c. B\u1ea1n c\u0169ng kh\u00f4ng c\u1ea7n thi\u1ebft ph\u1ea3i g\u1eedi nhi\u1ec1u n\u1ed9i dung li\u00ean h\u1ec7 gi\u1ed1ng nhau \u0111\u1ec3 nh\u1eadn \u0111\u01b0\u1ee3c c\u00e2u tr\u1ea3 l\u1eddi nhanh h\u01a1n v\u00ec h\u1ec7 th\u1ed1ng s\u1ebd t\u1ef1 \u0111\u1ed9ng ch\u1eb7n c\u00e1c li\u00ean h\u1ec7 c\u00f3 y\u1ebfu t\u1ed1 spam.<\/p>\n<div role=\"form\" class=\"wpcf7\" id=\"wpcf7-f830-o1\" lang=\"vi\" dir=\"ltr\">\n<div class=\"screen-reader-response\"><p role=\"status\" aria-live=\"polite\" aria-atomic=\"true\"><\/p> <ul><\/ul><\/div>\n<form action=\"\/w\/bachhoa22011\/wp-json\/wp\/v2\/pages\/85#wpcf7-f830-o1\" method=\"post\" class=\"wpcf7-form init\" novalidate=\"novalidate\" data-status=\"init\">\n<div style=\"display: none;\">\n<input type=\"hidden\" name=\"_wpcf7\" value=\"830\" \/>\n<input type=\"hidden\" name=\"_wpcf7_version\" value=\"5.3\" \/>\n<input type=\"hidden\" name=\"_wpcf7_locale\" value=\"vi\" \/>\n<input type=\"hidden\" name=\"_wpcf7_unit_tag\" value=\"wpcf7-f830-o1\" \/>\n<input type=\"hidden\" name=\"_wpcf7_container_post\" value=\"0\" \/>\n<input type=\"hidden\" name=\"_wpcf7_posted_data_hash\" value=\"\" \/>\n<\/div>\n<div class=\"form-lien-he\">\n<h3>Li\u00ean h\u1ec7 v\u1edbi ch\u00fang t\u00f4i<\/h3>\n<p class=\"des\">Vui l\u00f2ng li\u00ean h\u1ec7 v\u1edbi ch\u00fang t\u00f4i \u0111\u1ec3 \u0111\u01b0\u1ee3c t\u01b0 v\u1ea5n nhanh v\u00e0 ch\u00ednh x\u00e1c nh\u1ea5t<\/p>\n<p><span class=\"wpcf7-form-control-wrap text-566\"><input type=\"text\" name=\"text-566\" value=\"\" size=\"40\" class=\"wpcf7-form-control wpcf7-text wpcf7-validates-as-required\" aria-required=\"true\" aria-invalid=\"false\" placeholder=\"H\u1ecd v\u00e0 t\u00ean...\" \/><\/span><br \/>\n<span class=\"wpcf7-form-control-wrap tel-707\"><input type=\"tel\" name=\"tel-707\" value=\"\" size=\"40\" class=\"wpcf7-form-control wpcf7-text wpcf7-tel wpcf7-validates-as-required wpcf7-validates-as-tel\" aria-required=\"true\" aria-invalid=\"false\" placeholder=\"S\u1ed1 \u0111i\u1ec7n tho\u1ea1i...\" \/><\/span><br \/>\n<span class=\"wpcf7-form-control-wrap email-909\"><input type=\"email\" name=\"email-909\" value=\"\" size=\"40\" class=\"wpcf7-form-control wpcf7-text wpcf7-email wpcf7-validates-as-email\" aria-invalid=\"false\" placeholder=\"\u0110\u1ecba ch\u1ec9 email...\" \/><\/span><br \/>\n<span class=\"wpcf7-form-control-wrap text-54\"><input type=\"text\" name=\"text-54\" value=\"\" size=\"40\" class=\"wpcf7-form-control wpcf7-text\" aria-invalid=\"false\" placeholder=\"Ti\u00eau \u0111\u1ec1...\" \/><\/span><br \/>\n<span class=\"wpcf7-form-control-wrap textarea-322\"><textarea name=\"textarea-322\" cols=\"40\" rows=\"10\" class=\"wpcf7-form-control wpcf7-textarea\" aria-invalid=\"false\" placeholder=\"N\u1ed9i dung li\u00ean h\u1ec7...\"><\/textarea><\/span><br \/>\n<input type=\"submit\" value=\"G\u1eedi li\u00ean h\u1ec7\" class=\"wpcf7-form-control wpcf7-submit\" \/><\/p><\/div>\n<\/div>\n<div class=\"wpcf7-response-output\" aria-hidden=\"true\"><\/div><\/form><\/div>\n","protected":false},"excerpt":{"rendered":"<p>\u0110\u1ecba ch\u1ec9 xem v\u00e0 mua s\u1ea3n ph\u1ea9m tr\u1ef1c ti\u1ebfp: Ph\u1ea1m V\u0103n B\u1ea1ch, P. 15, Q. T\u00e2n B\u00ecnh, Tp. HCM Vui l\u00f2ng li\u00ean h\u1ec7 s\u1ed1 hotline: 0999.999.999 tr\u01b0\u1edbc khi qua N\u1ebfu b\u1ea1n c\u1ea7n li\u00ean h\u1ec7 h\u1ee3p t\u00e1c ho\u1eb7c c\u1ea7n c\u00e1c th\u00f4ng tin h\u1ed7 tr\u1ee3 qua email, vui l\u00f2ng g\u1eedi cho H\u00e0ng T\u1ed1t Nh\u1eadp Kh\u1ea9u theo form &#8230;<\/p>\n","protected":false},"author":1,"featured_media":0,"parent":0,"menu_order":0,"comment_status":"closed","ping_status":"closed","template":"","meta":[],"_links":{"self":[{"href":"https:\/\/webmaibinh.com\/w\/bachhoa22011\/wp-json\/wp\/v2\/pages\/85"}],"collection":[{"href":"https:\/\/webmaibinh.com\/w\/bachhoa22011\/wp-json\/wp\/v2\/pages"}],"about":[{"href":"https:\/\/webmaibinh.com\/w\/bachhoa22011\/wp-json\/wp\/v2\/types\/page"}],"author":[{"embeddable":true,"href":"https:\/\/webmaibinh.com\/w\/bachhoa22011\/wp-json\/wp\/v2\/users\/1"}],"replies":[{"embeddable":true,"href":"https:\/\/webmaibinh.com\/w\/bachhoa22011\/wp-json\/wp\/v2\/comments?post=85"}],"version-history":[{"count":2,"href":"https:\/\/webmaibinh.com\/w\/bachhoa22011\/wp-json\/wp\/v2\/pages\/85\/revisions"}],"predecessor-version":[{"id":933,"href":"https:\/\/webmaibinh.com\/w\/bachhoa22011\/wp-json\/wp\/v2\/pages\/85\/revisions\/933"}],"wp:attachment":[{"href":"https:\/\/webmaibinh.com\/w\/bachhoa22011\/wp-json\/wp\/v2\/media?parent=85"}],"curies":[{"name":"wp","href":"https:\/\/api.w.org\/{rel}","templated":true}]}}