{"id":436,"date":"2017-05-25T06:05:17","date_gmt":"2017-05-25T06:05:17","guid":{"rendered":"https:\/\/bachhoa.khowebseotop.vn\/?post_type=product&#038;p=436"},"modified":"2017-06-01T02:36:46","modified_gmt":"2017-06-01T02:36:46","slug":"nhan-dieu-vo-lua-vi-muoi-vietnuts-hop-250g-hv010","status":"publish","type":"product","link":"https:\/\/webmaibinh.com\/w\/bachhoa2011\/nhan-dieu-vo-lua-vi-muoi-vietnuts-hop-250g-hv010\/","title":{"rendered":"Nh\u00e2n \u0110i\u1ec1u V\u1ecf L\u1ee5a V\u1ecb Mu\u1ed1i Vietnuts H\u1ed9p (250g) &#8211; HV010"},"content":{"rendered":"<p><strong>Nh\u00e2n \u0110i\u1ec1u V\u1ecf L\u1ee5a V\u1ecb Mu\u1ed1i Vietnuts H\u1ed9p (250g) &#8211; HV010<\/strong><\/p>\n<p><strong>Nh\u00e2n \u0110i\u1ec1u V\u1ecf L\u1ee5a V\u1ecb Mu\u1ed1i Vietnuts H\u1ed9p (250g) &#8211; HV010 <\/strong>\u0111\u01b0\u1ee3c s\u1ea3n xu\u1ea5t theo quy tr\u00ecnh ch\u1ebf bi\u1ebfn hi\u1ec7n \u0111\u1ea1i c\u1ea3i thi\u1ec7n t\u1ed1t \u0111a nh\u01b0\u1ee3c \u0111i\u1ec3m ph\u01b0\u01a1ng ph\u00e1p rang truy\u1ec1n th\u1ed1ng, gi\u1eef l\u1ea1i h\u01b0\u01a1ng v\u1ecb t\u1ef1 nhi\u00ean th\u01a1m ngon nh\u1ea5t. H\u1ea1t \u0111i\u1ec1u kh\u00f4ng ch\u1ee9a cholesterol v\u00e0 kh\u00f4ng c\u00f3 ph\u1ea9m m\u00e0u \u0111\u1ed9c h\u1ea1i n\u00ean b\u1ea1n ho\u00e0n to\u00e0n y\u00ean t\u00e2m khi l\u1ef1a ch\u1ecdn s\u1ea3n ph\u1ea9m \u0111\u1ec3 s\u1eed d\u1ee5ng h\u00e0ng ng\u00e0y.<\/p>\n<p><img loading=\"lazy\" title=\"Nh\u00e2n \u0110i\u1ec1u V\u1ecf L\u1ee5a V\u1ecb Mu\u1ed1i Vietnuts H\u1ed9p (250g) - HV010\" src=\"https:\/\/tikicdn.com\/media\/catalog\/product\/2\/5\/250g-hat%20dieu%20vo%20lua%20%201.u2409.d20160406.t131335.jpg\" alt=\"Nh\u00e2n \u0110i\u1ec1u V\u1ecf L\u1ee5a V\u1ecb Mu\u1ed1i Vietnuts H\u1ed9p (250g) - HV010\" width=\"600\" height=\"600\" \/><\/p>\n<p><strong>Th\u00f4ng tin s\u1ea3n ph\u1ea9m<\/strong><\/p>\n<p><strong>Nguy\u00ean li\u1ec7u \u0111\u1ea3m b\u1ea3o an to\u00e0n cho s\u1ee9c kh\u1ecfe<\/strong><\/p>\n<p>&#8211; Lo\u1ea1i nguy\u00ean li\u1ec7u WW320 r\u1ea5t to, nguy\u00ean h\u1ea1t (ti\u00eau chu\u1ea9n xu\u1ea5t kh\u1ea9u).<\/p>\n<p>&#8211; H\u01b0\u01a1ng v\u1ecb th\u01a1m ngon, gi\u00f2n r\u1ee5m, 100% t\u1ef1 nhi\u00ean<\/p>\n<p>&#8211; H\u1ec7 th\u1ed1ng qu\u1ea3n l\u00fd An To\u00e0n Th\u1ef1c Ph\u1ea9m ISO 22000:2005 do Australia c\u1ea5p<\/p>\n<p>&#8211; Bao b\u00ec sang tr\u1ecdng, \u0111\u1eb9p m\u1eaft, d\u1ec5 d\u00e0ng s\u1eed d\u1ee5ng v\u00e0 b\u1ea3o qu\u1ea3n<\/p>\n<p><strong>Ti\u1ec7n d\u1ee5ng d\u1ec5 mang theo b\u00ean m\u00ecnh<\/strong><\/p>\n<p>S\u1ea3n ph\u1ea9m \u0111\u01b0\u1ee3c \u0111\u00f3ng h\u1ed9p ti\u1ec7n d\u1ee5ng n\u00ean b\u1ea1n c\u0169ng c\u00f3 th\u1ec3 \u0111em theo s\u1ea3n ph\u1ea9m trong t\u00fai \u0111\u1ed3 c\u00e1 nh\u00e2n \u0111\u1ebfn tr\u01b0\u1eddng l\u1edbp, c\u01a1 quan hay trong nh\u1eefng chuy\u1ebfn du l\u1ecbch, d\u00e3 ngo\u1ea1i \u0111\u1ec3 chia s\u1ebb c\u00f9ng b\u1ea1n b\u00e8, ng\u01b0\u1eddi th\u00e2n.<\/p>\n<p><strong>L\u00dd DO B\u1ea0N N\u00caN CH\u1eccN H\u1ea0T \u0110I\u1ec0U V\u1ece L\u1ee4A RANG MU\u1ed0I VIETNUTS<\/strong><\/p>\n<p>S\u1ea3n ph\u00e2\u0309m \u0111\u01b0\u1ee3c s\u1ea3n xu\u00e2\u0301t tr\u00ean thi\u1ebft b\u1ecb hi\u1ec7n \u0111\u1ea1i.<\/p>\n<p>\u0110ang xu\u1ea5t kh\u1ea9u sang Nh\u1eadt B\u1ea3n, HongKong, \u0110\u00e0i Loan &#8230;<\/p>\n<p>Ch\u00e2\u0301t l\u01b0\u1ee3ng tuy\u00ea\u0323t h\u1ea3o, gi\u1eef tr\u1ecdn h\u01b0\u01a1ng v\u1ecb th\u01a1m ngon t\u1ef1 nhi\u00ean nh\u00e2\u0301t.<\/p>\n<p>H\u1ec7 th\u1ed1ng qu\u1ea3n l\u00fd ch\u1ea5t l\u01b0\u1ee3ng\u00a0ISO 22000:2005\u00a0do Australia c\u1ea5p.<\/p>\n<p>Bao b\u00ec \u0111\u1eb9p m\u1eaft, sang tr\u1ecdng, th\u00edch h\u1ee3p l\u00e0m qu\u00e0 t\u1eb7ng, d\u00ea\u0303 d\u00e0ng s\u1eed d\u1ee5ng b\u1ea3o qu\u1ea3n.<\/p>\n<p>KH\u00d4NG Cholesterol -KH\u00d4NG Ph\u1ea9m m\u00e0u \u0111\u1ed9c h\u1ea1i -KH\u00d4NG H\u00f3a ch\u1ea5t b\u1ea3o qu\u1ea3n.<\/p>\n<p>C\u00f3 m\u1eb7t t\u1ea1i c\u00e1c si\u00eau th\u1ecb l\u1edbn: CoopMart, Vinmart, Satramart, Hapromart, SuperSelectmart, Circle K&#8230;<\/p>\n<p><strong>B\u1ea1n c\u00f3 bi\u1ebft h\u1ea1t \u0111i\u1ec1u r\u1ea5t t\u1ed1t cho tim m\u1ea1ch?<\/strong><\/p>\n<p>Theo m\u1ed9t \u0111\u1ec1 t\u00e0i \u0111\u01b0\u1ee3c ti\u1ebfn h\u00e0nh b\u1edfi c\u00e1c nh\u00e0 nghi\u00ean c\u1ee9u t\u1eeb \u0110\u1ea1i h\u1ecdc Loma Linda vi\u1ec7c \u0111\u01b0a h\u1ea1t \u0111i\u1ec1u v\u00e0o ch\u1ebf \u0111\u1ed9 \u0103n u\u1ed1ng c\u1ee7a b\u1ea1n c\u00f3 th\u1ec3 gi\u00fap h\u1ea1 th\u1ea5p l\u01b0\u1ee3ng cholesterol. C\u00e1c nh\u00e0 nghi\u00ean c\u1ee9u cho bi\u1ebft t\u0103ng c\u01b0\u1eddng ti\u00eau th\u1ee5 h\u1ea1t \u0111i\u1ec1u nh\u01b0 l\u00e0 m\u1ed9t ph\u1ea7n c\u1ee7a ch\u1ebf \u0111\u1ed9 \u0103n u\u1ed1ng m\u1ed9t c\u00e1ch th\u1eadn tr\u1ecdng \u200b\u200bc\u00f3 th\u1ec3 mang l\u1ea1i nh\u1eefng \u1ea3nh h\u01b0\u1edfng t\u00edch c\u1ef1c \u0111\u1ebfn m\u1ee9c \u0111\u1ed9 lipid m\u00e1u&#8230; v\u00e0 c\u00f3 kh\u1ea3 n\u0103ng l\u00e0m gi\u1ea3m nguy c\u01a1 b\u1ec7nh m\u1ea1ch v\u00e0nh tim.<\/p>\n<p><strong>Thu\u1ed9c c\u00f4ng ty uy t\u00edn<\/strong><\/p>\n<p>C\u00f4ng ty TNHH H\u1ea1t Vi\u1ec7t l\u00e0 doanh nghi\u1ec7p ti\u00ean phong trong vi\u1ec7c ph\u00e1t tri\u1ec3n th\u1ecb tr\u01b0\u1eddng h\u1ea1t \u0111i\u1ec1u trong n\u01b0\u1edbc b\u1eb1ng vi\u1ec7c \u0111\u1ea7u t\u01b0 trang thi\u1ebft b\u1ecb, nghi\u00ean c\u1ee9u s\u1ea3n ph\u1ea9m \u0111\u1ec3 \u0111\u01b0a h\u1ea1t \u0111i\u1ec1u v\u1ecf l\u1ee5a rang mu\u1ed1i l\u00ean m\u1ed9t t\u1ea7m cao m\u1edbi: h\u01b0\u01a1ng v\u1ecb truy\u1ec1n th\u1ed1ng, ch\u1ea5t l\u01b0\u1ee3ng xu\u1ea5t kh\u1ea9u.<\/p>\n","protected":false},"excerpt":{"rendered":"<p>Nh\u00e2n \u0110i\u1ec1u V\u1ecf L\u1ee5a V\u1ecb Mu\u1ed1i Vietnuts H\u1ed9p (250g) &#8211; HV010 Nh\u00e2n \u0110i\u1ec1u V\u1ecf L\u1ee5a V\u1ecb Mu\u1ed1i Vietnuts H\u1ed9p (250g) &#8211; HV010 \u0111\u01b0\u1ee3c s\u1ea3n xu\u1ea5t theo quy tr\u00ecnh ch\u1ebf bi\u1ebfn hi\u1ec7n \u0111\u1ea1i c\u1ea3i thi\u1ec7n t\u1ed1t \u0111a nh\u01b0\u1ee3c \u0111i\u1ec3m ph\u01b0\u01a1ng ph\u00e1p rang truy\u1ec1n th\u1ed1ng, gi\u1eef l\u1ea1i h\u01b0\u01a1ng v\u1ecb t\u1ef1 nhi\u00ean th\u01a1m ngon nh\u1ea5t. H\u1ea1t \u0111i\u1ec1u kh\u00f4ng [&#8230;]\n","protected":false},"featured_media":455,"comment_status":"open","ping_status":"closed","template":"","meta":[],"_links":{"self":[{"href":"https:\/\/webmaibinh.com\/w\/bachhoa2011\/wp-json\/wp\/v2\/product\/436"}],"collection":[{"href":"https:\/\/webmaibinh.com\/w\/bachhoa2011\/wp-json\/wp\/v2\/product"}],"about":[{"href":"https:\/\/webmaibinh.com\/w\/bachhoa2011\/wp-json\/wp\/v2\/types\/product"}],"replies":[{"embeddable":true,"href":"https:\/\/webmaibinh.com\/w\/bachhoa2011\/wp-json\/wp\/v2\/comments?post=436"}],"wp:featuredmedia":[{"embeddable":true,"href":"https:\/\/webmaibinh.com\/w\/bachhoa2011\/wp-json\/wp\/v2\/media\/455"}],"wp:attachment":[{"href":"https:\/\/webmaibinh.com\/w\/bachhoa2011\/wp-json\/wp\/v2\/media?parent=436"}],"curies":[{"name":"wp","href":"https:\/\/api.w.org\/{rel}","templated":true}]}}