{"id":115,"date":"2017-05-23T08:06:02","date_gmt":"2017-05-23T08:06:02","guid":{"rendered":"https:\/\/bachhoa.khowebseotop.vn\/?post_type=product&#038;p=115"},"modified":"2017-05-23T08:06:02","modified_gmt":"2017-05-23T08:06:02","slug":"kem-danh-rang-colgate-optic-white-100g","status":"publish","type":"product","link":"https:\/\/webmaibinh.com\/w\/bachhoa2011\/kem-danh-rang-colgate-optic-white-100g\/","title":{"rendered":"Kem \u0111\u00e1nh r\u0103ng Colgate Optic White 100g"},"content":{"rendered":"<p><strong>\u0110\u1eb7c \u0111i\u1ec3m n\u1ed5i b\u1eadt<\/strong><\/p>\n<ul>\n<li>Ph\u00f9 h\u1ee3p v\u1edbi ng\u01b0\u1eddi l\u1edbn, tr\u1ebb em<\/li>\n<li>L\u00e0m tr\u1eafng r\u0103ng ch\u1ec9 sau m\u1ed9t tu\u1ea7n<\/li>\n<li>Lo\u1ea1i b\u1ecf c\u00e1c v\u1ebft \u1ed1<\/li>\n<li>Cho h\u01a1i th\u1edf th\u01a1m m\u00e1t, d\u1ec5 ch\u1ecbu<\/li>\n<li>S\u1ea3n xu\u1ea5t t\u1ea1i Trung Qu\u1ed1c<\/li>\n<li>Colgate l\u00e0 th\u01b0\u01a1ng hi\u1ec7u c\u1ee7a M\u1ef9<\/li>\n<li>Tr\u1ecdng l\u01b0\u1ee3ng 100g<\/li>\n<\/ul>\n<p><strong>Th\u00e0nh ph\u1ea7n v\u00e0 c\u00f4ng d\u1ee5ng:\u00a0<\/strong><\/p>\n<ul>\n<li>Kem \u0111\u00e1nh r\u0103ng Colgate Optic White gi\u00fap lo\u1ea1i b\u1ecf c\u00e1c v\u1ebft \u1ed1 v\u00e0 l\u00e0m r\u0103ng tr\u1eafng h\u01a1n m\u1ed9t s\u1eafc \u0111\u1ed9 ch\u1ec9 sau 1 tu\u1ea7n.<\/li>\n<li>Gi\u00fap gi\u1ea3m \u00ea bu\u1ed1t nhanh ch\u00f3ng sau 2 tu\u1ea7n so v\u1edbi kem \u0111\u00e1nh r\u0103ng th\u00f4ng th\u01b0\u1eddng.<\/li>\n<li>D\u1ea1ng gel trong, cho h\u01a1i th\u1edf th\u01a1m m\u00e1t v\u00e0 c\u1ea3m gi\u00e1c s\u1ea3ng kho\u00e1i d\u00e0i l\u00e2u.<\/li>\n<\/ul>\n<p><strong>H\u01b0\u1edbng d\u1eabn s\u1eed d\u1ee5ng:<\/strong><\/p>\n<ul>\n<li>Ch\u1ea3i r\u0103ng \u00edt nh\u1ea5t m\u1ed7i ng\u00e0y 3 l\u1ea7n, m\u1ed7i l\u1ea7n 2 ph\u00fat ho\u1eb7c theo h\u01b0\u1edbng d\u1eabn c\u1ee7a nha s\u0129.<\/li>\n<li>Tr\u1ebb em t\u1eeb 2 \u0111\u1ebfn 6 tu\u1ed5i, s\u1eed d\u1ee5ng m\u1ed9t l\u01b0\u1ee3ng kem nh\u1ecf b\u1eb1ng h\u1ea1t \u0111\u1eadu v\u00e0 ph\u1ea3i c\u00f3 s\u1ef1 h\u01b0\u1edbng d\u1eabn c\u1ee7a ng\u01b0\u1eddi l\u1edbn.<\/li>\n<li>Tr\u1ebb em d\u01b0\u1edbi 2 tu\u1ed5i c\u1ea7n nh\u1eefng h\u01b0\u1edbng d\u1eabn c\u1ee7a nha s\u0129 khi s\u1eed d\u1ee5ng.<\/li>\n<\/ul>\n<p><strong>L\u01b0u \u00fd:<\/strong><\/p>\n<ul>\n<li>H\u1ecfi \u00fd ki\u1ebfn nha s\u0129 n\u1ebfu tr\u1ebb \u0111ang h\u1ea5p thu fluoride t\u1eeb c\u00e1c ngu\u1ed3n kh\u00e1c.<\/li>\n<\/ul>\n<p><strong>B\u1ea3o qu\u1ea3n:<\/strong><\/p>\n<ul>\n<li>\u0110\u1eady n\u1eafp \u1ed1ng kem sau khi s\u1eed d\u1ee5ng.<\/li>\n<li>\u0110\u1ec3 n\u01a1i kh\u00f4 r\u00e1o, tr\u00e1nh \u00e1nh n\u1eafng tr\u1ef1c ti\u1ebfp.<\/li>\n<\/ul>\n","protected":false},"excerpt":{"rendered":"<p>\u0110\u1eb7c \u0111i\u1ec3m n\u1ed5i b\u1eadt Ph\u00f9 h\u1ee3p v\u1edbi ng\u01b0\u1eddi l\u1edbn, tr\u1ebb em L\u00e0m tr\u1eafng r\u0103ng ch\u1ec9 sau m\u1ed9t tu\u1ea7n Lo\u1ea1i b\u1ecf c\u00e1c v\u1ebft \u1ed1 Cho h\u01a1i th\u1edf th\u01a1m m\u00e1t, d\u1ec5 ch\u1ecbu S\u1ea3n xu\u1ea5t t\u1ea1i Trung Qu\u1ed1c Colgate l\u00e0 th\u01b0\u01a1ng hi\u1ec7u c\u1ee7a M\u1ef9 Tr\u1ecdng l\u01b0\u1ee3ng 100g Th\u00e0nh ph\u1ea7n v\u00e0 c\u00f4ng d\u1ee5ng:\u00a0 Kem \u0111\u00e1nh r\u0103ng Colgate Optic White [&#8230;]\n","protected":false},"featured_media":116,"comment_status":"open","ping_status":"closed","template":"","meta":[],"_links":{"self":[{"href":"https:\/\/webmaibinh.com\/w\/bachhoa2011\/wp-json\/wp\/v2\/product\/115"}],"collection":[{"href":"https:\/\/webmaibinh.com\/w\/bachhoa2011\/wp-json\/wp\/v2\/product"}],"about":[{"href":"https:\/\/webmaibinh.com\/w\/bachhoa2011\/wp-json\/wp\/v2\/types\/product"}],"replies":[{"embeddable":true,"href":"https:\/\/webmaibinh.com\/w\/bachhoa2011\/wp-json\/wp\/v2\/comments?post=115"}],"wp:featuredmedia":[{"embeddable":true,"href":"https:\/\/webmaibinh.com\/w\/bachhoa2011\/wp-json\/wp\/v2\/media\/116"}],"wp:attachment":[{"href":"https:\/\/webmaibinh.com\/w\/bachhoa2011\/wp-json\/wp\/v2\/media?parent=115"}],"curies":[{"name":"wp","href":"https:\/\/api.w.org\/{rel}","templated":true}]}}