{"id":400,"date":"2017-10-25T22:18:27","date_gmt":"2017-10-25T15:18:27","guid":{"rendered":"https:\/\/bizhostvn.com\/w\/art\/?page_id=400"},"modified":"2017-10-25T22:48:02","modified_gmt":"2017-10-25T15:48:02","slug":"hoc-danh-co","status":"publish","type":"page","link":"https:\/\/webmaibinh.com\/w\/art\/khoa-hoc\/hoc-danh-co\/","title":{"rendered":"H\u1ecdc \u0111\u00e1nh c\u1edd"},"content":{"rendered":"<p>C\u1ea7n \u0111i t\u1eeb c\u00e1i c\u01a1 b\u1ea3n \u0111\u1ebfn n\u00e2ng cao. Ngh\u0129a l\u00e0, ch\u00fang ta c\u1ea7n l\u1ef1a ch\u1ecdn nh\u1eefng cu\u1ed9c \u0111i ti\u00ean v\u00e0 \u0111i h\u1eadu ch\u00fang ta th\u00edch r\u1ed3i ch\u00fang ta t\u00ecm c\u00e1c t\u00e0i li\u1ec7u nghi\u00ean c\u1ee9u tr\u1eadn \u0111\u00f3. V\u00ed d\u1ee5: \u0110i ti\u00ean ch\u1ecdn Ph\u00e1o \u0111\u1ea7u (trung ph\u00e1o) th\u00ec ch\u00fang ta c\u1ea7n nghi\u00ean c\u1ee9u nh\u1eefng th\u1ebf tr\u1eadn c\u01a1 b\u1ea3n v\u1ec1 Ph\u00e1o \u0111\u1ea7u \u0111\u1ed1i B\u00ecnh phong m\u00e3, Ph\u00e1o \u0111\u1ea7u \u0111\u1ed1i Ph\u1ea3n cung m\u00e3. Ph\u00e1o \u0111\u1ea7u \u0111\u1ed1i \u0110\u01a1n \u0111\u1ec1 M\u00e3, Ph\u00e1o \u0111\u1ea7u \u0111\u1ed1i Thu\u1eadn ph\u00e1o v. v. . .<\/p>\n<p>Ch\u00fang ta c\u1ea7n n\u1eafm nh\u1eefng tr\u1eadn h\u00ecnh c\u01a1 b\u1ea3n c\u1ee7a nh\u1eefng tr\u1eadn \u0111\u1ed3 \u0111\u00f3. \u0110\u1ed1i v\u1edbi nh\u1eefng b\u1ea1n m\u1edbi t\u1eadp ch\u01a1i hay c\u00f4ng l\u1ef1c c\u00f2n y\u1ebfu th\u00ec c\u00e1c b\u1ea1n \u0111\u1eebng n\u00ean \u0111i s\u00e2u v\u00e0o cu\u1ed9c n\u00e0o m\u00e0 c\u00e1c b\u1ea1n ch\u1ec9 c\u1ea7n bi\u1ebft ph\u00e2n bi\u1ec7t \u0111\u01b0\u1ee3c th\u1ebf tr\u1eadn. T\u1eeb t\u1eeb c\u00e1c b\u1ea1n n\u1eafm \u0111\u01b0\u1ee3c nh\u1eefng di\u1ec5n bi\u1ebfn c\u1ee7a th\u1ebf tr\u1eadn th\u00f4ng qua qu\u00e1 tr\u00ecnh c\u1ecd x\u00e1t v\u00e0 thi \u0111\u1ea5u c\u0169ng nh\u01b0 ngu\u1ed3n t\u00e0i li\u1ec7u ph\u1ee5c v\u1ee5 cho th\u1ebf tr\u1eadn \u0111\u00f3.<\/p>\n<p>Ch\u00fang ta c\u0169ng c\u1ea7n n\u1eafm v\u1eefng m\u1ed9t nguy\u00ean t\u1eafc c\u1ed1t l\u00f5i trong khai cu\u1ed9c l\u00e0 XU\u1ea4T \u0110\u1ed8NG NHANH C\u00c1C QU\u00c2N CH\u1ee6 L\u1ef0C V\u00c0 C\u1ed0 G\u1eaeNG T\u1ea0O RA M\u1ed8T TR\u1eacN H\u00ccNH TH\u00d4NG THO\u00c1NG, khi g\u1eb7p m\u1ed9t cu\u1ed9c n\u00e0o ch\u00fang ta ch\u01b0a nghi\u00ean c\u1ee9u th\u00ec ch\u00fang ta ph\u1ea3i nh\u1edb \u0111\u1ebfn nguy\u00ean t\u1eafc tr\u00ean. Kh\u00f4ng d\u00f9ng m\u1ed9t qu\u00e2n \u0111i nhi\u1ec1u n\u01b0\u1edbc m\u00e0 qu\u00ean xu\u1ea5t \u0111\u1ed9ng c\u00e1c qu\u00e2n ch\u1ee7 l\u1ef1c. Kh\u00f4ng \u0111\u1ec3 cho c\u00e1c qu\u00e2n co c\u1ee5m l\u1ea1i v\u1edbi nhau. C\u1ed1 g\u1eafng d\u00e0n tr\u1ea3i qu\u00e2n \u0111\u1ec1u \u1edf 2 c\u00e1nh.<\/p>\n<p>D\u1ea7n d\u1ea7n, khi ch\u00fang ta \u0111\u00e3 quen v\u1edbi nhi\u1ec1u h\u00ecnh th\u1ebf khai cu\u1ed9c th\u00ec ch\u00fang b\u1eaft \u0111\u1ea7u chuy\u1ec3n sang giai \u0111o\u1ea1n n\u00e2ng cao. Ngh\u0129a l\u00e0. ch\u00fang ta \u0111i s\u00e2u v\u00e0o nh\u1eefng bi\u1ebfn m\u00e0 ch\u00fang ta th\u00edch. D\u00f9ng c\u00e1c c\u00f4ng c\u1ee5 b\u1ed5 tr\u1ee3 nh\u01b0 t\u00e0i li\u1ec7u, soft, c\u00e1c v\u00e1n \u0111\u1ea5u c\u1ee7a c\u00e1c cao th\u1ee7 . . . nh\u1eb1m m\u1ee5c \u0111\u00edch n\u1eafm v\u1eefng m\u1ed9t v\u00e0i ph\u01b0\u01a1ng \u00e1n trong khai cu\u1ed9c.<\/p>\n<p>Kh\u00e1i ni\u1ec7m b\u1ed1 c\u1ee5c phi \u0111ao xu\u1ea5t hi\u1ec7n khi ch\u00fang ta \u0111\u00e3 ch\u1eafc ch\u1eafn n\u1eafm \u0111\u01b0\u1ee3c m\u1ed9t ph\u01b0\u01a1ng \u00e1n n\u00e0o \u0111\u00f3 v\u00e0 ch\u00fang \u0111i m\u1ed9t n\u01b0\u1edbc c\u1edd kh\u00e1c th\u01b0\u1eddng l\u1ec7 (g\u1ecdi l\u00e0 \u0111\u00f2n phi \u0111ao) v\u00e0 v\u1edbi n\u01b0\u1edbc c\u1edd n\u00e0y, ch\u00fang ta ch\u1eafc ch\u1eafn r\u1eb1ng \u0111\u1ed1i th\u1ee7 s\u1ebd b\u1ecb b\u1ea5t ng\u1edd v\u00e0 \u0111\u1ec3 c\u00f3 \u0111\u01b0\u1ee3c \u0111\u00f2n phi \u0111ao \u0111\u00f2i h\u1ecfi ch\u00fang ta \u0111\u1ea7u t\u01b0 s\u00e2u nh\u1eb1m t\u00ecm ra nh\u1eefng c\u00e1i m\u1edbi.<\/p>\n\n  \n    <div class=\"row large-columns-3 medium-columns- small-columns-2\">\n          <div class=\"page-col col\" >\n          <div class=\"col-inner\" >\n          <a class=\"plain\" href=\"https:\/\/webmaibinh.com\/w\/art\/khoa-hoc\/hoc-danh-co\/co-tuong\/\" title=\"C\u1edd t\u01b0\u1edbng\" target=\"\">\n            <div class=\"page-box box has-hover box-overlay dark\">\n                  <div class=\"box-image\" >\n                      <div class=\"box-image image-zoom image-cover\" style=\"padding-top:75{4bc40fccf820538786a190491671b3e878468d2f00f9c0b0905e1da0db2ee815};\">\n                      <img width=\"259\" height=\"194\" src=\"https:\/\/webmaibinh.com\/w\/art\/wp-content\/uploads\/2017\/10\/images.jpg\" class=\"attachment-original size-original\" alt=\"\" loading=\"lazy\" \/>                      <\/div>\n                      <div class=\"overlay\" style=\"background-color: rgba(0, 0, 0, 0)\"><\/div>                                        <\/div>\n                  <div class=\"box-text text-center\" style=\"background-color:rgba(0, 0, 0, 0.52);\">\n                        <div class=\"box-text-inner\">\n                            <p>C\u1edd t\u01b0\u1edbng<\/p>\n                        <\/div>\n                  <\/div>\n              <\/div>\n            <\/a>\n            <\/div>\n          <\/div>\n                 <div class=\"page-col col\" >\n          <div class=\"col-inner\" >\n          <a class=\"plain\" href=\"https:\/\/webmaibinh.com\/w\/art\/khoa-hoc\/hoc-danh-co\/co-vay\/\" title=\"C\u1edd v\u00e2y\" target=\"\">\n            <div class=\"page-box box has-hover box-overlay dark\">\n                  <div class=\"box-image\" >\n                      <div class=\"box-image image-zoom image-cover\" style=\"padding-top:75{4bc40fccf820538786a190491671b3e878468d2f00f9c0b0905e1da0db2ee815};\">\n                      <img width=\"450\" height=\"270\" src=\"https:\/\/webmaibinh.com\/w\/art\/wp-content\/uploads\/2017\/10\/choi-co-vay.jpg\" class=\"attachment-original size-original\" alt=\"\" loading=\"lazy\" srcset=\"https:\/\/webmaibinh.com\/w\/art\/wp-content\/uploads\/2017\/10\/choi-co-vay.jpg 450w, https:\/\/webmaibinh.com\/w\/art\/wp-content\/uploads\/2017\/10\/choi-co-vay-300x180.jpg 300w\" sizes=\"(max-width: 450px) 100vw, 450px\" \/>                      <\/div>\n                      <div class=\"overlay\" style=\"background-color: rgba(0, 0, 0, 0)\"><\/div>                                        <\/div>\n                  <div class=\"box-text text-center\" style=\"background-color:rgba(0, 0, 0, 0.52);\">\n                        <div class=\"box-text-inner\">\n                            <p>C\u1edd v\u00e2y<\/p>\n                        <\/div>\n                  <\/div>\n              <\/div>\n            <\/a>\n            <\/div>\n          <\/div>\n                 <div class=\"page-col col\" >\n          <div class=\"col-inner\" >\n          <a class=\"plain\" href=\"https:\/\/webmaibinh.com\/w\/art\/khoa-hoc\/hoc-danh-co\/co-vua\/\" title=\"C\u1edd vua\" target=\"\">\n            <div class=\"page-box box has-hover box-overlay dark\">\n                  <div class=\"box-image\" >\n                      <div class=\"box-image image-zoom image-cover\" style=\"padding-top:75{4bc40fccf820538786a190491671b3e878468d2f00f9c0b0905e1da0db2ee815};\">\n                      <img width=\"440\" height=\"293\" src=\"https:\/\/webmaibinh.com\/w\/art\/wp-content\/uploads\/2017\/10\/covua.club-sailam.jpg\" class=\"attachment-original size-original\" alt=\"\" loading=\"lazy\" srcset=\"https:\/\/webmaibinh.com\/w\/art\/wp-content\/uploads\/2017\/10\/covua.club-sailam.jpg 440w, https:\/\/webmaibinh.com\/w\/art\/wp-content\/uploads\/2017\/10\/covua.club-sailam-300x200.jpg 300w\" sizes=\"(max-width: 440px) 100vw, 440px\" \/>                      <\/div>\n                      <div class=\"overlay\" style=\"background-color: rgba(0, 0, 0, 0)\"><\/div>                                        <\/div>\n                  <div class=\"box-text text-center\" style=\"background-color:rgba(0, 0, 0, 0.52);\">\n                        <div class=\"box-text-inner\">\n                            <p>C\u1edd vua<\/p>\n                        <\/div>\n                  <\/div>\n              <\/div>\n            <\/a>\n            <\/div>\n          <\/div>\n         <\/div>\n","protected":false},"excerpt":{"rendered":"<p>C\u1ea7n \u0111i t\u1eeb c\u00e1i c\u01a1 b\u1ea3n \u0111\u1ebfn n\u00e2ng cao. Ngh\u0129a l\u00e0, ch\u00fang ta c\u1ea7n l\u1ef1a ch\u1ecdn nh\u1eefng cu\u1ed9c \u0111i ti\u00ean v\u00e0 \u0111i h\u1eadu ch\u00fang ta th\u00edch r\u1ed3i ch\u00fang ta t\u00ecm c\u00e1c t\u00e0i li\u1ec7u nghi\u00ean c\u1ee9u tr\u1eadn \u0111\u00f3. V\u00ed d\u1ee5: \u0110i ti\u00ean ch\u1ecdn Ph\u00e1o \u0111\u1ea7u (trung ph\u00e1o) th\u00ec ch\u00fang ta c\u1ea7n nghi\u00ean c\u1ee9u nh\u1eefng th\u1ebf tr\u1eadn [&#8230;]\n","protected":false},"author":1,"featured_media":498,"parent":360,"menu_order":0,"comment_status":"closed","ping_status":"closed","template":"page-right-sidebar.php","meta":[],"_links":{"self":[{"href":"https:\/\/webmaibinh.com\/w\/art\/wp-json\/wp\/v2\/pages\/400"}],"collection":[{"href":"https:\/\/webmaibinh.com\/w\/art\/wp-json\/wp\/v2\/pages"}],"about":[{"href":"https:\/\/webmaibinh.com\/w\/art\/wp-json\/wp\/v2\/types\/page"}],"author":[{"embeddable":true,"href":"https:\/\/webmaibinh.com\/w\/art\/wp-json\/wp\/v2\/users\/1"}],"replies":[{"embeddable":true,"href":"https:\/\/webmaibinh.com\/w\/art\/wp-json\/wp\/v2\/comments?post=400"}],"version-history":[{"count":4,"href":"https:\/\/webmaibinh.com\/w\/art\/wp-json\/wp\/v2\/pages\/400\/revisions"}],"predecessor-version":[{"id":501,"href":"https:\/\/webmaibinh.com\/w\/art\/wp-json\/wp\/v2\/pages\/400\/revisions\/501"}],"up":[{"embeddable":true,"href":"https:\/\/webmaibinh.com\/w\/art\/wp-json\/wp\/v2\/pages\/360"}],"wp:featuredmedia":[{"embeddable":true,"href":"https:\/\/webmaibinh.com\/w\/art\/wp-json\/wp\/v2\/media\/498"}],"wp:attachment":[{"href":"https:\/\/webmaibinh.com\/w\/art\/wp-json\/wp\/v2\/media?parent=400"}],"curies":[{"name":"wp","href":"https:\/\/api.w.org\/{rel}","templated":true}]}}