{"id":394,"date":"2017-10-25T22:12:58","date_gmt":"2017-10-25T15:12:58","guid":{"rendered":"https:\/\/bizhostvn.com\/w\/art\/?page_id=394"},"modified":"2017-10-25T22:51:15","modified_gmt":"2017-10-25T15:51:15","slug":"nghe-thuat-hoi-hoa","status":"publish","type":"page","link":"https:\/\/webmaibinh.com\/w\/art\/khoa-hoc\/nghe-thuat-hoi-hoa\/","title":{"rendered":"Ngh\u1ec7 thu\u1eadt &#8211; h\u1ed9i h\u1ecda"},"content":{"rendered":"<p>H\u1ed9i h\u1ecda l\u00e0 m\u1ed9t ph\u1ea1m tr\u00f9 thu\u1ed9c ng\u00e0nh m\u1ef9 thu\u1eadt (b\u00ean c\u1ea1nh \u0111\u1ed3 h\u1ecda ngh\u1ec7 thu\u1eadt v\u00e0 \u0111i\u00eau kh\u1eafc). <strong>Hi\u1ec3u m\u1ed9t c\u00e1ch \u0111\u01a1n gi\u1ea3n, h\u1ed9i h\u1ecda l\u00e0 v\u1ebd tranh. \u0110\u00f3 l\u00e0\u00a0s\u1ef1 s\u1eafp x\u1ebfp (b\u1ed1 c\u1ee5c) c\u00e1c h\u00ecnh kh\u1ed1i, \u0111\u01b0\u1eddng n\u00e9t, m\u00e0u s\u1eafc, k\u1ebft c\u1ea5u vv&#8230;tr\u00ean b\u1ec1 m\u1eb7t hai chi\u1ec1u (gi\u1ea5y ho\u1eb7c v\u1ea3i) \u0111\u1ec3 t\u1ea1o ra m\u1ed9t h\u00ecnh \u1ea3nh mang t\u00ednh th\u1ea9m m\u1ef9 s\u1eed d\u1ee5ng c\u1ecd b\u00fat v\u00e0 m\u00e0u v\u1ebd. <\/strong>Ng\u01b0\u1eddi th\u1ef1c hi\u1ec7n c\u00f4ng vi\u1ec7c n\u00e0y l\u00e0 h\u1ecda s\u0129; m\u1ed9t t\u00e1c ph\u1ea9m h\u1ed9i h\u1ecda\/tranh v\u1ebd ch\u1ee7 y\u1ebfu b\u00e0y t\u1ecf \u00fd t\u01b0\u1edfng, c\u1ea3m x\u00fac, th\u1ecb y\u1ebfu v\u1ec1 c\u00e1i \u0111\u1eb9p d\u1ef1a tr\u00ean k\u0129 thu\u1eadt v\u1ebd tranh c\u1ee7a h\u1ecda s\u0129. Ba th\u1ec3 lo\u1ea1i h\u1ed9i h\u1ecda th\u01b0\u1eddng th\u1ea5y l\u00e0 ch\u00e2n dung, phong c\u1ea3nh v\u00e0 t\u0129nh v\u1eadt.<\/p>\n\n  \n    <div class=\"row large-columns-3 medium-columns- small-columns-2\">\n          <div class=\"page-col col\" >\n          <div class=\"col-inner\" >\n          <a class=\"plain\" href=\"https:\/\/webmaibinh.com\/w\/art\/khoa-hoc\/nghe-thuat-hoi-hoa\/thiet-ke-thoi-trang\/\" title=\"Thi\u1ebft k\u1ebf th\u1eddi trang\" target=\"\">\n            <div class=\"page-box box has-hover box-overlay dark\">\n                  <div class=\"box-image\" >\n                      <div class=\"box-image image-zoom image-cover\" style=\"padding-top:75{4bc40fccf820538786a190491671b3e878468d2f00f9c0b0905e1da0db2ee815};\">\n                      <img width=\"1024\" height=\"683\" src=\"https:\/\/webmaibinh.com\/w\/art\/wp-content\/uploads\/2017\/10\/ve-phac-thao-thoi-trang-4.jpg\" class=\"attachment-original size-original\" alt=\"\" loading=\"lazy\" srcset=\"https:\/\/webmaibinh.com\/w\/art\/wp-content\/uploads\/2017\/10\/ve-phac-thao-thoi-trang-4.jpg 1024w, https:\/\/webmaibinh.com\/w\/art\/wp-content\/uploads\/2017\/10\/ve-phac-thao-thoi-trang-4-300x200.jpg 300w, https:\/\/webmaibinh.com\/w\/art\/wp-content\/uploads\/2017\/10\/ve-phac-thao-thoi-trang-4-768x512.jpg 768w\" sizes=\"(max-width: 1024px) 100vw, 1024px\" \/>                      <\/div>\n                      <div class=\"overlay\" style=\"background-color: rgba(0, 0, 0, 0)\"><\/div>                                        <\/div>\n                  <div class=\"box-text text-center\" style=\"background-color:rgba(0, 0, 0, 0.49);\">\n                        <div class=\"box-text-inner\">\n                            <p>Thi\u1ebft k\u1ebf th\u1eddi trang<\/p>\n                        <\/div>\n                  <\/div>\n              <\/div>\n            <\/a>\n            <\/div>\n          <\/div>\n                 <div class=\"page-col col\" >\n          <div class=\"col-inner\" >\n          <a class=\"plain\" href=\"https:\/\/webmaibinh.com\/w\/art\/khoa-hoc\/nghe-thuat-hoi-hoa\/my-thuat-ung-dung\/\" title=\"M\u1ef9 thu\u1eadt \u1ee9ng d\u1ee5ng\" target=\"\">\n            <div class=\"page-box box has-hover box-overlay dark\">\n                  <div class=\"box-image\" >\n                      <div class=\"box-image image-zoom image-cover\" style=\"padding-top:75{4bc40fccf820538786a190491671b3e878468d2f00f9c0b0905e1da0db2ee815};\">\n                      <img width=\"700\" height=\"350\" src=\"https:\/\/webmaibinh.com\/w\/art\/wp-content\/uploads\/2017\/10\/t12.14.dung-1.jpg\" class=\"attachment-original size-original\" alt=\"\" loading=\"lazy\" srcset=\"https:\/\/webmaibinh.com\/w\/art\/wp-content\/uploads\/2017\/10\/t12.14.dung-1.jpg 700w, https:\/\/webmaibinh.com\/w\/art\/wp-content\/uploads\/2017\/10\/t12.14.dung-1-300x150.jpg 300w\" sizes=\"(max-width: 700px) 100vw, 700px\" \/>                      <\/div>\n                      <div class=\"overlay\" style=\"background-color: rgba(0, 0, 0, 0)\"><\/div>                                        <\/div>\n                  <div class=\"box-text text-center\" style=\"background-color:rgba(0, 0, 0, 0.49);\">\n                        <div class=\"box-text-inner\">\n                            <p>M\u1ef9 thu\u1eadt \u1ee9ng d\u1ee5ng<\/p>\n                        <\/div>\n                  <\/div>\n              <\/div>\n            <\/a>\n            <\/div>\n          <\/div>\n         <\/div>\n","protected":false},"excerpt":{"rendered":"<p>H\u1ed9i h\u1ecda l\u00e0 m\u1ed9t ph\u1ea1m tr\u00f9 thu\u1ed9c ng\u00e0nh m\u1ef9 thu\u1eadt (b\u00ean c\u1ea1nh \u0111\u1ed3 h\u1ecda ngh\u1ec7 thu\u1eadt v\u00e0 \u0111i\u00eau kh\u1eafc). Hi\u1ec3u m\u1ed9t c\u00e1ch \u0111\u01a1n gi\u1ea3n, h\u1ed9i h\u1ecda l\u00e0 v\u1ebd tranh. \u0110\u00f3 l\u00e0\u00a0s\u1ef1 s\u1eafp x\u1ebfp (b\u1ed1 c\u1ee5c) c\u00e1c h\u00ecnh kh\u1ed1i, \u0111\u01b0\u1eddng n\u00e9t, m\u00e0u s\u1eafc, k\u1ebft c\u1ea5u vv&#8230;tr\u00ean b\u1ec1 m\u1eb7t hai chi\u1ec1u (gi\u1ea5y ho\u1eb7c v\u1ea3i) \u0111\u1ec3 t\u1ea1o ra [&#8230;]\n","protected":false},"author":1,"featured_media":505,"parent":360,"menu_order":0,"comment_status":"closed","ping_status":"closed","template":"page-right-sidebar.php","meta":[],"_links":{"self":[{"href":"https:\/\/webmaibinh.com\/w\/art\/wp-json\/wp\/v2\/pages\/394"}],"collection":[{"href":"https:\/\/webmaibinh.com\/w\/art\/wp-json\/wp\/v2\/pages"}],"about":[{"href":"https:\/\/webmaibinh.com\/w\/art\/wp-json\/wp\/v2\/types\/page"}],"author":[{"embeddable":true,"href":"https:\/\/webmaibinh.com\/w\/art\/wp-json\/wp\/v2\/users\/1"}],"replies":[{"embeddable":true,"href":"https:\/\/webmaibinh.com\/w\/art\/wp-json\/wp\/v2\/comments?post=394"}],"version-history":[{"count":4,"href":"https:\/\/webmaibinh.com\/w\/art\/wp-json\/wp\/v2\/pages\/394\/revisions"}],"predecessor-version":[{"id":508,"href":"https:\/\/webmaibinh.com\/w\/art\/wp-json\/wp\/v2\/pages\/394\/revisions\/508"}],"up":[{"embeddable":true,"href":"https:\/\/webmaibinh.com\/w\/art\/wp-json\/wp\/v2\/pages\/360"}],"wp:featuredmedia":[{"embeddable":true,"href":"https:\/\/webmaibinh.com\/w\/art\/wp-json\/wp\/v2\/media\/505"}],"wp:attachment":[{"href":"https:\/\/webmaibinh.com\/w\/art\/wp-json\/wp\/v2\/media?parent=394"}],"curies":[{"name":"wp","href":"https:\/\/api.w.org\/{rel}","templated":true}]}}