{"id":390,"date":"2017-10-25T22:12:33","date_gmt":"2017-10-25T15:12:33","guid":{"rendered":"https:\/\/bizhostvn.com\/w\/art\/?page_id=390"},"modified":"2017-10-25T22:45:20","modified_gmt":"2017-10-25T15:45:20","slug":"mua-ballet","status":"publish","type":"page","link":"https:\/\/webmaibinh.com\/w\/art\/khoa-hoc\/dance-yoga\/mua-ballet\/","title":{"rendered":"M\u00faa Ballet"},"content":{"rendered":"<p>M\u1ecdi s\u1ef1 v\u1eadt, hi\u1ec7n t\u01b0\u1ee3ng \u0111\u1ec1u c\u00f3 ng\u00f4n ng\u1eef c\u1ee7a ri\u00eang m\u00ecnh v\u00e0 m\u00faa l\u00e0 ng\u00f4n ng\u1eef c\u1ee7a c\u01a1 th\u1ec3. Th\u00f4ng qua m\u00faa, con ng\u01b0\u1eddi mu\u1ed1n g\u1eedi g\u1eafm nh\u1eefng c\u1ea3m x\u00fac, t\u00e2m t\u01b0, t\u00ecnh c\u1ea3m c\u0169ng nh\u01b0 \u01b0\u1edbc m\u01a1 c\u1ee7a m\u00ecnh v\u1ec1 cu\u1ed9c s\u1ed1ng. Qua nh\u1eefng \u0111\u1ed9ng t\u00e1c m\u00faa, c\u01a1 th\u1ec3 con ng\u01b0\u1eddi \u0111\u01b0\u1ee3c gi\u1ea3i ph\u00f3ng, d\u1ebbo dai h\u01a1n, h\u01a1i th\u1edf \u0111\u01b0\u1ee3c gi\u1eef t\u1ed1t h\u01a1n v\u00e0 r\u1ea5t nhi\u1ec1u nh\u1eefng l\u1ee3i \u00edch kh\u00e1c m\u00e0 trong qu\u00e1 tr\u00ecnh luy\u1ec7n t\u1eadp con ng\u01b0\u1eddi d\u1ea7n d\u1ea7n kh\u00e1m ph\u00e1 ra.<\/p>\n","protected":false},"excerpt":{"rendered":"<p>M\u1ecdi s\u1ef1 v\u1eadt, hi\u1ec7n t\u01b0\u1ee3ng \u0111\u1ec1u c\u00f3 ng\u00f4n ng\u1eef c\u1ee7a ri\u00eang m\u00ecnh v\u00e0 m\u00faa l\u00e0 ng\u00f4n ng\u1eef c\u1ee7a c\u01a1 th\u1ec3. Th\u00f4ng qua m\u00faa, con ng\u01b0\u1eddi mu\u1ed1n g\u1eedi g\u1eafm nh\u1eefng c\u1ea3m x\u00fac, t\u00e2m t\u01b0, t\u00ecnh c\u1ea3m c\u0169ng nh\u01b0 \u01b0\u1edbc m\u01a1 c\u1ee7a m\u00ecnh v\u1ec1 cu\u1ed9c s\u1ed1ng. Qua nh\u1eefng \u0111\u1ed9ng t\u00e1c m\u00faa, c\u01a1 th\u1ec3 con ng\u01b0\u1eddi \u0111\u01b0\u1ee3c gi\u1ea3i [&#8230;]\n","protected":false},"author":1,"featured_media":494,"parent":386,"menu_order":0,"comment_status":"closed","ping_status":"closed","template":"page-right-sidebar.php","meta":[],"_links":{"self":[{"href":"https:\/\/webmaibinh.com\/w\/art\/wp-json\/wp\/v2\/pages\/390"}],"collection":[{"href":"https:\/\/webmaibinh.com\/w\/art\/wp-json\/wp\/v2\/pages"}],"about":[{"href":"https:\/\/webmaibinh.com\/w\/art\/wp-json\/wp\/v2\/types\/page"}],"author":[{"embeddable":true,"href":"https:\/\/webmaibinh.com\/w\/art\/wp-json\/wp\/v2\/users\/1"}],"replies":[{"embeddable":true,"href":"https:\/\/webmaibinh.com\/w\/art\/wp-json\/wp\/v2\/comments?post=390"}],"version-history":[{"count":2,"href":"https:\/\/webmaibinh.com\/w\/art\/wp-json\/wp\/v2\/pages\/390\/revisions"}],"predecessor-version":[{"id":495,"href":"https:\/\/webmaibinh.com\/w\/art\/wp-json\/wp\/v2\/pages\/390\/revisions\/495"}],"up":[{"embeddable":true,"href":"https:\/\/webmaibinh.com\/w\/art\/wp-json\/wp\/v2\/pages\/386"}],"wp:featuredmedia":[{"embeddable":true,"href":"https:\/\/webmaibinh.com\/w\/art\/wp-json\/wp\/v2\/media\/494"}],"wp:attachment":[{"href":"https:\/\/webmaibinh.com\/w\/art\/wp-json\/wp\/v2\/media?parent=390"}],"curies":[{"name":"wp","href":"https:\/\/api.w.org\/{rel}","templated":true}]}}