{"id":376,"date":"2017-10-25T22:11:16","date_gmt":"2017-10-25T15:11:16","guid":{"rendered":"https:\/\/bizhostvn.com\/w\/art\/?page_id=376"},"modified":"2017-10-25T22:37:37","modified_gmt":"2017-10-25T15:37:37","slug":"nhac-cu-truyen-thong","status":"publish","type":"page","link":"https:\/\/webmaibinh.com\/w\/art\/khoa-hoc\/nhac-cu-truyen-thong\/","title":{"rendered":"Nh\u1ea1c c\u1ee5 truy\u1ec1n th\u1ed1ng"},"content":{"rendered":"<p>Vi\u1ec7t Nam l\u00e0 n\u01b0\u1edbc c\u00f3 m\u1ed9t kho t\u00e0ng nh\u1ea1c c\u1ee5 c\u1ed5 truy\u1ec1n h\u1ebft s\u1ee9c phong ph\u00fa v\u00e0 \u0111a d\u1ea1ng. Kho t\u00e0ng \u1ea5y \u0111\u01b0\u1ee3c h\u00ecnh th\u00e0nh trong su\u1ed1t h\u00e0nh tr\u00ecnh cu\u1ed9c s\u1ed1ng v\u00e0 chi\u1ec1u d\u00e0i\u00a0l\u1ecbch s\u1eed d\u1ef1ng n\u01b0\u1edbc v\u00e0 gi\u1eef n\u01b0\u1edbc. C\u00f3 nh\u1eefng nh\u1ea1c c\u1ee5 \u0111\u01b0\u1ee3c s\u00e1ng t\u1ea1o t\u1ea1i ch\u1ed7 c\u00f3 t\u00ednh \u0111\u1eb7c tr\u01b0ng b\u1ea3n \u0111\u1ecba, c\u00f3 nh\u1eefng nh\u1ea1c c\u1ee5 \u0111\u01b0\u1ee3c du nh\u1eadp t\u1eeb nhi\u1ec1u \u0111\u01b0\u1eddng kh\u00e1c nhau nh\u01b0ng \u0111\u00e3 \u0111\u01b0\u1ee3c d\u00e2n t\u1ed9c h\u00f3a, b\u1ea3n \u0111\u1ecba h\u00f3a cho ph\u00f9 h\u1ee3p v\u1edbi nh\u1ea1c ng\u1eef, v\u1edbi th\u1ea9m m\u1ef9\u00a0\u00e2m nh\u1ea1c Vi\u1ec7t Nam. T\u1ed5ng c\u1ed9ng c\u00f3 \u0111\u1ebfn v\u00e0i tr\u01cem chi lo\u00e0i nh\u1ea1c c\u1ee5 kh\u00e1c nhau. D\u01b0\u1edbi \u0111\u00e2y l\u00e0 nh\u1eefng nh\u1ea1c c\u1ee5 ti\u00eau bi\u1ec3u nh\u1ea5t c\u1ee7a\u00a0ng\u01b0\u1eddi Vi\u1ec7t.<\/p>\n\n  \n    <div class=\"row large-columns-3 medium-columns- small-columns-2\">\n          <div class=\"page-col col\" >\n          <div class=\"col-inner\" >\n          <a class=\"plain\" href=\"https:\/\/webmaibinh.com\/w\/art\/khoa-hoc\/nhac-cu-truyen-thong\/hoc-dan-bau\/\" title=\"H\u1ecdc \u0111\u00e0n b\u1ea7u\" target=\"\">\n            <div class=\"page-box box has-hover box-overlay dark\">\n                  <div class=\"box-image\" >\n                      <div class=\"box-image image-zoom image-cover\" style=\"padding-top:70{4bc40fccf820538786a190491671b3e878468d2f00f9c0b0905e1da0db2ee815};\">\n                      <img width=\"640\" height=\"314\" src=\"https:\/\/webmaibinh.com\/w\/art\/wp-content\/uploads\/2017\/10\/dan-bau-4-1479181714344.jpg\" class=\"attachment-original size-original\" alt=\"\" loading=\"lazy\" srcset=\"https:\/\/webmaibinh.com\/w\/art\/wp-content\/uploads\/2017\/10\/dan-bau-4-1479181714344.jpg 640w, https:\/\/webmaibinh.com\/w\/art\/wp-content\/uploads\/2017\/10\/dan-bau-4-1479181714344-300x147.jpg 300w\" sizes=\"(max-width: 640px) 100vw, 640px\" \/>                      <\/div>\n                      <div class=\"overlay\" style=\"background-color: rgba(0,0,0,.3)\"><\/div>                                        <\/div>\n                  <div class=\"box-text text-center\" style=\"background-color:rgba(0, 0, 0, 0.53);\">\n                        <div class=\"box-text-inner\">\n                            <p>H\u1ecdc \u0111\u00e0n b\u1ea7u<\/p>\n                        <\/div>\n                  <\/div>\n              <\/div>\n            <\/a>\n            <\/div>\n          <\/div>\n                 <div class=\"page-col col\" >\n          <div class=\"col-inner\" >\n          <a class=\"plain\" href=\"https:\/\/webmaibinh.com\/w\/art\/khoa-hoc\/nhac-cu-truyen-thong\/hoc-dan-tranh\/\" title=\"H\u1ecdc \u0111\u00e0n tranh\" target=\"\">\n            <div class=\"page-box box has-hover box-overlay dark\">\n                  <div class=\"box-image\" >\n                      <div class=\"box-image image-zoom image-cover\" style=\"padding-top:70{4bc40fccf820538786a190491671b3e878468d2f00f9c0b0905e1da0db2ee815};\">\n                      <img width=\"480\" height=\"360\" src=\"https:\/\/webmaibinh.com\/w\/art\/wp-content\/uploads\/2017\/10\/hqdefault.jpg\" class=\"attachment-original size-original\" alt=\"\" loading=\"lazy\" srcset=\"https:\/\/webmaibinh.com\/w\/art\/wp-content\/uploads\/2017\/10\/hqdefault.jpg 480w, https:\/\/webmaibinh.com\/w\/art\/wp-content\/uploads\/2017\/10\/hqdefault-300x225.jpg 300w\" sizes=\"(max-width: 480px) 100vw, 480px\" \/>                      <\/div>\n                      <div class=\"overlay\" style=\"background-color: rgba(0,0,0,.3)\"><\/div>                                        <\/div>\n                  <div class=\"box-text text-center\" style=\"background-color:rgba(0, 0, 0, 0.53);\">\n                        <div class=\"box-text-inner\">\n                            <p>H\u1ecdc \u0111\u00e0n tranh<\/p>\n                        <\/div>\n                  <\/div>\n              <\/div>\n            <\/a>\n            <\/div>\n          <\/div>\n                 <div class=\"page-col col\" >\n          <div class=\"col-inner\" >\n          <a class=\"plain\" href=\"https:\/\/webmaibinh.com\/w\/art\/khoa-hoc\/nhac-cu-truyen-thong\/hoc-thoi-sao\/\" title=\"H\u1ecdc th\u1ed5i s\u00e1o\" target=\"\">\n            <div class=\"page-box box has-hover box-overlay dark\">\n                  <div class=\"box-image\" >\n                      <div class=\"box-image image-zoom image-cover\" style=\"padding-top:70{4bc40fccf820538786a190491671b3e878468d2f00f9c0b0905e1da0db2ee815};\">\n                      <img width=\"578\" height=\"398\" src=\"https:\/\/webmaibinh.com\/w\/art\/wp-content\/uploads\/2017\/10\/ky-thuat-tiep-hoi-tren-sao-truc.jpg\" class=\"attachment-original size-original\" alt=\"\" loading=\"lazy\" srcset=\"https:\/\/webmaibinh.com\/w\/art\/wp-content\/uploads\/2017\/10\/ky-thuat-tiep-hoi-tren-sao-truc.jpg 578w, https:\/\/webmaibinh.com\/w\/art\/wp-content\/uploads\/2017\/10\/ky-thuat-tiep-hoi-tren-sao-truc-300x207.jpg 300w\" sizes=\"(max-width: 578px) 100vw, 578px\" \/>                      <\/div>\n                      <div class=\"overlay\" style=\"background-color: rgba(0,0,0,.3)\"><\/div>                                        <\/div>\n                  <div class=\"box-text text-center\" style=\"background-color:rgba(0, 0, 0, 0.53);\">\n                        <div class=\"box-text-inner\">\n                            <p>H\u1ecdc th\u1ed5i s\u00e1o<\/p>\n                        <\/div>\n                  <\/div>\n              <\/div>\n            <\/a>\n            <\/div>\n          <\/div>\n                 <div class=\"page-col col\" >\n          <div class=\"col-inner\" >\n          <a class=\"plain\" href=\"https:\/\/webmaibinh.com\/w\/art\/khoa-hoc\/nhac-cu-truyen-thong\/hoc-dan-nhi\/\" title=\"H\u1ecdc \u0111\u00e0n nh\u1ecb\" target=\"\">\n            <div class=\"page-box box has-hover box-overlay dark\">\n                  <div class=\"box-image\" >\n                      <div class=\"box-image image-zoom image-cover\" style=\"padding-top:70{4bc40fccf820538786a190491671b3e878468d2f00f9c0b0905e1da0db2ee815};\">\n                      <img width=\"640\" height=\"360\" src=\"https:\/\/webmaibinh.com\/w\/art\/wp-content\/uploads\/2017\/10\/720x400-202bf3f8-7afc-4bd2-bdbd-413bc52f95c2-1460003663748-44-0-337-399-crop-1460003674759.jpg\" class=\"attachment-original size-original\" alt=\"\" loading=\"lazy\" srcset=\"https:\/\/webmaibinh.com\/w\/art\/wp-content\/uploads\/2017\/10\/720x400-202bf3f8-7afc-4bd2-bdbd-413bc52f95c2-1460003663748-44-0-337-399-crop-1460003674759.jpg 640w, https:\/\/webmaibinh.com\/w\/art\/wp-content\/uploads\/2017\/10\/720x400-202bf3f8-7afc-4bd2-bdbd-413bc52f95c2-1460003663748-44-0-337-399-crop-1460003674759-300x169.jpg 300w\" sizes=\"(max-width: 640px) 100vw, 640px\" \/>                      <\/div>\n                      <div class=\"overlay\" style=\"background-color: rgba(0,0,0,.3)\"><\/div>                                        <\/div>\n                  <div class=\"box-text text-center\" style=\"background-color:rgba(0, 0, 0, 0.53);\">\n                        <div class=\"box-text-inner\">\n                            <p>H\u1ecdc \u0111\u00e0n nh\u1ecb<\/p>\n                        <\/div>\n                  <\/div>\n              <\/div>\n            <\/a>\n            <\/div>\n          <\/div>\n         <\/div>\n","protected":false},"excerpt":{"rendered":"<p>Vi\u1ec7t Nam l\u00e0 n\u01b0\u1edbc c\u00f3 m\u1ed9t kho t\u00e0ng nh\u1ea1c c\u1ee5 c\u1ed5 truy\u1ec1n h\u1ebft s\u1ee9c phong ph\u00fa v\u00e0 \u0111a d\u1ea1ng. Kho t\u00e0ng \u1ea5y \u0111\u01b0\u1ee3c h\u00ecnh th\u00e0nh trong su\u1ed1t h\u00e0nh tr\u00ecnh cu\u1ed9c s\u1ed1ng v\u00e0 chi\u1ec1u d\u00e0i\u00a0l\u1ecbch s\u1eed d\u1ef1ng n\u01b0\u1edbc v\u00e0 gi\u1eef n\u01b0\u1edbc. C\u00f3 nh\u1eefng nh\u1ea1c c\u1ee5 \u0111\u01b0\u1ee3c s\u00e1ng t\u1ea1o t\u1ea1i ch\u1ed7 c\u00f3 t\u00ednh \u0111\u1eb7c tr\u01b0ng b\u1ea3n \u0111\u1ecba, [&#8230;]\n","protected":false},"author":1,"featured_media":0,"parent":360,"menu_order":0,"comment_status":"closed","ping_status":"closed","template":"page-right-sidebar.php","meta":[],"_links":{"self":[{"href":"https:\/\/webmaibinh.com\/w\/art\/wp-json\/wp\/v2\/pages\/376"}],"collection":[{"href":"https:\/\/webmaibinh.com\/w\/art\/wp-json\/wp\/v2\/pages"}],"about":[{"href":"https:\/\/webmaibinh.com\/w\/art\/wp-json\/wp\/v2\/types\/page"}],"author":[{"embeddable":true,"href":"https:\/\/webmaibinh.com\/w\/art\/wp-json\/wp\/v2\/users\/1"}],"replies":[{"embeddable":true,"href":"https:\/\/webmaibinh.com\/w\/art\/wp-json\/wp\/v2\/comments?post=376"}],"version-history":[{"count":4,"href":"https:\/\/webmaibinh.com\/w\/art\/wp-json\/wp\/v2\/pages\/376\/revisions"}],"predecessor-version":[{"id":478,"href":"https:\/\/webmaibinh.com\/w\/art\/wp-json\/wp\/v2\/pages\/376\/revisions\/478"}],"up":[{"embeddable":true,"href":"https:\/\/webmaibinh.com\/w\/art\/wp-json\/wp\/v2\/pages\/360"}],"wp:attachment":[{"href":"https:\/\/webmaibinh.com\/w\/art\/wp-json\/wp\/v2\/media?parent=376"}],"curies":[{"name":"wp","href":"https:\/\/api.w.org\/{rel}","templated":true}]}}