{"id":459,"date":"2017-08-19T00:26:57","date_gmt":"2017-08-18T17:26:57","guid":{"rendered":"https:\/\/bizhostvn.com\/w\/aomua\/?post_type=product&#038;p=459"},"modified":"2017-08-19T00:26:57","modified_gmt":"2017-08-18T17:26:57","slug":"o-gap-nguoc-tu-dong-cao-cap-cho-doanh-nhan","status":"publish","type":"product","link":"https:\/\/webmaibinh.com\/w\/aomua\/cua-hang\/o-gap-nguoc-tu-dong-cao-cap-cho-doanh-nhan\/","title":{"rendered":"\u00d4 g\u1ea5p ng\u01b0\u1ee3c t\u1ef1 \u0111\u1ed9ng cao c\u1ea5p cho doanh nh\u00e2n"},"content":{"rendered":"<h2><strong>\u00d4 G\u1ea4P NG\u01af\u1ee2C T\u1ef0 \u0110\u1ed8NG KH\u00d4NG HOA V\u0102N \u2013 PH\u1ee4 KI\u1ec6N TH\u1edcI TRANG NG\u00c0Y M\u01afA<\/strong><\/h2>\n<p>&nbsp;<\/p>\n<p><strong>B\u1ea1n kh\u00f4ng th\u00edch tr\u1eddi m\u01b0a b\u1edfi ra \u0111\u01b0\u1eddng b\u1ea1n s\u1ebd ph\u1ea3i kho\u00e1c l\u00ean m\u00ecnh chi\u1ebfc \u00e1o m\u01b0a thi\u1ebfu th\u1ea9m m\u0129. S\u1edf h\u1eefa <a href=\"http:\/\/odutudong.com\/\">\u00f4 \u0111i m\u01b0a<\/a>\u00a0g\u1ea5p ng\u01b0\u1ee3c kh\u00f4ng hoa v\u0103n ch\u1eafc ch\u1eafn b\u1ea1n s\u1ebd y\u00eau nh\u1eefng ng\u00e0y m\u01b0a h\u01a1n \u0111\u1ea5y.<\/strong><\/p>\n<p>&nbsp;<\/p>\n<p><strong><img src=\"http:\/\/odutudong.com\/images\/O-NU\/TD-Gap-nguoc\/o-gap-nguoc-tu-dong-001.jpg\" alt=\"o-gap-nguoc-tu-dong-001\" \/><\/strong><\/p>\n<p><em>\u00d4 g\u1ea5p ng\u01b0\u1ee3c t\u1ef1 \u0111\u1ed9ng c\u00f3 r\u1ea5t nhi\u1ec1u m\u00e0u s\u1eafc, ph\u00f9 h\u1ee3p v\u1edbi t\u1ea5t c\u1ea3 m\u1ecdi ng\u01b0\u1eddi s\u1eed d\u1ee5ng<\/em><\/p>\n<p>&nbsp;<\/p>\n<p>Lo\u1ea1i \u00f4 n\u00e0y kh\u00f4ng ch\u1ec9 gi\u00fap b\u1ea1n che m\u01b0a m\u00e0 n\u00f3 c\u00f2n l\u00e0 m\u00f3n ph\u1ee5 ki\u1ec7n th\u1eddi trang xinh \u0111\u1eb9p.<\/p>\n<p>Kh\u00f4ng h\u1ecda ti\u1ebft c\u1ea7u k\u00ec, ch\u1eb3ng hoa v\u0103n r\u1ef1c r\u1ee1. V\u1ebb \u0111\u1eb9p c\u1ee7a n\u00f3 n\u1eb1m \u1edf m\u00e0u s\u1eafc m\u00e0 n\u00f3 kho\u00e1c l\u00ean m\u00ecnh. \u00a0Kh\u00f4ng ch\u1ec9 1 m\u00e0u m\u00e0 c\u00f3 t\u1edbi 4 m\u00e0u cho b\u1ea1n tho\u1ea3i m\u00e1i l\u1ef1a ch\u1ecdn. Trong \u0111\u00f3 m\u1ed7i m\u00e0u to\u00e1t l\u00ean m\u1ed9t v\u1ebb \u0111\u1eb9p ri\u00eang.<\/p>\n<p>V\u1edbi m\u00e0u h\u1ed3ng ng\u1ecdt ng\u00e0o cho c\u00f4 n\u00e0ng nh\u1eb9 nh\u00e0ng, n\u1eef t\u00ednh. M\u00e0u t\u00edm th\u1ee7y chung ph\u00f9 h\u1ee3p v\u1edbi n\u00e0ng s\u1ed1ng n\u1ed9i t\u00e2m, \u01b0a tr\u1ea7m l\u1eafng. M\u00e0u xanh da tr\u1eddi tr\u1ebb trung cho c\u00f4 n\u00e0ng n\u0103ng \u0111\u1ed9ng, s\u00f4i n\u1ed5i. \u0110\u1eb7c bi\u1ec7t c\u00f2n c\u00f3 m\u00e0u xanh navy cho ch\u00e0ng trai l\u1ecbch l\u00e3m ho\u1eb7c c\u00f4 n\u00e0ng c\u00e1 t\u00ednh.<\/p>\n<p>&nbsp;<\/p>\n<p>&nbsp;<\/p>\n<p><img src=\"http:\/\/odutudong.com\/images\/O-NU\/TD-Gap-nguoc\/o-gap-nguoc-tu-dong-06.jpg\" alt=\"o-gap-nguoc-tu-dong-06\" \/><\/p>\n<p>&nbsp;<\/p>\n<div id=\"attachment_6251\" class=\"wp-caption aligncenter\"><em>\u00d4 g\u1ea5p ng\u01b0\u1ee3c t\u1ef1 \u0111\u1ed9ng m\u00e0u h\u1ed3ng<\/em><\/div>\n<div class=\"wp-caption aligncenter\"><\/div>\n<div class=\"wp-caption aligncenter\"><em><img src=\"http:\/\/odutudong.com\/images\/O-NU\/TD-Gap-nguoc\/o-gap-nguoc-tu-dong-08.jpg\" alt=\"o-gap-nguoc-tu-dong-08\" \/><\/em><\/div>\n<div id=\"attachment_6258\" class=\"wp-caption aligncenter\"><\/div>\n<div id=\"attachment_6253\" class=\"wp-caption aligncenter\"><em>\u00d4 g\u1ea5p ng\u01b0\u1ee3c t\u1ef1 \u0111\u1ed9ng m\u00e0u t\u00edm<\/em><\/div>\n<div id=\"attachment_6259\" class=\"wp-caption aligncenter\"><\/div>\n<div class=\"wp-caption aligncenter\"><\/div>\n<div class=\"wp-caption aligncenter\"><img src=\"http:\/\/odutudong.com\/images\/O-NU\/TD-Gap-nguoc\/o-gap-nguoc-tu-dong-07.jpg\" alt=\"o-gap-nguoc-tu-dong-07\" \/><\/div>\n<div id=\"attachment_6252\" class=\"wp-caption aligncenter\"><em>\u00d4 g\u1ea5p ng\u01b0\u1ee3c t\u1ef1 \u0111\u1ed9ng m\u00e0u xanh da tr\u1eddi<\/em><\/div>\n<div class=\"wp-caption aligncenter\"><\/div>\n<div class=\"wp-caption aligncenter\"><em><img src=\"http:\/\/odutudong.com\/images\/O-NU\/TD-Gap-nguoc\/o-gap-nguoc-tu-dong-09.jpg\" alt=\"o-gap-nguoc-tu-dong-09\" \/><\/em><\/div>\n<div class=\"wp-caption aligncenter\"><em>\u00d4 g\u1ea5p ng\u01b0\u1ee3c t\u1ef1 \u0111\u1ed9ng m\u00e0u xanh navy<\/em><\/div>\n<div class=\"wp-caption aligncenter\"><\/div>\n<div class=\"wp-caption aligncenter\"><em><img src=\"http:\/\/odutudong.com\/images\/O-NU\/TD-Gap-nguoc\/o-gap-nguoc-tu-dong-0016.jpg\" alt=\"o-gap-nguoc-tu-dong-0016\" \/><\/em><\/div>\n<div class=\"wp-caption aligncenter\"><em>\u00d4 g\u1ea5p ng\u01b0\u1ee3c t\u1ef1 \u0111\u1ed9ng m\u00e0u xanh navy<\/em><\/div>\n<div class=\"wp-caption aligncenter\"><\/div>\n<div class=\"wp-caption aligncenter\"><\/div>\n<div class=\"wp-caption aligncenter\"><\/div>\n<div class=\"wp-caption aligncenter\">\n<p>M\u1eabu \u00f4 n\u00e0y l\u00e0 l\u1ef1a ch\u1ecdn s\u1ed1 1 m\u1ed7i khi m\u01b0a xu\u1ed1ng b\u1edfi n\u00f3 c\u00f3 k\u1ebft c\u1ea5u v\u00f4 c\u00f9ng ch\u1eafc ch\u1eafn. V\u1edbi khung x\u01b0\u01a1ng h\u1ee3p kim nh\u00f4m g\u1ed3m 8 nan ph\u00e2n t\u00e1n \u0111\u1ec1u gi\u00fap \u00f4 ch\u1eafc ch\u1eafn, ch\u1ed1ng \u0111\u01b0\u1ee3c m\u01b0a gi\u00f3. \u0110\u1eb7c bi\u1ec7t c\u00f2n gi\u00fap vi\u1ec7c \u0111\u00f3ng m\u1edf nh\u1eb9 nh\u00e0ng, \u00eam \u00e1i h\u01a1n.<\/p>\n<p>Nhi\u1ec1u lo\u1ea1i \u00f4 khi g\u1eb7p gi\u00f3 l\u1edbn s\u1ebd d\u1ec5 b\u1ecb bung \u0111\u1ea7u ch\u1ee5p nan nh\u01b0ng m\u1eabu \u00f4 n\u00e0y th\u00ec kh\u00f4ng. B\u1edfi n\u00f3 \u0111\u01b0\u1ee3c thi\u1ebft k\u1ebf chuy\u00ean bi\u1ec7t v\u1edbi \u0111\u1ea7u ch\u1ee5p kim lo\u1ea1i v\u00f4 c\u00f9ng ch\u1eafc ch\u1eafn.<\/p>\n<p>Tay c\u1ea7m nh\u1ecf g\u1ecdn, ch\u1ed1ng tr\u01a1n c\u00f3 n\u00fat b\u1ea5m t\u1ef1 \u0111\u1ed9ng. B\u1ea1n c\u00f3 th\u1ec3 \u0111\u00f3ng m\u1edf \u00f4 nhanh ch\u00f3ng v\u00e0 c\u1ea7m \u00f4 trong th\u1eddi gian d\u00e0i kh\u00f4ng lo m\u1ecfi hay tr\u01a1n tr\u01b0\u1ee3t,<\/p>\n<p>Ngo\u00e0i ra, t\u00e1n \u00f4 r\u1ed9ng t\u1edbi 104cm c\u00f3 th\u1ec3 s\u1eed d\u1ee5ng cho 2 ng\u01b0\u1eddi. Chi\u1ec1u d\u00e0i khi m\u1edf kh\u00e1 cao (67cm) s\u1ebd kh\u00f4ng c\u1ea3n tr\u1edf t\u1ea7m nh\u00ecn c\u1ee7a b\u1ea1n.<\/p>\n<\/div>\n","protected":false},"excerpt":{"rendered":"<p>B\u1ea1n kh\u00f4ng th\u00edch tr\u1eddi m\u01b0a b\u1edfi ra \u0111\u01b0\u1eddng b\u1ea1n s\u1ebd ph\u1ea3i kho\u00e1c l\u00ean m\u00ecnh chi\u1ebfc \u00e1o m\u01b0a thi\u1ebfu th\u1ea9m m\u0129. S\u1edf h\u1eefa \u00f4 \u0111i m\u01b0a\u00a0g\u1ea5p ng\u01b0\u1ee3c kh\u00f4ng hoa v\u0103n ch\u1eafc ch\u1eafn b\u1ea1n s\u1ebd y\u00eau nh\u1eefng ng\u00e0y m\u01b0a h\u01a1n \u0111\u1ea5y.<\/p>\n","protected":false},"featured_media":461,"template":"","meta":[],"_links":{"self":[{"href":"https:\/\/webmaibinh.com\/w\/aomua\/wp-json\/wp\/v2\/product\/459"}],"collection":[{"href":"https:\/\/webmaibinh.com\/w\/aomua\/wp-json\/wp\/v2\/product"}],"about":[{"href":"https:\/\/webmaibinh.com\/w\/aomua\/wp-json\/wp\/v2\/types\/product"}],"wp:featuredmedia":[{"embeddable":true,"href":"https:\/\/webmaibinh.com\/w\/aomua\/wp-json\/wp\/v2\/media\/461"}],"wp:attachment":[{"href":"https:\/\/webmaibinh.com\/w\/aomua\/wp-json\/wp\/v2\/media?parent=459"}],"curies":[{"name":"wp","href":"https:\/\/api.w.org\/{rel}","templated":true}]}}