{"id":133,"date":"2018-01-17T02:02:51","date_gmt":"2018-01-17T02:02:51","guid":{"rendered":"http:\/\/amthuc.khowebseotop.vn\/?page_id=133"},"modified":"2018-02-27T04:14:58","modified_gmt":"2018-02-27T04:14:58","slug":"gioi-thieu","status":"publish","type":"page","link":"https:\/\/webmaibinh.com\/w\/amthuc2011\/gioi-thieu\/","title":{"rendered":"Gi\u1edbi thi\u1ec7u"},"content":{"rendered":"\t<section class=\"section\" id=\"section_403269835\">\n\t\t<div class=\"bg section-bg fill bg-fill  bg-loaded\" >\n\n\t\t\t\n\t\t\t\n\t\t\t\n\n\t\t<\/div>\n\n\t\t<div class=\"section-content relative\">\n\t\t\t\n<div class=\"row\"  id=\"row-1387239834\">\n\n\t<div id=\"col-929444804\" class=\"col small-12 large-12\"  >\n\t\t<div class=\"col-inner\"  >\n\t\t\t\n\t\t\t\n<p><strong>Nh\u00e0 H\u00e0ng FATBURGER K\u00ednh Ch\u00e0o Qu\u00fd Kh\u00e1ch<\/strong><\/p>\n<p>Tinh hoa \u1ea9m th\u1ef1c Vi\u1ec7t lu\u00f4n c\u00f3 s\u1ee9c h\u00fat k\u00ec l\u1ea1 kh\u00f4ng ch\u1ec9 v\u1edbi th\u1ef1c kh\u00e1ch trong n\u01b0\u1edbc m\u00e0 c\u00f2n c\u1ea3 c\u00e1c th\u1ef1c kh\u00e1ch ngo\u1ea1i qu\u1ed1c y\u00eau n\u00e9t \u0111\u1eb9p truy\u1ec1n th\u1ed1ng. C\u00e1c m\u00f3n \u0103n Vi\u1ec7t Nam lu\u00f4n mang h\u01b0\u01a1ng v\u1ecb \u0111\u1eb7c tr\u01b0ng cho t\u1eebng v\u00f9ng mi\u1ec1n.\u00a0<strong>Nh\u00e0 h\u00e0ng\u00a0FATBURGER <\/strong>t\u1ea1i H\u00e0 N\u1ed9i r\u1ea5t \u0111a d\u1ea1ng v\u00e0 phong ph\u00fa, tuy nhi\u00ean \u0111\u1ec3 t\u00ecm \u0111\u01b0\u1ee3c m\u1ed9t n\u01a1i \u201c\u0111\u00fang ch\u1ea5t\u201d th\u00ec kh\u00f4ng m\u1ea5y d\u1ec5 d\u00e0ng.<\/p>\n<p><strong>FATBURGER \u2013 Nh\u00e0 h\u00e0ng \u1ea9m th\u1ef1c Vi\u1ec7t t\u1ea1i H\u00e0 N\u1ed9i<\/strong><\/p>\n<p>Nh\u00e0 h\u00e0ng <strong>FATBURGER<\/strong> \u2013 N\u01a1i l\u01b0u gi\u1eef gi\u00e1 tr\u1ecb v\u00e0 v\u1ebb \u0111\u1eb9p c\u1ee7a \u1ea9m th\u1ef1c Vi\u1ec7t. Sen V\u00e0ng \u0111\u01b0\u1ee3c bi\u1ebft \u0111\u1ebfn l\u00e0 m\u1ed9t\u00a0<strong>nh\u00e0 h\u00e0ng \u1ea9m th\u1ef1c Vi\u1ec7t<\/strong>\u00a0\u0111\u1eb7c tr\u01b0ng gi\u1eefa H\u00e0 N\u1ed9i.<\/p>\n<p>T\u1eeb m\u00f3n \u0103n \u0111\u1ebfn l\u1ed1i ki\u1ebfn tr\u00fac \u0111\u1ec1u to\u00e1t l\u00ean v\u1ebb truy\u1ec1n th\u1ed1ng, m\u1ed9c m\u1ea1c v\u00e0 gi\u1ea3n d\u1ecb. \u1ea8m th\u1ef1c c\u1ee7a Sen V\u00e0ng \u0111a d\u1ea1ng, phong ph\u00fa t\u1eeb \u0111\u1eb7c s\u1ea3n, h\u1ea3i s\u1ea3n, \u0111\u1ebfn c\u00e1c m\u00f3n d\u00e2n gian truy\u1ec1n th\u1ed1ng. M\u1ed7i m\u00f3n \u0103n \u0111\u1ec1u mang h\u01b0\u01a1ng v\u1ecb \u0111\u1eb7c tr\u01b0ng ri\u00eang bi\u1ec7t r\u1ea5t \u201cVi\u1ec7t Nam\u201d.<\/p>\n<p>H\u01a1n th\u1ebf, \u1ea9m th\u1ef1c <strong>FATBURGER<\/strong> c\u00f2n k\u1ebf th\u1eeba \u0111\u01b0\u1ee3c nh\u1eefng gi\u00e1 tr\u1ecb truy\u1ec1n th\u1ed1ng c\u1ee7a n\u1ec1n \u1ea9m th\u1ef1c Vi\u1ec7t trong vi\u1ec7c kh\u00e9o l\u00e9o s\u1eed d\u1ee5ng c\u00e1c lo\u1ea1i gia v\u1ecb t\u1ea9m \u01b0\u1edbp, kh\u01a1i d\u1eady h\u01b0\u01a1ng v\u1ecb nguy\u00ean th\u1ee7y c\u1ee7a m\u00f3n \u0103n.<\/p>\n<p>Hi\u1ec3u \u0111\u01b0\u1ee3c s\u1ef1 tinh t\u00fay c\u1ee7a \u1ea9m th\u1ef1c Vi\u1ec7t kh\u00f4ng ai h\u1ebft ch\u00ednh l\u00e0 ng\u01b0\u1eddi Vi\u1ec7t. Ch\u00ednh v\u00ec th\u1ebf, d\u00e0n \u0111\u1ea7u b\u1ebfp c\u1ee7a nh\u00e0 h\u00e0ng l\u00e0 nh\u1eefng \u0111\u1ea7u b\u1ebfp Vi\u1ec7t t\u00e0i ba, v\u1edbi ki\u1ebfn th\u1ee9c s\u00e2u s\u1eafc v\u1ec1 n\u1ec1n \u1ea9m th\u1ef1c Vi\u1ec7t, l\u00e0m n\u00ean nh\u1eefng m\u00f3n \u0103n \u0111\u1eadm \u0111\u00e0 b\u1ea3n s\u1eafc Vi\u1ec7t Nam.<\/p>\n<p>\u0110\u1ebfn v\u1edbi\u00a0<strong>nh\u00e0 h\u00e0ng \u1ea9m th\u1ef1cFATBURGER<\/strong>, Qu\u00fd th\u1ef1c kh\u00e1ch s\u1ebd \u0111\u01b0\u1ee3c h\u00f2a m\u00ecnh tr\u1ea3i nghi\u1ec7m v\u00e0o kh\u00f4ng gian \u0111\u1ea7y ch\u1ea5t tinh hoa c\u1ee7a v\u0103n h\u00f3a \u1ea9m th\u1ef1c 3 mi\u1ec1n v\u1edbi b\u00e1nh n\u1eadm, b\u00e1nh b\u00e8o C\u1ed1 \u0110\u00f4, m\u1ed9c m\u1ea1c gi\u1ea3n d\u1ecb v\u1edbi g\u1ecfi cu\u1ed1n Nam B\u1ed9, tr\u1edf v\u1ec1 H\u00e0 N\u1ed9i v\u1edbi b\u00e1nh T\u00f4m H\u1ed3 T\u00e2y v\u00e0 c\u00f2n r\u1ea5t nhi\u1ec1u m\u00f3n \u0103n d\u00e2n gian \u0111\u1ed9c \u0111\u00e1o kh\u00e1c.<\/p>\n<p>L\u00ean r\u1eebng, xu\u1ed1ng bi\u1ec3n v\u1edbi c\u00e1c m\u00f3n \u0111\u1eb7c s\u1ea3n v\u00e0 h\u1ea3i s\u1ea3n \u0111\u1eadm ch\u1ea5t truy\u1ec1n th\u1ed1ng c\u1ee7a nh\u00e0 h\u00e0ng Sen V\u00e0ng. T\u1eeb ph\u01b0\u01a1ng th\u1ee9c ch\u1ebf bi\u1ebfn \u0111\u1ebfn c\u00e1ch b\u00e0i tr\u00ed m\u00f3n \u0103n, \u0111\u1ec1u ch\u1ee9a \u0111\u1ef1ng v\u1ebb m\u1ed9c m\u1ea1c, gi\u1ea3n d\u1ecb, \u0111\u1eadm \u0111\u00e0 b\u1ea3n s\u1eafc qu\u00ea h\u01b0\u01a1ng.<\/p>\n<p><strong>Tinh t\u00fay kh\u00f4ng gian \u1ea9m th\u1ef1c\u00a0FATBURGER <\/strong><\/p>\n<p>\u0110i\u1ec1u \u0111\u1eb7c bi\u1ec7t l\u00f4i cu\u1ed1n th\u1ef1c kh\u00e1ch \u0111\u1ebfn v\u1edbi\u00a0<strong>nh\u00e0 h\u00e0ng \u1ea9m th\u1ef1c\u00a0FATBURGER <\/strong>\u00a0\u0111\u00f3 l\u00e0 l\u1ed1i ki\u1ebfn tr\u00fac mang v\u1ebb \u0111\u1eb9p v\u0103n h\u00f3a Vi\u1ec7t, \u1ea5m c\u00fang, \u0111an xen gi\u1eefa ch\u1ea5t hi\u1ec7n \u0111\u1ea1i v\u00e0 truy\u1ec1n th\u1ed1ng, t\u1ea1o n\u00ean s\u1ef1 \u0111\u1ed9c \u0111\u00e1o v\u00e0 ph\u00e1 c\u00e1ch.<\/p>\n<p>Th\u1eadt tuy\u1ec7t v\u1eddi khi \u0111\u01b0\u1ee3c h\u00f2a m\u00ecnh v\u00e0o kh\u00f4ng gian \u0111\u1ea7y ch\u1ea5t ngh\u1ec7 thu\u1eadt v\u00e0 th\u01b0\u1edfng th\u1ee9c tinh hoa \u1ea9m th\u1ef1c Vi\u1ec7t t\u1ea1i Sen V\u00e0ng v\u00e0o m\u1ed9t bu\u1ed5i t\u1ed1i cu\u1ed1i tu\u1ea7n m\u00e1t m\u1ebb ph\u1ea3i kh\u00f4ng? H\u00e3y \u0111\u1ebfn v\u00e0 c\u1ea3m nh\u1eadn!<\/p>\n<p><strong>Nh\u00e0 H\u00e0ng Sen V\u00e0ng k\u00ednh ch\u00e0o qu\u00fd kh\u00e1ch\u00a0<\/strong><\/p>\n\t\t<\/div>\n\t\t\t<\/div>\n\n\t\n<\/div>\n\t\t<\/div>\n\n\t\t\n<style>\n#section_403269835 {\n  padding-top: 30px;\n  padding-bottom: 30px;\n  background-color: rgb(249, 245, 241);\n}\n<\/style>\n\t<\/section>\n\t\n","protected":false},"excerpt":{"rendered":"","protected":false},"author":1,"featured_media":0,"parent":0,"menu_order":0,"comment_status":"closed","ping_status":"closed","template":"page-blank.php","meta":[],"_links":{"self":[{"href":"https:\/\/webmaibinh.com\/w\/amthuc2011\/wp-json\/wp\/v2\/pages\/133"}],"collection":[{"href":"https:\/\/webmaibinh.com\/w\/amthuc2011\/wp-json\/wp\/v2\/pages"}],"about":[{"href":"https:\/\/webmaibinh.com\/w\/amthuc2011\/wp-json\/wp\/v2\/types\/page"}],"author":[{"embeddable":true,"href":"https:\/\/webmaibinh.com\/w\/amthuc2011\/wp-json\/wp\/v2\/users\/1"}],"replies":[{"embeddable":true,"href":"https:\/\/webmaibinh.com\/w\/amthuc2011\/wp-json\/wp\/v2\/comments?post=133"}],"version-history":[{"count":5,"href":"https:\/\/webmaibinh.com\/w\/amthuc2011\/wp-json\/wp\/v2\/pages\/133\/revisions"}],"predecessor-version":[{"id":230,"href":"https:\/\/webmaibinh.com\/w\/amthuc2011\/wp-json\/wp\/v2\/pages\/133\/revisions\/230"}],"wp:attachment":[{"href":"https:\/\/webmaibinh.com\/w\/amthuc2011\/wp-json\/wp\/v2\/media?parent=133"}],"curies":[{"name":"wp","href":"https:\/\/api.w.org\/{rel}","templated":true}]}}